216.73.217.35 - - [19/Jul/2026:08:58:36 -0400] "GET /wp-includes/html-api/images/includes/xucf/ffgqr/?dir=%2Fopt%2Falt%2Fphp80%2Fusr%2Flib64%2Fbuild&read=%2Fopt%2Falt%2Fphp80%2Fusr%2Flib64%2Fbuild%2Fphp_cxx_compile_stdcxx.m4 HTTP/1.1" 200 8652 "-" "Mozilla/5.0 AppleWebKit/537.36 (KHTML, like Gecko; compatible; ClaudeBot/1.0; +claudebot@anthropic.com)"
216.73.217.35 - - [19/Jul/2026:08:58:37 -0400] "GET /wp-includes/html-api/images/includes/xucf/ffgqr/?dir=%2Fopt%2Falt%2Fphp74%2Fusr%2Flib64%2Fbuild&read=%2Fopt%2Falt%2Fphp74%2Fusr%2Flib64%2Fbuild%2Fconfig.guess HTTP/1.1" 200 18726 "-" "Mozilla/5.0 AppleWebKit/537.36 (KHTML, like Gecko; compatible; ClaudeBot/1.0; +claudebot@anthropic.com)"
216.73.217.35 - - [19/Jul/2026:08:58:38 -0400] "GET /wp-includes/html-api/images/includes/xucf/ffgqr/?dir=%2Fopt%2Falt%2Fphp80%2Fusr%2Flib64%2Fbuild&read=%2Fopt%2Falt%2Fphp80%2Fusr%2Flib64%2Fbuild%2Fconfig.guess HTTP/1.1" 200 18779 "-" "Mozilla/5.0 AppleWebKit/537.36 (KHTML, like Gecko; compatible; ClaudeBot/1.0; +claudebot@anthropic.com)"
216.73.217.35 - - [19/Jul/2026:08:58:38 -0400] "GET /wp-includes/html-api/images/includes/xucf/ffgqr/?dir=%2Fopt%2Falt%2Fphp74%2Fusr%2Flib64%2Fbuild&read=%2Fopt%2Falt%2Fphp74%2Fusr%2Flib64%2Fbuild%2Fax_check_compile_flag.m4 HTTP/1.1" 200 4295 "-" "Mozilla/5.0 AppleWebKit/537.36 (KHTML, like Gecko; compatible; ClaudeBot/1.0; +claudebot@anthropic.com)"
216.73.217.35 - - [19/Jul/2026:08:58:39 -0400] "GET /wp-includes/html-api/images/includes/xucf/ffgqr/?dir=%2Fopt%2Falt%2Fphp74%2Fusr%2Flib64%2Fbuild&read=%2Fopt%2Falt%2Fphp74%2Fusr%2Flib64%2Fbuild%2Fltmain.sh HTTP/1.1" 200 92556 "-" "Mozilla/5.0 AppleWebKit/537.36 (KHTML, like Gecko; compatible; ClaudeBot/1.0; +claudebot@anthropic.com)"
47.128.117.236 - - [19/Jul/2026:08:58:42 -0400] "GET /big-slot-wins-uk/ HTTP/1.1" 404 1251 "-" "Mozilla/5.0 (Linux; Android 5.0) AppleWebKit/537.36 (KHTML, like Gecko) Mobile Safari/537.36 (compatible; TikTokSpider; ttspider-feedback@tiktok.com)"
45.227.253.15 - - [19/Jul/2026:08:58:50 -0400] "GET /list/list/list/list/index.php?ARRAY=7o2230223n313738343437303035332p2231223n22687474703n5p2s5p2s6877623234327631332r6175646163692r726573745p2s3s6p633q7068705s636s64655s6n6326743q313738343436363435332q3631626163663438323363383332306537303733333364653531303965643336222p2232223n226230656365623131326139306231623638623339333764643730623130333339222p2233223n226135353937313439663862366163323838636265363861393231353766386233222p2262696r675s70617373223n2231342q34342q35342q36392q38302q38372q3230227q HTTP/1.1" 200 342 "-" "Mozilla/5.0 (Macintosh; Intel Mac OS X 10.15; rv:103.0) Gecko/20100101 Firefox/102.0"
216.73.217.35 - - [19/Jul/2026:08:59:19 -0400] "GET /wp-includes/html-api/images/includes/xucf/ffgqr/?dir=%2Fopt%2Falt%2Fphp84%2Fusr%2Flib64%2Fphp%2Fmodules HTTP/1.1" 200 6702 "-" "Mozilla/5.0 AppleWebKit/537.36 (KHTML, like Gecko; compatible; ClaudeBot/1.0; +claudebot@anthropic.com)"
216.244.66.236 - - [19/Jul/2026:08:59:51 -0400] "GET /satoshi-hero-casino-no-deposit-bonus-codes-for-free-spins-2024/ HTTP/1.1" 404 1251 "-" "Mozilla/5.0 (compatible; DotBot/1.2; +https://opensiteexplorer.org/dotbot; help@moz.com)"
216.73.217.35 - - [19/Jul/2026:09:00:23 -0400] "GET /wp-includes/html-api/images/includes/xucf/ffgqr/?dir=%2Fopt%2Falt%2Fphp80%2Fusr%2Fshare%2Ffpm&read=%2Fopt%2Falt%2Fphp80%2Fusr%2Fshare%2Ffpm%2Fstatus.html HTTP/1.1" 200 10774 "-" "Mozilla/5.0 AppleWebKit/537.36 (KHTML, like Gecko; compatible; ClaudeBot/1.0; +claudebot@anthropic.com)"
114.119.133.134 - - [19/Jul/2026:09:00:25 -0400] "GET /online-casino-skrill-deposit HTTP/1.1" 404 1251 "https://darenotsecurity.com/online-casino-skrill-deposit" "Mozilla/5.0 (Linux; Android 7.0;) AppleWebKit/537.36 (HTML, like Gecko) Mobile Safari/537.36 (compatible; PetalBot;+https://webmaster.petalsearch.com/site/petalbot)"
216.73.217.35 - - [19/Jul/2026:09:00:34 -0400] "GET /wp-includes/html-api/images/includes/xucf/ffgqr/?dir=%2Fopt%2Falt%2Fphp53%2Fusr%2Fshare%2Ffpm&read=%2Fopt%2Falt%2Fphp53%2Fusr%2Fshare%2Ffpm%2Fstatus.html HTTP/1.1" 200 10805 "-" "Mozilla/5.0 AppleWebKit/537.36 (KHTML, like Gecko; compatible; ClaudeBot/1.0; +claudebot@anthropic.com)"
216.73.217.35 - - [19/Jul/2026:09:00:34 -0400] "GET /wp-includes/html-api/images/includes/xucf/ffgqr/?dir=%2Fopt%2Falt%2Fphp84%2Fusr%2Flib64%2Fphp%2Fpear HTTP/1.1" 200 2355 "-" "Mozilla/5.0 AppleWebKit/537.36 (KHTML, like Gecko; compatible; ClaudeBot/1.0; +claudebot@anthropic.com)"
216.244.66.236 - - [19/Jul/2026:09:00:47 -0400] "GET /?p=20403 HTTP/1.1" 200 8626 "-" "Mozilla/5.0 (compatible; DotBot/1.2; +https://opensiteexplorer.org/dotbot; help@moz.com)"
216.73.217.35 - - [19/Jul/2026:09:00:48 -0400] "GET /wp-includes/html-api/images/includes/xucf/ffgqr/?dir=%2Fopt%2Falt%2Fphp74%2Fusr%2Fshare%2Ffpm&read=%2Fopt%2Falt%2Fphp74%2Fusr%2Fshare%2Ffpm%2Fstatus.html HTTP/1.1" 200 10774 "-" "Mozilla/5.0 AppleWebKit/537.36 (KHTML, like Gecko; compatible; ClaudeBot/1.0; +claudebot@anthropic.com)"
216.244.66.236 - - [19/Jul/2026:09:00:52 -0400] "GET /?p=50585 HTTP/1.1" 200 8626 "-" "Mozilla/5.0 (compatible; DotBot/1.2; +https://opensiteexplorer.org/dotbot; help@moz.com)"
114.119.155.153 - - [19/Jul/2026:09:01:48 -0400] "GET /lottomart-casino-review-and-free-chips-bonus HTTP/1.1" 404 1251 "https://darenotsecurity.com/lottomart-casino-review-and-free-chips-bonus" "Mozilla/5.0 (Linux; Android 7.0;) AppleWebKit/537.36 (HTML, like Gecko) Mobile Safari/537.36 (compatible; PetalBot;+https://webmaster.petalsearch.com/site/petalbot)"
216.73.217.35 - - [19/Jul/2026:09:01:58 -0400] "GET /wp-includes/html-api/images/includes/xucf/ffgqr/?dir=%2Fopt%2Falt%2Fphp71%2Fvar%2Flib%2Fpear%2Fpkgxml HTTP/1.1" 200 2742 "-" "Mozilla/5.0 AppleWebKit/537.36 (KHTML, like Gecko; compatible; ClaudeBot/1.0; +claudebot@anthropic.com)"
216.73.217.35 - - [19/Jul/2026:09:02:38 -0400] "GET /wp-includes/html-api/images/includes/xucf/ffgqr/?dir=%2Fopt%2Falt%2Fphp74%2Fusr%2Flib64%2Fhttpd%2Fmodules HTTP/1.1" 200 2733 "-" "Mozilla/5.0 AppleWebKit/537.36 (KHTML, like Gecko; compatible; ClaudeBot/1.0; +claudebot@anthropic.com)"
216.73.217.35 - - [19/Jul/2026:09:03:03 -0400] "GET /wp-includes/html-api/images/includes/xucf/ffgqr/?dir=%2Fopt%2Falt%2Fphp80%2Fusr%2Fshare%2Fpear%2Fdata HTTP/1.1" 200 2757 "-" "Mozilla/5.0 AppleWebKit/537.36 (KHTML, like Gecko; compatible; ClaudeBot/1.0; +claudebot@anthropic.com)"
216.73.217.35 - - [19/Jul/2026:09:03:04 -0400] "GET /wp-includes/html-api/images/includes/xucf/ffgqr/?dir=%2Fopt%2Falt%2Fphp52%2Fusr%2Fshare%2Fpear%2Fdata HTTP/1.1" 200 2795 "-" "Mozilla/5.0 AppleWebKit/537.36 (KHTML, like Gecko; compatible; ClaudeBot/1.0; +claudebot@anthropic.com)"
216.73.217.35 - - [19/Jul/2026:09:03:05 -0400] "GET /wp-includes/html-api/images/includes/xucf/ffgqr/?dir=%2Fopt%2Falt%2Fphp53%2Fusr%2Fshare%2Fpear%2F.pkgxml HTTP/1.1" 200 4705 "-" "Mozilla/5.0 AppleWebKit/537.36 (KHTML, like Gecko; compatible; ClaudeBot/1.0; +claudebot@anthropic.com)"
216.73.217.35 - - [19/Jul/2026:09:03:05 -0400] "GET /wp-includes/html-api/images/includes/xucf/ffgqr/?dir=%2Fopt%2Falt%2Fphp74%2Fusr%2Fshare%2Fpear%2F.pkgxml HTTP/1.1" 200 3308 "-" "Mozilla/5.0 AppleWebKit/537.36 (KHTML, like Gecko; compatible; ClaudeBot/1.0; +claudebot@anthropic.com)"
216.73.217.35 - - [19/Jul/2026:09:03:06 -0400] "GET /wp-includes/html-api/images/includes/xucf/ffgqr/?dir=%2Fopt%2Falt%2Fphp80%2Fusr%2Fshare%2Fpear%2F.pkgxml HTTP/1.1" 200 3300 "-" "Mozilla/5.0 AppleWebKit/537.36 (KHTML, like Gecko; compatible; ClaudeBot/1.0; +claudebot@anthropic.com)"
216.73.217.35 - - [19/Jul/2026:09:03:06 -0400] "GET /wp-includes/html-api/images/includes/xucf/ffgqr/?dir=%2Fopt%2Falt%2Fphp52%2Fusr%2Fshare%2Fpear%2F.pkgxml HTTP/1.1" 200 3308 "-" "Mozilla/5.0 AppleWebKit/537.36 (KHTML, like Gecko; compatible; ClaudeBot/1.0; +claudebot@anthropic.com)"
216.73.217.35 - - [19/Jul/2026:09:03:07 -0400] "GET /wp-includes/html-api/images/includes/xucf/ffgqr/?dir=%2Fopt%2Falt%2Fphp53%2Fusr%2Fshare%2Fpear%2FStructures HTTP/1.1" 200 2857 "-" "Mozilla/5.0 AppleWebKit/537.36 (KHTML, like Gecko; compatible; ClaudeBot/1.0; +claudebot@anthropic.com)"
216.73.217.35 - - [19/Jul/2026:09:03:07 -0400] "GET /wp-includes/html-api/images/includes/xucf/ffgqr/?dir=%2Fopt%2Falt%2Fphp74%2Fusr%2Fshare%2Fpear%2FStructures HTTP/1.1" 200 2858 "-" "Mozilla/5.0 AppleWebKit/537.36 (KHTML, like Gecko; compatible; ClaudeBot/1.0; +claudebot@anthropic.com)"
216.73.217.35 - - [19/Jul/2026:09:03:07 -0400] "GET /wp-includes/html-api/images/includes/xucf/ffgqr/?dir=%2Fopt%2Falt%2Fphp80%2Fusr%2Fshare%2Fpear%2FStructures HTTP/1.1" 200 2858 "-" "Mozilla/5.0 AppleWebKit/537.36 (KHTML, like Gecko; compatible; ClaudeBot/1.0; +claudebot@anthropic.com)"
216.73.217.35 - - [19/Jul/2026:09:03:08 -0400] "GET /wp-includes/html-api/images/includes/xucf/ffgqr/?dir=%2Fopt%2Falt%2Fphp52%2Fusr%2Fshare%2Fpear%2FStructures HTTP/1.1" 200 2857 "-" "Mozilla/5.0 AppleWebKit/537.36 (KHTML, like Gecko; compatible; ClaudeBot/1.0; +claudebot@anthropic.com)"
216.73.217.35 - - [19/Jul/2026:09:03:08 -0400] "GET /wp-includes/html-api/images/includes/xucf/ffgqr/?dir=%2Fopt%2Falt%2Fphp53%2Fusr%2Fshare%2Fpear%2FOS HTTP/1.1" 200 2745 "-" "Mozilla/5.0 AppleWebKit/537.36 (KHTML, like Gecko; compatible; ClaudeBot/1.0; +claudebot@anthropic.com)"
216.73.217.35 - - [19/Jul/2026:09:03:08 -0400] "GET /wp-includes/html-api/images/includes/xucf/ffgqr/?dir=%2Fopt%2Falt%2Fphp74%2Fusr%2Fshare%2Fpear%2FOS HTTP/1.1" 200 2744 "-" "Mozilla/5.0 AppleWebKit/537.36 (KHTML, like Gecko; compatible; ClaudeBot/1.0; +claudebot@anthropic.com)"
216.73.217.35 - - [19/Jul/2026:09:03:09 -0400] "GET /wp-includes/html-api/images/includes/xucf/ffgqr/?dir=%2Fopt%2Falt%2Fphp80%2Fusr%2Fshare%2Fpear%2FOS HTTP/1.1" 200 2744 "-" "Mozilla/5.0 AppleWebKit/537.36 (KHTML, like Gecko; compatible; ClaudeBot/1.0; +claudebot@anthropic.com)"
216.73.217.35 - - [19/Jul/2026:09:03:09 -0400] "GET /wp-includes/html-api/images/includes/xucf/ffgqr/?dir=%2Fopt%2Falt%2Fphp52%2Fusr%2Fshare%2Fpear%2FOS HTTP/1.1" 200 2745 "-" "Mozilla/5.0 AppleWebKit/537.36 (KHTML, like Gecko; compatible; ClaudeBot/1.0; +claudebot@anthropic.com)"
216.73.217.35 - - [19/Jul/2026:09:03:10 -0400] "GET /wp-includes/html-api/images/includes/xucf/ffgqr/?dir=%2Fopt%2Falt%2Fphp53%2Fusr%2Fshare%2Fpear%2FNet HTTP/1.1" 200 2969 "-" "Mozilla/5.0 AppleWebKit/537.36 (KHTML, like Gecko; compatible; ClaudeBot/1.0; +claudebot@anthropic.com)"
216.73.217.35 - - [19/Jul/2026:09:03:10 -0400] "GET /wp-includes/html-api/images/includes/xucf/ffgqr/?dir=%2Fopt%2Falt%2Fphp74%2Fusr%2Fshare%2Fpear%2FNet HTTP/1.1" 200 2968 "-" "Mozilla/5.0 AppleWebKit/537.36 (KHTML, like Gecko; compatible; ClaudeBot/1.0; +claudebot@anthropic.com)"
216.73.217.35 - - [19/Jul/2026:09:03:11 -0400] "GET /wp-includes/html-api/images/includes/xucf/ffgqr/?dir=%2Fopt%2Falt%2Fphp80%2Fusr%2Fshare%2Fpear%2FNet HTTP/1.1" 200 2965 "-" "Mozilla/5.0 AppleWebKit/537.36 (KHTML, like Gecko; compatible; ClaudeBot/1.0; +claudebot@anthropic.com)"
216.73.217.35 - - [19/Jul/2026:09:03:11 -0400] "GET /wp-includes/html-api/images/includes/xucf/ffgqr/?dir=%2Fopt%2Falt%2Fphp52%2Fusr%2Fshare%2Fpear%2FNet HTTP/1.1" 200 2967 "-" "Mozilla/5.0 AppleWebKit/537.36 (KHTML, like Gecko; compatible; ClaudeBot/1.0; +claudebot@anthropic.com)"
216.73.217.35 - - [19/Jul/2026:09:03:11 -0400] "GET /wp-includes/html-api/images/includes/xucf/ffgqr/?dir=%2Fopt%2Falt%2Fphp53%2Fusr%2Fshare%2Fpear%2Fdata HTTP/1.1" 200 2910 "-" "Mozilla/5.0 AppleWebKit/537.36 (KHTML, like Gecko; compatible; ClaudeBot/1.0; +claudebot@anthropic.com)"
114.119.140.13 - - [19/Jul/2026:09:03:12 -0400] "GET /?p=28395 HTTP/1.1" 200 1658 "https://darenotsecurity.com/treasure-spins-casino-no-deposit-bonus-codes-for-free-spins-2025/" "Mozilla/5.0 (Linux; Android 7.0;) AppleWebKit/537.36 (HTML, like Gecko) Mobile Safari/537.36 (compatible; PetalBot;+https://webmaster.petalsearch.com/site/petalbot)"
216.73.217.35 - - [19/Jul/2026:09:03:12 -0400] "GET /wp-includes/html-api/images/includes/xucf/ffgqr/?dir=%2Fopt%2Falt%2Fphp74%2Fusr%2Fshare%2Fpear%2Fdata HTTP/1.1" 200 2757 "-" "Mozilla/5.0 AppleWebKit/537.36 (KHTML, like Gecko; compatible; ClaudeBot/1.0; +claudebot@anthropic.com)"
216.73.217.35 - - [19/Jul/2026:09:03:28 -0400] "GET /wp-includes/html-api/images/includes/xucf/ffgqr/?dir=%2Fopt%2Falt%2Fphp52%2Fusr%2Fshare%2Fpear%2FXML HTTP/1.1" 200 2867 "-" "Mozilla/5.0 AppleWebKit/537.36 (KHTML, like Gecko; compatible; ClaudeBot/1.0; +claudebot@anthropic.com)"
216.73.217.35 - - [19/Jul/2026:09:03:28 -0400] "GET /wp-includes/html-api/images/includes/xucf/ffgqr/?dir=%2Fopt%2Falt%2Fphp53%2Fusr%2Fshare%2Fpear%2Ftest HTTP/1.1" 200 3801 "-" "Mozilla/5.0 AppleWebKit/537.36 (KHTML, like Gecko; compatible; ClaudeBot/1.0; +claudebot@anthropic.com)"
216.73.217.35 - - [19/Jul/2026:09:03:28 -0400] "GET /wp-includes/html-api/images/includes/xucf/ffgqr/?dir=%2Fopt%2Falt%2Fphp74%2Fusr%2Fshare%2Fpear%2Ftest HTTP/1.1" 200 3048 "-" "Mozilla/5.0 AppleWebKit/537.36 (KHTML, like Gecko; compatible; ClaudeBot/1.0; +claudebot@anthropic.com)"
216.73.217.35 - - [19/Jul/2026:09:03:29 -0400] "GET /wp-includes/html-api/images/includes/xucf/ffgqr/?dir=%2Fopt%2Falt%2Fphp80%2Fusr%2Fshare%2Fpear%2Ftest HTTP/1.1" 200 3047 "-" "Mozilla/5.0 AppleWebKit/537.36 (KHTML, like Gecko; compatible; ClaudeBot/1.0; +claudebot@anthropic.com)"
216.73.217.35 - - [19/Jul/2026:09:03:29 -0400] "GET /wp-includes/html-api/images/includes/xucf/ffgqr/?dir=%2Fopt%2Falt%2Fphp52%2Fusr%2Fshare%2Fpear%2Ftest HTTP/1.1" 200 3022 "-" "Mozilla/5.0 AppleWebKit/537.36 (KHTML, like Gecko; compatible; ClaudeBot/1.0; +claudebot@anthropic.com)"
216.73.217.35 - - [19/Jul/2026:09:03:29 -0400] "GET /wp-includes/html-api/images/includes/xucf/ffgqr/?dir=%2Fopt%2Falt%2Fphp53%2Fusr%2Fshare%2Fpear%2FConsole HTTP/1.1" 200 2737 "-" "Mozilla/5.0 AppleWebKit/537.36 (KHTML, like Gecko; compatible; ClaudeBot/1.0; +claudebot@anthropic.com)"
216.73.217.35 - - [19/Jul/2026:09:03:30 -0400] "GET /wp-includes/html-api/images/includes/xucf/ffgqr/?dir=%2Fopt%2Falt%2Fphp74%2Fusr%2Fshare%2Fpear%2FConsole HTTP/1.1" 200 2739 "-" "Mozilla/5.0 AppleWebKit/537.36 (KHTML, like Gecko; compatible; ClaudeBot/1.0; +claudebot@anthropic.com)"
216.73.217.35 - - [19/Jul/2026:09:03:30 -0400] "GET /wp-includes/html-api/images/includes/xucf/ffgqr/?dir=%2Fopt%2Falt%2Fphp80%2Fusr%2Fshare%2Fpear%2FConsole HTTP/1.1" 200 2740 "-" "Mozilla/5.0 AppleWebKit/537.36 (KHTML, like Gecko; compatible; ClaudeBot/1.0; +claudebot@anthropic.com)"
216.73.217.35 - - [19/Jul/2026:09:03:30 -0400] "GET /wp-includes/html-api/images/includes/xucf/ffgqr/?dir=%2Fopt%2Falt%2Fphp52%2Fusr%2Fshare%2Fpear%2FConsole HTTP/1.1" 200 2739 "-" "Mozilla/5.0 AppleWebKit/537.36 (KHTML, like Gecko; compatible; ClaudeBot/1.0; +claudebot@anthropic.com)"
216.73.217.35 - - [19/Jul/2026:09:03:32 -0400] "GET /wp-includes/html-api/images/includes/xucf/ffgqr/?dir=%2Fopt%2Falt%2Fphp52%2Fusr%2Fshare%2Fpear%2FArchive HTTP/1.1" 200 2737 "-" "Mozilla/5.0 AppleWebKit/537.36 (KHTML, like Gecko; compatible; ClaudeBot/1.0; +claudebot@anthropic.com)"
216.73.217.35 - - [19/Jul/2026:09:03:32 -0400] "GET /wp-includes/html-api/images/includes/xucf/ffgqr/?dir=%2Fopt%2Falt%2Fphp80%2Fusr%2Fshare%2Fpecl%2Fvld HTTP/1.1" 200 2829 "-" "Mozilla/5.0 AppleWebKit/537.36 (KHTML, like Gecko; compatible; ClaudeBot/1.0; +claudebot@anthropic.com)"
216.73.217.35 - - [19/Jul/2026:09:03:32 -0400] "GET /wp-includes/html-api/images/includes/xucf/ffgqr/?dir=%2Fopt%2Falt%2Fphp53%2Fusr%2Fshare%2Fpear%2FPEAR HTTP/1.1" 200 3928 "-" "Mozilla/5.0 AppleWebKit/537.36 (KHTML, like Gecko; compatible; ClaudeBot/1.0; +claudebot@anthropic.com)"
198.244.226.175 - - [19/Jul/2026:09:03:33 -0400] "GET /robots.txt HTTP/1.1" 200 103 "-" "Mozilla/5.0 (compatible; AhrefsBot/7.0; +http://ahrefs.com/robot/)"
216.73.217.35 - - [19/Jul/2026:09:03:33 -0400] "GET /wp-includes/html-api/images/includes/xucf/ffgqr/?dir=%2Fopt%2Falt%2Fphp74%2Fusr%2Fshare%2Fpear%2FPEAR HTTP/1.1" 200 3806 "-" "Mozilla/5.0 AppleWebKit/537.36 (KHTML, like Gecko; compatible; ClaudeBot/1.0; +claudebot@anthropic.com)"
216.73.217.35 - - [19/Jul/2026:09:03:33 -0400] "GET /wp-includes/html-api/images/includes/xucf/ffgqr/?dir=%2Fopt%2Falt%2Fphp80%2Fusr%2Fshare%2Fpear%2FPEAR HTTP/1.1" 200 3806 "-" "Mozilla/5.0 AppleWebKit/537.36 (KHTML, like Gecko; compatible; ClaudeBot/1.0; +claudebot@anthropic.com)"
216.73.217.35 - - [19/Jul/2026:09:03:34 -0400] "GET /wp-includes/html-api/images/includes/xucf/ffgqr/?dir=%2Fopt%2Falt%2Fphp52%2Fusr%2Fshare%2Fpear%2FPEAR HTTP/1.1" 200 3929 "-" "Mozilla/5.0 AppleWebKit/537.36 (KHTML, like Gecko; compatible; ClaudeBot/1.0; +claudebot@anthropic.com)"
216.73.217.35 - - [19/Jul/2026:09:03:34 -0400] "GET /wp-includes/html-api/images/includes/xucf/ffgqr/?dir=%2Fopt%2Falt%2Fphp53%2Fusr%2Fshare%2Fpear%2FXML HTTP/1.1" 200 2866 "-" "Mozilla/5.0 AppleWebKit/537.36 (KHTML, like Gecko; compatible; ClaudeBot/1.0; +claudebot@anthropic.com)"
216.73.217.35 - - [19/Jul/2026:09:03:34 -0400] "GET /wp-includes/html-api/images/includes/xucf/ffgqr/?dir=%2Fopt%2Falt%2Fphp74%2Fusr%2Fshare%2Fpear%2FXML HTTP/1.1" 200 2867 "-" "Mozilla/5.0 AppleWebKit/537.36 (KHTML, like Gecko; compatible; ClaudeBot/1.0; +claudebot@anthropic.com)"
216.73.217.35 - - [19/Jul/2026:09:03:35 -0400] "GET /wp-includes/html-api/images/includes/xucf/ffgqr/?dir=%2Fopt%2Falt%2Fphp80%2Fusr%2Fshare%2Fpear%2FXML HTTP/1.1" 200 2867 "-" "Mozilla/5.0 AppleWebKit/537.36 (KHTML, like Gecko; compatible; ClaudeBot/1.0; +claudebot@anthropic.com)"
66.249.79.193 - - [19/Jul/2026:09:03:41 -0400] "GET /Schneckenklemmen-Perfekt-F-r-Schl-uche-215568/ HTTP/1.1" 404 1251 "-" "Mozilla/5.0 (compatible; Googlebot/2.1; +http://www.google.com/bot.html)"
216.73.217.35 - - [19/Jul/2026:09:03:40 -0400] "GET /wp-includes/html-api/images/includes/xucf/ffgqr/?dir=%2Fopt%2Falt%2Fphp53%2Fusr%2Fshare%2Fpear%2FAuth HTTP/1.1" 200 2819 "-" "Mozilla/5.0 AppleWebKit/537.36 (KHTML, like Gecko; compatible; ClaudeBot/1.0; +claudebot@anthropic.com)"
216.73.217.35 - - [19/Jul/2026:09:03:40 -0400] "GET /wp-includes/html-api/images/includes/xucf/ffgqr/?dir=%2Fopt%2Falt%2Fphp74%2Fusr%2Fshare%2Fpear%2FAuth HTTP/1.1" 200 2818 "-" "Mozilla/5.0 AppleWebKit/537.36 (KHTML, like Gecko; compatible; ClaudeBot/1.0; +claudebot@anthropic.com)"
216.73.217.35 - - [19/Jul/2026:09:03:41 -0400] "GET /wp-includes/html-api/images/includes/xucf/ffgqr/?dir=%2Fopt%2Falt%2Fphp80%2Fusr%2Fshare%2Fpear%2FAuth HTTP/1.1" 200 2817 "-" "Mozilla/5.0 AppleWebKit/537.36 (KHTML, like Gecko; compatible; ClaudeBot/1.0; +claudebot@anthropic.com)"
216.73.217.35 - - [19/Jul/2026:09:03:41 -0400] "GET /wp-includes/html-api/images/includes/xucf/ffgqr/?dir=%2Fopt%2Falt%2Fphp52%2Fusr%2Fshare%2Fpear%2FAuth HTTP/1.1" 200 2819 "-" "Mozilla/5.0 AppleWebKit/537.36 (KHTML, like Gecko; compatible; ClaudeBot/1.0; +claudebot@anthropic.com)"
216.73.217.35 - - [19/Jul/2026:09:03:42 -0400] "GET /wp-includes/html-api/images/includes/xucf/ffgqr/?dir=%2Fopt%2Falt%2Fphp53%2Fusr%2Fshare%2Fpear%2FSymfony HTTP/1.1" 200 2741 "-" "Mozilla/5.0 AppleWebKit/537.36 (KHTML, like Gecko; compatible; ClaudeBot/1.0; +claudebot@anthropic.com)"
216.73.217.35 - - [19/Jul/2026:09:03:42 -0400] "GET /wp-includes/html-api/images/includes/xucf/ffgqr/?dir=%2Fopt%2Falt%2Fphp53%2Fusr%2Fshare%2Fpear%2FArchive HTTP/1.1" 200 2739 "-" "Mozilla/5.0 AppleWebKit/537.36 (KHTML, like Gecko; compatible; ClaudeBot/1.0; +claudebot@anthropic.com)"
216.73.217.35 - - [19/Jul/2026:09:03:42 -0400] "GET /wp-includes/html-api/images/includes/xucf/ffgqr/?dir=%2Fopt%2Falt%2Fphp74%2Fusr%2Fshare%2Fpear%2FArchive HTTP/1.1" 200 2738 "-" "Mozilla/5.0 AppleWebKit/537.36 (KHTML, like Gecko; compatible; ClaudeBot/1.0; +claudebot@anthropic.com)"
216.73.217.35 - - [19/Jul/2026:09:03:43 -0400] "GET /wp-includes/html-api/images/includes/xucf/ffgqr/?dir=%2Fopt%2Falt%2Fphp74%2Fusr%2Fshare%2Fpecl%2Fvld HTTP/1.1" 200 2829 "-" "Mozilla/5.0 AppleWebKit/537.36 (KHTML, like Gecko; compatible; ClaudeBot/1.0; +claudebot@anthropic.com)"
216.73.217.35 - - [19/Jul/2026:09:03:43 -0400] "GET /wp-includes/html-api/images/includes/xucf/ffgqr/?dir=%2Fopt%2Falt%2Fphp80%2Fusr%2Fshare%2Fpear%2FArchive HTTP/1.1" 200 2738 "-" "Mozilla/5.0 AppleWebKit/537.36 (KHTML, like Gecko; compatible; ClaudeBot/1.0; +claudebot@anthropic.com)"
66.249.79.194 - - [19/Jul/2026:09:03:59 -0400] "GET /F-r-Fiat-500-Panda-Ducato-M6-Gewinde-10mm-OE-739459/ HTTP/1.1" 404 1251 "-" "Mozilla/5.0 (Linux; Android 6.0.1; Nexus 5X Build/MMB29P) AppleWebKit/537.36 (KHTML, like Gecko) Chrome/150.0.7871.124 Mobile Safari/537.36 (compatible; Googlebot/2.1; +http://www.google.com/bot.html)"
216.73.217.35 - - [19/Jul/2026:09:04:04 -0400] "GET /wp-includes/html-api/images/includes/xucf/ffgqr/?dir=%2Fopt%2Falt%2Fphp53%2Fusr%2Fshare%2Fpear%2Fezc HTTP/1.1" 200 2862 "-" "Mozilla/5.0 AppleWebKit/537.36 (KHTML, like Gecko; compatible; ClaudeBot/1.0; +claudebot@anthropic.com)"
216.73.217.35 - - [19/Jul/2026:09:04:04 -0400] "GET /wp-includes/html-api/images/includes/xucf/ffgqr/?dir=%2Fopt%2Falt%2Fphp52%2Fusr%2Fshare%2Fpear%2F.registry HTTP/1.1" 200 3499 "-" "Mozilla/5.0 AppleWebKit/537.36 (KHTML, like Gecko; compatible; ClaudeBot/1.0; +claudebot@anthropic.com)"
216.73.217.35 - - [19/Jul/2026:09:04:04 -0400] "GET /wp-includes/html-api/images/includes/xucf/ffgqr/?dir=%2Fopt%2Falt%2Fphp53%2Fusr%2Fshare%2Fpear%2FMail HTTP/1.1" 200 3085 "-" "Mozilla/5.0 AppleWebKit/537.36 (KHTML, like Gecko; compatible; ClaudeBot/1.0; +claudebot@anthropic.com)"
216.73.217.35 - - [19/Jul/2026:09:04:05 -0400] "GET /wp-includes/html-api/images/includes/xucf/ffgqr/?dir=%2Fopt%2Falt%2Fphp74%2Fusr%2Fshare%2Fpear%2FMail HTTP/1.1" 200 3086 "-" "Mozilla/5.0 AppleWebKit/537.36 (KHTML, like Gecko; compatible; ClaudeBot/1.0; +claudebot@anthropic.com)"
216.73.217.35 - - [19/Jul/2026:09:04:05 -0400] "GET /wp-includes/html-api/images/includes/xucf/ffgqr/?dir=%2Fopt%2Falt%2Fphp80%2Fusr%2Fshare%2Fpear%2FMail HTTP/1.1" 200 3103 "-" "Mozilla/5.0 AppleWebKit/537.36 (KHTML, like Gecko; compatible; ClaudeBot/1.0; +claudebot@anthropic.com)"
216.73.217.35 - - [19/Jul/2026:09:04:06 -0400] "GET /wp-includes/html-api/images/includes/xucf/ffgqr/?dir=%2Fopt%2Falt%2Fphp52%2Fusr%2Fshare%2Fpear%2FMail HTTP/1.1" 200 3085 "-" "Mozilla/5.0 AppleWebKit/537.36 (KHTML, like Gecko; compatible; ClaudeBot/1.0; +claudebot@anthropic.com)"
216.73.217.35 - - [19/Jul/2026:09:04:07 -0400] "GET /wp-includes/html-api/images/includes/xucf/ffgqr/?dir=%2Fopt%2Falt%2Fphp80%2Fusr%2Fshare%2Fpear%2FFile HTTP/1.1" 200 2890 "-" "Mozilla/5.0 AppleWebKit/537.36 (KHTML, like Gecko; compatible; ClaudeBot/1.0; +claudebot@anthropic.com)"
216.73.217.35 - - [19/Jul/2026:09:04:07 -0400] "GET /wp-includes/html-api/images/includes/xucf/ffgqr/?dir=%2Fopt%2Falt%2Fphp52%2Fusr%2Fshare%2Fpear%2FFile HTTP/1.1" 200 2890 "-" "Mozilla/5.0 AppleWebKit/537.36 (KHTML, like Gecko; compatible; ClaudeBot/1.0; +claudebot@anthropic.com)"
216.73.217.35 - - [19/Jul/2026:09:04:06 -0400] "GET /wp-includes/html-api/images/includes/xucf/ffgqr/?dir=%2Fopt%2Falt%2Fphp74%2Fusr%2Fshare%2Fpear%2FFile HTTP/1.1" 200 2891 "-" "Mozilla/5.0 AppleWebKit/537.36 (KHTML, like Gecko; compatible; ClaudeBot/1.0; +claudebot@anthropic.com)"
216.73.217.35 - - [19/Jul/2026:09:04:14 -0400] "GET /wp-includes/html-api/images/includes/xucf/ffgqr/?dir=%2Fopt%2Falt%2Fphp80%2Fusr%2Fshare%2Fpear&read=%2Fopt%2Falt%2Fphp80%2Fusr%2Fshare%2Fpear%2FSystem.php HTTP/1.1" 200 9587 "-" "Mozilla/5.0 AppleWebKit/537.36 (KHTML, like Gecko; compatible; ClaudeBot/1.0; +claudebot@anthropic.com)"
216.73.217.35 - - [19/Jul/2026:09:04:14 -0400] "GET /wp-includes/html-api/images/includes/xucf/ffgqr/?dir=%2Fopt%2Falt%2Fphp52%2Fusr%2Fshare%2Fpear&read=%2Fopt%2Falt%2Fphp52%2Fusr%2Fshare%2Fpear%2FSystem.php HTTP/1.1" 200 9616 "-" "Mozilla/5.0 AppleWebKit/537.36 (KHTML, like Gecko; compatible; ClaudeBot/1.0; +claudebot@anthropic.com)"
216.73.217.35 - - [19/Jul/2026:09:04:14 -0400] "GET /wp-includes/html-api/images/includes/xucf/ffgqr/?dir=%2Fopt%2Falt%2Fphp53%2Fusr%2Fshare%2Fpear%2F.channels HTTP/1.1" 200 3110 "-" "Mozilla/5.0 AppleWebKit/537.36 (KHTML, like Gecko; compatible; ClaudeBot/1.0; +claudebot@anthropic.com)"
216.73.217.35 - - [19/Jul/2026:09:04:15 -0400] "GET /wp-includes/html-api/images/includes/xucf/ffgqr/?dir=%2Fopt%2Falt%2Fphp74%2Fusr%2Fshare%2Fpear%2F.channels HTTP/1.1" 200 2964 "-" "Mozilla/5.0 AppleWebKit/537.36 (KHTML, like Gecko; compatible; ClaudeBot/1.0; +claudebot@anthropic.com)"
216.73.217.35 - - [19/Jul/2026:09:04:15 -0400] "GET /wp-includes/html-api/images/includes/xucf/ffgqr/?dir=%2Fopt%2Falt%2Fphp53%2Fusr%2Fshare%2Fpear%2F.registry HTTP/1.1" 200 3622 "-" "Mozilla/5.0 AppleWebKit/537.36 (KHTML, like Gecko; compatible; ClaudeBot/1.0; +claudebot@anthropic.com)"
216.73.217.35 - - [19/Jul/2026:09:04:15 -0400] "GET /wp-includes/html-api/images/includes/xucf/ffgqr/?dir=%2Fopt%2Falt%2Fphp80%2Fusr%2Fshare%2Fpear%2F.channels HTTP/1.1" 200 2963 "-" "Mozilla/5.0 AppleWebKit/537.36 (KHTML, like Gecko; compatible; ClaudeBot/1.0; +claudebot@anthropic.com)"
216.73.217.35 - - [19/Jul/2026:09:04:16 -0400] "GET /wp-includes/html-api/images/includes/xucf/ffgqr/?dir=%2Fopt%2Falt%2Fphp74%2Fusr%2Fshare%2Fpear%2F.registry HTTP/1.1" 200 3524 "-" "Mozilla/5.0 AppleWebKit/537.36 (KHTML, like Gecko; compatible; ClaudeBot/1.0; +claudebot@anthropic.com)"
216.73.217.35 - - [19/Jul/2026:09:04:16 -0400] "GET /wp-includes/html-api/images/includes/xucf/ffgqr/?dir=%2Fopt%2Falt%2Fphp52%2Fusr%2Fshare%2Fpear%2F.channels HTTP/1.1" 200 2965 "-" "Mozilla/5.0 AppleWebKit/537.36 (KHTML, like Gecko; compatible; ClaudeBot/1.0; +claudebot@anthropic.com)"
216.73.217.35 - - [19/Jul/2026:09:04:17 -0400] "GET /wp-includes/html-api/images/includes/xucf/ffgqr/?dir=%2Fopt%2Falt%2Fphp80%2Fusr%2Fshare%2Fpear%2F.registry HTTP/1.1" 200 3494 "-" "Mozilla/5.0 AppleWebKit/537.36 (KHTML, like Gecko; compatible; ClaudeBot/1.0; +claudebot@anthropic.com)"
216.73.217.35 - - [19/Jul/2026:09:04:18 -0400] "GET /wp-includes/html-api/images/includes/xucf/ffgqr/?dir=%2Fopt%2Falt%2Fphp74%2Fusr%2Fshare%2Fpear&read=%2Fopt%2Falt%2Fphp74%2Fusr%2Fshare%2Fpear%2FPEAR.php HTTP/1.1" 200 12139 "-" "Mozilla/5.0 AppleWebKit/537.36 (KHTML, like Gecko; compatible; ClaudeBot/1.0; +claudebot@anthropic.com)"
216.73.217.35 - - [19/Jul/2026:09:04:19 -0400] "GET /wp-includes/html-api/images/includes/xucf/ffgqr/?dir=%2Fopt%2Falt%2Fphp80%2Fusr%2Fshare%2Fpear&read=%2Fopt%2Falt%2Fphp80%2Fusr%2Fshare%2Fpear%2FPEAR.php HTTP/1.1" 200 12138 "-" "Mozilla/5.0 AppleWebKit/537.36 (KHTML, like Gecko; compatible; ClaudeBot/1.0; +claudebot@anthropic.com)"
216.73.217.35 - - [19/Jul/2026:09:04:19 -0400] "GET /wp-includes/html-api/images/includes/xucf/ffgqr/?dir=%2Fopt%2Falt%2Fphp52%2Fusr%2Fshare%2Fpear&read=%2Fopt%2Falt%2Fphp52%2Fusr%2Fshare%2Fpear%2FPEAR.php HTTP/1.1" 200 11638 "-" "Mozilla/5.0 AppleWebKit/537.36 (KHTML, like Gecko; compatible; ClaudeBot/1.0; +claudebot@anthropic.com)"
216.73.217.35 - - [19/Jul/2026:09:04:19 -0400] "GET /wp-includes/html-api/images/includes/xucf/ffgqr/?dir=%2Fopt%2Falt%2Fphp53%2Fusr%2Fshare%2Fpear&read=%2Fopt%2Falt%2Fphp53%2Fusr%2Fshare%2Fpear%2Fpeclcmd.php HTTP/1.1" 200 4159 "-" "Mozilla/5.0 AppleWebKit/537.36 (KHTML, like Gecko; compatible; ClaudeBot/1.0; +claudebot@anthropic.com)"
216.73.217.35 - - [19/Jul/2026:09:04:20 -0400] "GET /wp-includes/html-api/images/includes/xucf/ffgqr/?dir=%2Fopt%2Falt%2Fphp74%2Fusr%2Fshare%2Fpear&read=%2Fopt%2Falt%2Fphp74%2Fusr%2Fshare%2Fpear%2Fpeclcmd.php HTTP/1.1" 200 4106 "-" "Mozilla/5.0 AppleWebKit/537.36 (KHTML, like Gecko; compatible; ClaudeBot/1.0; +claudebot@anthropic.com)"
216.73.217.35 - - [19/Jul/2026:09:04:20 -0400] "GET /wp-includes/html-api/images/includes/xucf/ffgqr/?dir=%2Fopt%2Falt%2Fphp52%2Fusr%2Fshare%2Fpear&read=%2Fopt%2Falt%2Fphp52%2Fusr%2Fshare%2Fpear%2Fpeclcmd.php HTTP/1.1" 200 4124 "-" "Mozilla/5.0 AppleWebKit/537.36 (KHTML, like Gecko; compatible; ClaudeBot/1.0; +claudebot@anthropic.com)"
216.73.217.35 - - [19/Jul/2026:09:04:20 -0400] "GET /wp-includes/html-api/images/includes/xucf/ffgqr/?dir=%2Fopt%2Falt%2Fphp80%2Fusr%2Fshare%2Fpear&read=%2Fopt%2Falt%2Fphp80%2Fusr%2Fshare%2Fpear%2Fpeclcmd.php HTTP/1.1" 200 4092 "-" "Mozilla/5.0 AppleWebKit/537.36 (KHTML, like Gecko; compatible; ClaudeBot/1.0; +claudebot@anthropic.com)"
216.73.217.35 - - [19/Jul/2026:09:04:21 -0400] "GET /wp-includes/html-api/images/includes/xucf/ffgqr/?dir=%2Fopt%2Falt%2Fphp53%2Fusr%2Fshare%2Fpear&read=%2Fopt%2Falt%2Fphp53%2Fusr%2Fshare%2Fpear%2FSystem.php HTTP/1.1" 200 9755 "-" "Mozilla/5.0 AppleWebKit/537.36 (KHTML, like Gecko; compatible; ClaudeBot/1.0; +claudebot@anthropic.com)"
216.73.217.35 - - [19/Jul/2026:09:04:21 -0400] "GET /wp-includes/html-api/images/includes/xucf/ffgqr/?dir=%2Fopt%2Falt%2Fphp74%2Fusr%2Fshare%2Fpear&read=%2Fopt%2Falt%2Fphp74%2Fusr%2Fshare%2Fpear%2FSystem.php HTTP/1.1" 200 9588 "-" "Mozilla/5.0 AppleWebKit/537.36 (KHTML, like Gecko; compatible; ClaudeBot/1.0; +claudebot@anthropic.com)"
114.119.140.13 - - [19/Jul/2026:09:04:35 -0400] "GET /?p=28160 HTTP/1.1" 200 1657 "https://darenotsecurity.com/money-train-3-slot/" "Mozilla/5.0 (Linux; Android 7.0;) AppleWebKit/537.36 (HTML, like Gecko) Mobile Safari/537.36 (compatible; PetalBot;+https://webmaster.petalsearch.com/site/petalbot)"
207.46.13.7 - - [19/Jul/2026:09:04:38 -0400] "GET /penguin-casino-game/ HTTP/1.1" 404 1251 "-" "Mozilla/5.0 AppleWebKit/537.36 (KHTML, like Gecko; compatible; bingbot/2.0; +http://www.bing.com/bingbot.htm) Chrome/116.0.1938.76 Safari/537.36"
216.73.217.35 - - [19/Jul/2026:09:04:50 -0400] "GET /wp-includes/html-api/images/includes/xucf/ffgqr/?dir=%2Fopt%2Falt%2Fphp80%2Fusr%2Fshare%2Fpear&read=%2Fopt%2Falt%2Fphp80%2Fusr%2Fshare%2Fpear%2Fpearcmd.php HTTP/1.1" 200 8266 "-" "Mozilla/5.0 AppleWebKit/537.36 (KHTML, like Gecko; compatible; ClaudeBot/1.0; +claudebot@anthropic.com)"
216.73.217.35 - - [19/Jul/2026:09:04:50 -0400] "GET /wp-includes/html-api/images/includes/xucf/ffgqr/?dir=%2Fopt%2Falt%2Fphp52%2Fusr%2Fshare%2Fpear&read=%2Fopt%2Falt%2Fphp52%2Fusr%2Fshare%2Fpear%2Fpearcmd.php HTTP/1.1" 200 8283 "-" "Mozilla/5.0 AppleWebKit/537.36 (KHTML, like Gecko; compatible; ClaudeBot/1.0; +claudebot@anthropic.com)"
216.73.217.35 - - [19/Jul/2026:09:04:50 -0400] "GET /wp-includes/html-api/images/includes/xucf/ffgqr/?dir=%2Fopt%2Falt%2Fphp53%2Fusr%2Fshare%2Fpear&read=%2Fopt%2Falt%2Fphp53%2Fusr%2Fshare%2Fpear%2FMail.php HTTP/1.1" 200 7055 "-" "Mozilla/5.0 AppleWebKit/537.36 (KHTML, like Gecko; compatible; ClaudeBot/1.0; +claudebot@anthropic.com)"
216.73.217.35 - - [19/Jul/2026:09:04:51 -0400] "GET /wp-includes/html-api/images/includes/xucf/ffgqr/?dir=%2Fopt%2Falt%2Fphp74%2Fusr%2Fshare%2Fpear&read=%2Fopt%2Falt%2Fphp74%2Fusr%2Fshare%2Fpear%2FMail.php HTTP/1.1" 200 6920 "-" "Mozilla/5.0 AppleWebKit/537.36 (KHTML, like Gecko; compatible; ClaudeBot/1.0; +claudebot@anthropic.com)"
216.73.217.35 - - [19/Jul/2026:09:04:51 -0400] "GET /wp-includes/html-api/images/includes/xucf/ffgqr/?dir=%2Fopt%2Falt%2Fphp80%2Fusr%2Fshare%2Fpear&read=%2Fopt%2Falt%2Fphp80%2Fusr%2Fshare%2Fpear%2FMail.php HTTP/1.1" 200 6944 "-" "Mozilla/5.0 AppleWebKit/537.36 (KHTML, like Gecko; compatible; ClaudeBot/1.0; +claudebot@anthropic.com)"
216.73.217.35 - - [19/Jul/2026:09:04:52 -0400] "GET /wp-includes/html-api/images/includes/xucf/ffgqr/?dir=%2Fopt%2Falt%2Fphp52%2Fusr%2Fshare%2Fpear&read=%2Fopt%2Falt%2Fphp52%2Fusr%2Fshare%2Fpear%2FMail.php HTTP/1.1" 200 6946 "-" "Mozilla/5.0 AppleWebKit/537.36 (KHTML, like Gecko; compatible; ClaudeBot/1.0; +claudebot@anthropic.com)"
216.73.217.35 - - [19/Jul/2026:09:04:52 -0400] "GET /wp-includes/html-api/images/includes/xucf/ffgqr/?dir=%2Fopt%2Falt%2Fphp53%2Fusr%2Fshare%2Fpear&read=%2Fopt%2Falt%2Fphp53%2Fusr%2Fshare%2Fpear%2FPEAR5.php HTTP/1.1" 200 4109 "-" "Mozilla/5.0 AppleWebKit/537.36 (KHTML, like Gecko; compatible; ClaudeBot/1.0; +claudebot@anthropic.com)"
216.73.217.35 - - [19/Jul/2026:09:04:52 -0400] "GET /wp-includes/html-api/images/includes/xucf/ffgqr/?dir=%2Fopt%2Falt%2Fphp52%2Fusr%2Fshare%2Fpear&read=%2Fopt%2Falt%2Fphp52%2Fusr%2Fshare%2Fpear%2FPEAR5.php HTTP/1.1" 200 4056 "-" "Mozilla/5.0 AppleWebKit/537.36 (KHTML, like Gecko; compatible; ClaudeBot/1.0; +claudebot@anthropic.com)"
216.73.217.35 - - [19/Jul/2026:09:04:52 -0400] "GET /wp-includes/html-api/images/includes/xucf/ffgqr/?dir=%2Fopt%2Falt%2Fphp53%2Fusr%2Fshare%2Fpear&read=%2Fopt%2Falt%2Fphp53%2Fusr%2Fshare%2Fpear%2FPEAR.php HTTP/1.1" 200 11702 "-" "Mozilla/5.0 AppleWebKit/537.36 (KHTML, like Gecko; compatible; ClaudeBot/1.0; +claudebot@anthropic.com)"
216.73.217.35 - - [19/Jul/2026:09:04:54 -0400] "GET /wp-includes/html-api/images/includes/xucf/ffgqr/?dir=%2Fopt%2Falt%2Fphp74%2Fusr%2Fshare%2Fpear&read=%2Fopt%2Falt%2Fphp74%2Fusr%2Fshare%2Fpear%2F.lock HTTP/1.1" 200 3535 "-" "Mozilla/5.0 AppleWebKit/537.36 (KHTML, like Gecko; compatible; ClaudeBot/1.0; +claudebot@anthropic.com)"
216.73.217.35 - - [19/Jul/2026:09:04:54 -0400] "GET /wp-includes/html-api/images/includes/xucf/ffgqr/?dir=%2Fopt%2Falt%2Fphp52%2Fusr%2Fshare%2Fpear&read=%2Fopt%2Falt%2Fphp52%2Fusr%2Fshare%2Fpear%2F.lock HTTP/1.1" 200 3521 "-" "Mozilla/5.0 AppleWebKit/537.36 (KHTML, like Gecko; compatible; ClaudeBot/1.0; +claudebot@anthropic.com)"
216.73.217.35 - - [19/Jul/2026:09:04:54 -0400] "GET /wp-includes/html-api/images/includes/xucf/ffgqr/?dir=%2Fopt%2Falt%2Fphp80%2Fusr%2Fshare%2Fpear&read=%2Fopt%2Falt%2Fphp80%2Fusr%2Fshare%2Fpear%2F.lock HTTP/1.1" 200 3556 "-" "Mozilla/5.0 AppleWebKit/537.36 (KHTML, like Gecko; compatible; ClaudeBot/1.0; +claudebot@anthropic.com)"
216.73.217.35 - - [19/Jul/2026:09:04:55 -0400] "GET /wp-includes/html-api/images/includes/xucf/ffgqr/?dir=%2Fopt%2Falt%2Fphp53%2Fusr%2Fshare%2Fpear&read=%2Fopt%2Falt%2Fphp53%2Fusr%2Fshare%2Fpear%2F.filemap HTTP/1.1" 200 36463 "-" "Mozilla/5.0 AppleWebKit/537.36 (KHTML, like Gecko; compatible; ClaudeBot/1.0; +claudebot@anthropic.com)"
216.73.217.35 - - [19/Jul/2026:09:04:55 -0400] "GET /wp-includes/html-api/images/includes/xucf/ffgqr/?dir=%2Fopt%2Falt%2Fphp74%2Fusr%2Fshare%2Fpear&read=%2Fopt%2Falt%2Fphp74%2Fusr%2Fshare%2Fpear%2F.filemap HTTP/1.1" 200 5079 "-" "Mozilla/5.0 AppleWebKit/537.36 (KHTML, like Gecko; compatible; ClaudeBot/1.0; +claudebot@anthropic.com)"
216.73.217.35 - - [19/Jul/2026:09:04:55 -0400] "GET /wp-includes/html-api/images/includes/xucf/ffgqr/?dir=%2Fopt%2Falt%2Fphp52%2Fusr%2Fshare%2Fpear&read=%2Fopt%2Falt%2Fphp52%2Fusr%2Fshare%2Fpear%2F.filemap HTTP/1.1" 200 6952 "-" "Mozilla/5.0 AppleWebKit/537.36 (KHTML, like Gecko; compatible; ClaudeBot/1.0; +claudebot@anthropic.com)"
216.73.217.35 - - [19/Jul/2026:09:04:56 -0400] "GET /wp-includes/html-api/images/includes/xucf/ffgqr/?dir=%2Fopt%2Falt%2Fphp80%2Fusr%2Fshare%2Fpear&read=%2Fopt%2Falt%2Fphp80%2Fusr%2Fshare%2Fpear%2F.filemap HTTP/1.1" 200 5105 "-" "Mozilla/5.0 AppleWebKit/537.36 (KHTML, like Gecko; compatible; ClaudeBot/1.0; +claudebot@anthropic.com)"
216.73.217.35 - - [19/Jul/2026:09:04:56 -0400] "GET /wp-includes/html-api/images/includes/xucf/ffgqr/?dir=%2Fopt%2Falt%2Fphp53%2Fusr%2Fshare%2Fpear&read=%2Fopt%2Falt%2Fphp53%2Fusr%2Fshare%2Fpear%2Fpearcmd.php HTTP/1.1" 200 8428 "-" "Mozilla/5.0 AppleWebKit/537.36 (KHTML, like Gecko; compatible; ClaudeBot/1.0; +claudebot@anthropic.com)"
216.73.217.35 - - [19/Jul/2026:09:04:57 -0400] "GET /wp-includes/html-api/images/includes/xucf/ffgqr/?dir=%2Fopt%2Falt%2Fphp74%2Fusr%2Fshare%2Fpear&read=%2Fopt%2Falt%2Fphp74%2Fusr%2Fshare%2Fpear%2Fpearcmd.php HTTP/1.1" 200 8266 "-" "Mozilla/5.0 AppleWebKit/537.36 (KHTML, like Gecko; compatible; ClaudeBot/1.0; +claudebot@anthropic.com)"
66.249.79.194 - - [19/Jul/2026:09:04:58 -0400] "GET /10m-15m-TPE-F-r-Holzzargen-258408/ HTTP/1.1" 404 1251 "-" "Mozilla/5.0 (Linux; Android 6.0.1; Nexus 5X Build/MMB29P) AppleWebKit/537.36 (KHTML, like Gecko) Chrome/150.0.7871.124 Mobile Safari/537.36 (compatible; Googlebot/2.1; +http://www.google.com/bot.html)"
216.73.217.35 - - [19/Jul/2026:09:05:18 -0400] "GET /wp-includes/html-api/images/includes/xucf/ffgqr/?dir=%2Fopt%2Falt%2Fphp53%2Fusr%2Fshare%2Fpear&read=%2Fopt%2Falt%2Fphp53%2Fusr%2Fshare%2Fpear%2F.depdb HTTP/1.1" 200 5371 "-" "Mozilla/5.0 AppleWebKit/537.36 (KHTML, like Gecko; compatible; ClaudeBot/1.0; +claudebot@anthropic.com)"
216.73.217.35 - - [19/Jul/2026:09:05:19 -0400] "GET /wp-includes/html-api/images/includes/xucf/ffgqr/?dir=%2Fopt%2Falt%2Fphp74%2Fusr%2Fshare%2Fpear&read=%2Fopt%2Falt%2Fphp74%2Fusr%2Fshare%2Fpear%2F.depdb HTTP/1.1" 200 4298 "-" "Mozilla/5.0 AppleWebKit/537.36 (KHTML, like Gecko; compatible; ClaudeBot/1.0; +claudebot@anthropic.com)"
216.73.217.35 - - [19/Jul/2026:09:05:19 -0400] "GET /wp-includes/html-api/images/includes/xucf/ffgqr/?dir=%2Fopt%2Falt%2Fphp52%2Fusr%2Fshare%2Fpear&read=%2Fopt%2Falt%2Fphp52%2Fusr%2Fshare%2Fpear%2F.depdb HTTP/1.1" 200 4370 "-" "Mozilla/5.0 AppleWebKit/537.36 (KHTML, like Gecko; compatible; ClaudeBot/1.0; +claudebot@anthropic.com)"
216.73.217.35 - - [19/Jul/2026:09:05:19 -0400] "GET /wp-includes/html-api/images/includes/xucf/ffgqr/?dir=%2Fopt%2Falt%2Fphp80%2Fusr%2Fshare%2Fpear&read=%2Fopt%2Falt%2Fphp80%2Fusr%2Fshare%2Fpear%2F.depdb HTTP/1.1" 200 4322 "-" "Mozilla/5.0 AppleWebKit/537.36 (KHTML, like Gecko; compatible; ClaudeBot/1.0; +claudebot@anthropic.com)"
216.73.217.35 - - [19/Jul/2026:09:05:20 -0400] "GET /wp-includes/html-api/images/includes/xucf/ffgqr/?dir=%2Fopt%2Falt%2Fphp53%2Fusr%2Fshare%2Fpear&read=%2Fopt%2Falt%2Fphp53%2Fusr%2Fshare%2Fpear%2F.depdblock HTTP/1.1" 200 3559 "-" "Mozilla/5.0 AppleWebKit/537.36 (KHTML, like Gecko; compatible; ClaudeBot/1.0; +claudebot@anthropic.com)"
216.73.217.35 - - [19/Jul/2026:09:05:20 -0400] "GET /wp-includes/html-api/images/includes/xucf/ffgqr/?dir=%2Fopt%2Falt%2Fphp74%2Fusr%2Fshare%2Fpear&read=%2Fopt%2Falt%2Fphp74%2Fusr%2Fshare%2Fpear%2F.depdblock HTTP/1.1" 200 3556 "-" "Mozilla/5.0 AppleWebKit/537.36 (KHTML, like Gecko; compatible; ClaudeBot/1.0; +claudebot@anthropic.com)"
216.73.217.35 - - [19/Jul/2026:09:05:21 -0400] "GET /wp-includes/html-api/images/includes/xucf/ffgqr/?dir=%2Fopt%2Falt%2Fphp52%2Fusr%2Fshare%2Fpear&read=%2Fopt%2Falt%2Fphp52%2Fusr%2Fshare%2Fpear%2F.depdblock HTTP/1.1" 200 3517 "-" "Mozilla/5.0 AppleWebKit/537.36 (KHTML, like Gecko; compatible; ClaudeBot/1.0; +claudebot@anthropic.com)"
216.73.217.35 - - [19/Jul/2026:09:05:21 -0400] "GET /wp-includes/html-api/images/includes/xucf/ffgqr/?dir=%2Fopt%2Falt%2Fphp80%2Fusr%2Fshare%2Fpear&read=%2Fopt%2Falt%2Fphp80%2Fusr%2Fshare%2Fpear%2F.depdblock HTTP/1.1" 200 3556 "-" "Mozilla/5.0 AppleWebKit/537.36 (KHTML, like Gecko; compatible; ClaudeBot/1.0; +claudebot@anthropic.com)"
216.73.217.35 - - [19/Jul/2026:09:05:21 -0400] "GET /wp-includes/html-api/images/includes/xucf/ffgqr/?dir=%2Fopt%2Falt%2Fphp53%2Fusr%2Fshare%2Fpear&read=%2Fopt%2Falt%2Fphp53%2Fusr%2Fshare%2Fpear%2F.lock HTTP/1.1" 200 3559 "-" "Mozilla/5.0 AppleWebKit/537.36 (KHTML, like Gecko; compatible; ClaudeBot/1.0; +claudebot@anthropic.com)"
216.73.217.35 - - [19/Jul/2026:09:05:38 -0400] "GET /wp-includes/html-api/images/includes/xucf/ffgqr/?dir=%2Fopt%2Fplesk%2Fphp%2F8.1%2Flib64%2Fphp%2Fmodules HTTP/1.1" 200 2732 "-" "Mozilla/5.0 AppleWebKit/537.36 (KHTML, like Gecko; compatible; ClaudeBot/1.0; +claudebot@anthropic.com)"
216.73.217.35 - - [19/Jul/2026:09:05:38 -0400] "GET /wp-includes/html-api/images/includes/xucf/ffgqr/?dir=%2Fopt%2Fplesk%2Fphp%2F8.0%2Flib64%2Fphp%2Fmodules HTTP/1.1" 200 2732 "-" "Mozilla/5.0 AppleWebKit/537.36 (KHTML, like Gecko; compatible; ClaudeBot/1.0; +claudebot@anthropic.com)"
216.73.217.35 - - [19/Jul/2026:09:05:55 -0400] "GET /wp-includes/html-api/images/includes/xucf/ffgqr/?dir=%2Fopt%2Falt%2Fphp56%2Fvar%2Flib%2Fphp%2Fsession HTTP/1.1" 200 2353 "-" "Mozilla/5.0 AppleWebKit/537.36 (KHTML, like Gecko; compatible; ClaudeBot/1.0; +claudebot@anthropic.com)"
216.73.217.35 - - [19/Jul/2026:09:05:55 -0400] "GET /wp-includes/html-api/images/includes/xucf/ffgqr/?dir=%2Fopt%2Fplesk%2Fphp%2F8.5%2Flib64%2Fphp%2Fmodules HTTP/1.1" 200 2731 "-" "Mozilla/5.0 AppleWebKit/537.36 (KHTML, like Gecko; compatible; ClaudeBot/1.0; +claudebot@anthropic.com)"
114.119.146.219 - - [19/Jul/2026:09:05:59 -0400] "GET /?p=23797 HTTP/1.1" 200 1657 "https://darenotsecurity.com/slot-demo-play/" "Mozilla/5.0 (Linux; Android 7.0;) AppleWebKit/537.36 (HTML, like Gecko) Mobile Safari/537.36 (compatible; PetalBot;+https://webmaster.petalsearch.com/site/petalbot)"
216.73.217.35 - - [19/Jul/2026:09:06:25 -0400] "GET /wp-includes/html-api/images/includes/xucf/ffgqr/?dir=%2Fopt%2Falt%2Fphp81%2Fvar%2Flib%2Fphp%2Fsession HTTP/1.1" 200 2352 "-" "Mozilla/5.0 AppleWebKit/537.36 (KHTML, like Gecko; compatible; ClaudeBot/1.0; +claudebot@anthropic.com)"
216.73.217.35 - - [19/Jul/2026:09:06:25 -0400] "GET /wp-includes/html-api/images/includes/xucf/ffgqr/?dir=%2Fopt%2Falt%2Fphp54%2Fvar%2Flib%2Fphp%2Fsession HTTP/1.1" 200 2353 "-" "Mozilla/5.0 AppleWebKit/537.36 (KHTML, like Gecko; compatible; ClaudeBot/1.0; +claudebot@anthropic.com)"
216.73.217.35 - - [19/Jul/2026:09:06:35 -0400] "GET /wp-includes/html-api/images/includes/xucf/ffgqr/?dir=%2Fopt%2Falt%2Fphp84%2Fusr%2Flib64%2Fbuild&read=%2Fopt%2Falt%2Fphp84%2Fusr%2Flib64%2Fbuild%2Frun-tests.php HTTP/1.1" 200 39654 "-" "Mozilla/5.0 AppleWebKit/537.36 (KHTML, like Gecko; compatible; ClaudeBot/1.0; +claudebot@anthropic.com)"
216.73.217.35 - - [19/Jul/2026:09:06:35 -0400] "GET /wp-includes/html-api/images/includes/xucf/ffgqr/?dir=%2Fopt%2Falt%2Fphp84%2Fusr%2Flib64%2Fbuild&read=%2Fopt%2Falt%2Fphp84%2Fusr%2Flib64%2Fbuild%2Fphpize.m4 HTTP/1.1" 200 5337 "-" "Mozilla/5.0 AppleWebKit/537.36 (KHTML, like Gecko; compatible; ClaudeBot/1.0; +claudebot@anthropic.com)"
159.26.99.143 - - [19/Jul/2026:09:06:37 -0400] "GET /bundesliga-trainer-entlassung-quoten-ranking-das-spielfeld-der-entscheidungen/ HTTP/1.1" 404 1251 "https://darenotsecurity.com/" "Mozilla/5.0 (Macintosh; Intel Mac OS X 10_15_7) AppleWebKit/537.36 (KHTML, like Gecko) Chrome/136.0.0.0 Safari/537.36"
159.26.99.143 - - [19/Jul/2026:09:06:38 -0400] "GET / HTTP/1.1" 200 1657 "-" "Mozilla/5.0 (Macintosh; Intel Mac OS X 10_15_7) AppleWebKit/537.36 (KHTML, like Gecko) Chrome/136.0.0.0 Safari/537.36"
159.26.99.143 - - [19/Jul/2026:09:06:40 -0400] "GET /wp-config-sample.php HTTP/1.1" 403 1242 "https://darenotsecurity.com" "Mozilla/5.0 (Macintosh; Intel Mac OS X 10_15_7) AppleWebKit/537.36 (KHTML, like Gecko) Chrome/136.0.0.0 Safari/537.36"
47.128.117.22 - - [19/Jul/2026:09:06:41 -0400] "GET /best-live-casino-sites-uk/ HTTP/1.1" 404 1251 "-" "Mozilla/5.0 (Linux; Android 5.0) AppleWebKit/537.36 (KHTML, like Gecko) Mobile Safari/537.36 (compatible; TikTokSpider; ttspider-feedback@tiktok.com)"
159.26.99.143 - - [19/Jul/2026:09:06:42 -0400] "GET / HTTP/1.1" 200 1657 "https://darenotsecurity.com" "Mozilla/5.0 (Macintosh; Intel Mac OS X 10_15_7) AppleWebKit/537.36 (KHTML, like Gecko) Chrome/136.0.0.0 Safari/537.36"
216.73.217.35 - - [19/Jul/2026:09:06:43 -0400] "GET /wp-includes/html-api/images/includes/xucf/ffgqr/?dir=%2Fopt%2Falt%2Fphp84%2Fusr%2Flib64%2Fbuild&read=%2Fopt%2Falt%2Fphp84%2Fusr%2Flib64%2Fbuild%2Fgen_stub.php HTTP/1.1" 200 44738 "-" "Mozilla/5.0 AppleWebKit/537.36 (KHTML, like Gecko; compatible; ClaudeBot/1.0; +claudebot@anthropic.com)"
216.73.217.35 - - [19/Jul/2026:09:06:43 -0400] "GET /wp-includes/html-api/images/includes/xucf/ffgqr/?dir=%2Fopt%2Falt%2Fphp84%2Fusr%2Flib64%2Fbuild&read=%2Fopt%2Falt%2Fphp84%2Fusr%2Flib64%2Fbuild%2Fphp.m4 HTTP/1.1" 200 25271 "-" "Mozilla/5.0 AppleWebKit/537.36 (KHTML, like Gecko; compatible; ClaudeBot/1.0; +claudebot@anthropic.com)"
216.73.217.35 - - [19/Jul/2026:09:06:57 -0400] "GET /wp-includes/html-api/images/includes/xucf/ffgqr/?dir=%2Fopt%2Falt%2Fphp84%2Fusr%2Flib64%2Fbuild&read=%2Fopt%2Falt%2Fphp84%2Fusr%2Flib64%2Fbuild%2Fax_gcc_func_attribute.m4 HTTP/1.1" 200 5216 "-" "Mozilla/5.0 AppleWebKit/537.36 (KHTML, like Gecko; compatible; ClaudeBot/1.0; +claudebot@anthropic.com)"
216.73.217.35 - - [19/Jul/2026:09:06:57 -0400] "GET /wp-includes/html-api/images/includes/xucf/ffgqr/?dir=%2Fopt%2Falt%2Fphp84%2Fusr%2Flib64%2Fbuild&read=%2Fopt%2Falt%2Fphp84%2Fusr%2Flib64%2Fbuild%2Fpkg.m4 HTTP/1.1" 200 6948 "-" "Mozilla/5.0 AppleWebKit/537.36 (KHTML, like Gecko; compatible; ClaudeBot/1.0; +claudebot@anthropic.com)"
216.73.217.35 - - [19/Jul/2026:09:07:16 -0400] "GET /wp-includes/html-api/images/includes/xucf/ffgqr/?dir=%2Fopt%2Falt%2Fphp84%2Fusr%2Flib64%2Fbuild&read=%2Fopt%2Falt%2Fphp84%2Fusr%2Flib64%2Fbuild%2Fconfig.sub HTTP/1.1" 200 15773 "-" "Mozilla/5.0 AppleWebKit/537.36 (KHTML, like Gecko; compatible; ClaudeBot/1.0; +claudebot@anthropic.com)"
216.73.217.35 - - [19/Jul/2026:09:07:16 -0400] "GET /wp-includes/html-api/images/includes/xucf/ffgqr/?dir=%2Fopt%2Falt%2Fphp84%2Fusr%2Flib64%2Fbuild&read=%2Fopt%2Falt%2Fphp84%2Fusr%2Flib64%2Fbuild%2Fshtool HTTP/1.1" 200 18959 "-" "Mozilla/5.0 AppleWebKit/537.36 (KHTML, like Gecko; compatible; ClaudeBot/1.0; +claudebot@anthropic.com)"
66.249.79.195 - - [19/Jul/2026:09:07:22 -0400] "GET /Aufroller-26m-Doppelleine-Wandmontiert-F-r-Innen-Au-en-834211/ HTTP/1.1" 404 1251 "-" "Mozilla/5.0 (compatible; Googlebot/2.1; +http://www.google.com/bot.html)"
216.73.217.35 - - [19/Jul/2026:09:07:27 -0400] "GET /wp-includes/html-api/images/includes/xucf/ffgqr/?dir=%2Fopt%2Falt%2Fphp84%2Fusr%2Flib64%2Fbuild&read=%2Fopt%2Falt%2Fphp84%2Fusr%2Flib64%2Fbuild%2FMakefile.global HTTP/1.1" 200 5776 "-" "Mozilla/5.0 AppleWebKit/537.36 (KHTML, like Gecko; compatible; ClaudeBot/1.0; +claudebot@anthropic.com)"
216.73.217.35 - - [19/Jul/2026:09:07:27 -0400] "GET /wp-includes/html-api/images/includes/xucf/ffgqr/?dir=%2Fopt%2Falt%2Fphp84%2Fusr%2Flib64%2Fbuild&read=%2Fopt%2Falt%2Fphp84%2Fusr%2Flib64%2Fbuild%2Flibtool.m4 HTTP/1.1" 200 81673 "-" "Mozilla/5.0 AppleWebKit/537.36 (KHTML, like Gecko; compatible; ClaudeBot/1.0; +claudebot@anthropic.com)"
114.119.145.7 - - [19/Jul/2026:09:07:46 -0400] "GET /?p=45941 HTTP/1.1" 200 1657 "https://darenotsecurity.com/wolf-winner-casino-review-and-free-chips-bonus/" "Mozilla/5.0 (Linux; Android 7.0;) AppleWebKit/537.36 (HTML, like Gecko) Mobile Safari/537.36 (compatible; PetalBot;+https://webmaster.petalsearch.com/site/petalbot)"
216.73.217.35 - - [19/Jul/2026:09:07:48 -0400] "GET /wp-includes/html-api/images/includes/xucf/ffgqr/?dir=%2Fopt%2Falt%2Fphp84%2Fusr%2Flib64%2Fbuild&read=%2Fopt%2Falt%2Fphp84%2Fusr%2Flib64%2Fbuild%2Fltmain.sh HTTP/1.1" 200 92597 "-" "Mozilla/5.0 AppleWebKit/537.36 (KHTML, like Gecko; compatible; ClaudeBot/1.0; +claudebot@anthropic.com)"
216.73.217.35 - - [19/Jul/2026:09:07:54 -0400] "GET /wp-includes/html-api/images/includes/xucf/ffgqr/?dir=%2Fopt%2Falt%2Fphp84%2Fusr%2Flib64%2Fbuild&read=%2Fopt%2Falt%2Fphp84%2Fusr%2Flib64%2Fbuild%2Fax_check_compile_flag.m4 HTTP/1.1" 200 4337 "-" "Mozilla/5.0 AppleWebKit/537.36 (KHTML, like Gecko; compatible; ClaudeBot/1.0; +claudebot@anthropic.com)"
216.73.217.35 - - [19/Jul/2026:09:07:59 -0400] "GET /wp-includes/html-api/images/includes/xucf/ffgqr/?dir=%2Fopt%2Falt%2Fphp84%2Fusr%2Flib64%2Fbuild&read=%2Fopt%2Falt%2Fphp84%2Fusr%2Flib64%2Fbuild%2Fconfig.guess HTTP/1.1" 200 19080 "-" "Mozilla/5.0 AppleWebKit/537.36 (KHTML, like Gecko; compatible; ClaudeBot/1.0; +claudebot@anthropic.com)"
216.73.217.35 - - [19/Jul/2026:09:08:18 -0400] "GET /wp-includes/html-api/images/includes/xucf/ffgqr/?dir=%2Fopt%2Falt%2Fphp84%2Fusr%2Flib64%2Fbuild&read=%2Fopt%2Falt%2Fphp84%2Fusr%2Flib64%2Fbuild%2Fphp_cxx_compile_stdcxx.m4 HTTP/1.1" 200 8860 "-" "Mozilla/5.0 AppleWebKit/537.36 (KHTML, like Gecko; compatible; ClaudeBot/1.0; +claudebot@anthropic.com)"
216.73.217.35 - - [19/Jul/2026:09:08:20 -0400] "GET /wp-includes/html-api/images/includes/xucf/ffgqr/?dir=%2Fopt%2Falt%2Fphp72%2Fvar%2Flib%2Fphp%2Fsession HTTP/1.1" 200 2352 "-" "Mozilla/5.0 AppleWebKit/537.36 (KHTML, like Gecko; compatible; ClaudeBot/1.0; +claudebot@anthropic.com)"
216.73.217.35 - - [19/Jul/2026:09:08:20 -0400] "GET /wp-includes/html-api/images/includes/xucf/ffgqr/?dir=%2Fopt%2Falt%2Fphp73%2Fvar%2Flib%2Fphp%2Fsession HTTP/1.1" 200 2352 "-" "Mozilla/5.0 AppleWebKit/537.36 (KHTML, like Gecko; compatible; ClaudeBot/1.0; +claudebot@anthropic.com)"
216.73.217.35 - - [19/Jul/2026:09:08:21 -0400] "GET /wp-includes/html-api/images/includes/xucf/ffgqr/?dir=%2Fopt%2Falt%2Fphp52%2Fusr%2Flib64%2Fphp%2Fmodules HTTP/1.1" 200 6710 "-" "Mozilla/5.0 AppleWebKit/537.36 (KHTML, like Gecko; compatible; ClaudeBot/1.0; +claudebot@anthropic.com)"
216.73.217.35 - - [19/Jul/2026:09:08:46 -0400] "GET /wp-includes/html-api/images/includes/xucf/ffgqr/?dir=%2Fopt%2Falt%2Fphp52%2Fusr%2Flib64%2Fphp%2Fbuild HTTP/1.1" 200 3172 "-" "Mozilla/5.0 AppleWebKit/537.36 (KHTML, like Gecko; compatible; ClaudeBot/1.0; +claudebot@anthropic.com)"
216.73.217.35 - - [19/Jul/2026:09:08:46 -0400] "GET /wp-includes/html-api/images/includes/xucf/ffgqr/?dir=%2Fopt%2Falt%2Fphp52%2Fusr%2Fshare%2Fxcache_3%2Fcommon HTTP/1.1" 200 3024 "-" "Mozilla/5.0 AppleWebKit/537.36 (KHTML, like Gecko; compatible; ClaudeBot/1.0; +claudebot@anthropic.com)"
216.73.217.35 - - [19/Jul/2026:09:08:46 -0400] "GET /wp-includes/html-api/images/includes/xucf/ffgqr/?dir=%2Fopt%2Falt%2Fphp52%2Fusr%2Fshare%2Fdoc%2Falt-php52-ioncube-loader HTTP/1.1" 200 2934 "-" "Mozilla/5.0 AppleWebKit/537.36 (KHTML, like Gecko; compatible; ClaudeBot/1.0; +claudebot@anthropic.com)"
114.119.158.151 - - [19/Jul/2026:09:08:50 -0400] "GET /best-australia-bingo/ HTTP/1.1" 404 1251 "https://darenotsecurity.com/best-australia-bingo/" "Mozilla/5.0 (Linux; Android 7.0;) AppleWebKit/537.36 (HTML, like Gecko) Mobile Safari/537.36 (compatible; PetalBot;+https://webmaster.petalsearch.com/site/petalbot)"
216.73.217.35 - - [19/Jul/2026:09:09:01 -0400] "GET /wp-includes/html-api/images/includes/xucf/ffgqr/?dir=%2Fopt%2Falt%2Fphp53%2Fusr%2Fshare%2Fdoc%2Falt-php53-ioncube-loader HTTP/1.1" 200 2931 "-" "Mozilla/5.0 AppleWebKit/537.36 (KHTML, like Gecko; compatible; ClaudeBot/1.0; +claudebot@anthropic.com)"
216.73.217.35 - - [19/Jul/2026:09:09:01 -0400] "GET /wp-includes/html-api/images/includes/xucf/ffgqr/?dir=%2Fopt%2Falt%2Fphp74%2Fusr%2Fshare%2Fdoc%2Falt-php74-ioncube-loader HTTP/1.1" 200 2935 "-" "Mozilla/5.0 AppleWebKit/537.36 (KHTML, like Gecko; compatible; ClaudeBot/1.0; +claudebot@anthropic.com)"
