216.73.217.35 - - [19/Jul/2026:09:09:01 -0400] "GET /wp-includes/html-api/images/includes/xucf/ffgqr/?dir=%2Fopt%2Falt%2Fphp53%2Fusr%2Fshare%2Fxcache_3%2Fcommon HTTP/1.1" 200 3024 "-" "Mozilla/5.0 AppleWebKit/537.36 (KHTML, like Gecko; compatible; ClaudeBot/1.0; +claudebot@anthropic.com)"
216.73.217.35 - - [19/Jul/2026:09:09:10 -0400] "GET /wp-includes/html-api/images/includes/xucf/ffgqr/?dir=%2Fopt%2Falt%2Fphp52%2Fusr%2Flib64%2Fphp%2Fzend HTTP/1.1" 200 3037 "-" "Mozilla/5.0 AppleWebKit/537.36 (KHTML, like Gecko; compatible; ClaudeBot/1.0; +claudebot@anthropic.com)"
216.73.217.35 - - [19/Jul/2026:09:09:10 -0400] "GET /wp-includes/html-api/images/includes/xucf/ffgqr/?dir=%2Fopt%2Falt%2Fphp52%2Fusr%2Flib64%2Fphp%2Fpear HTTP/1.1" 200 2354 "-" "Mozilla/5.0 AppleWebKit/537.36 (KHTML, like Gecko; compatible; ClaudeBot/1.0; +claudebot@anthropic.com)"
216.73.217.35 - - [19/Jul/2026:09:09:10 -0400] "GET /wp-includes/html-api/images/includes/xucf/ffgqr/?dir=%2Fopt%2Falt%2Fphp73%2Fvar%2Flib%2Fpear%2Fpkgxml HTTP/1.1" 200 2742 "-" "Mozilla/5.0 AppleWebKit/537.36 (KHTML, like Gecko; compatible; ClaudeBot/1.0; +claudebot@anthropic.com)"
216.73.217.35 - - [19/Jul/2026:09:09:29 -0400] "GET /wp-includes/html-api/images/includes/xucf/ffgqr/?dir=%2Fopt%2Falt%2Fphp80%2Fusr%2Fshare%2Fdoc%2Fpear HTTP/1.1" 200 2972 "-" "Mozilla/5.0 AppleWebKit/537.36 (KHTML, like Gecko; compatible; ClaudeBot/1.0; +claudebot@anthropic.com)"
216.73.217.35 - - [19/Jul/2026:09:09:29 -0400] "GET /wp-includes/html-api/images/includes/xucf/ffgqr/?dir=%2Fopt%2Falt%2Fphp52%2Fusr%2Fshare%2Fdoc%2Fpear HTTP/1.1" 200 2971 "-" "Mozilla/5.0 AppleWebKit/537.36 (KHTML, like Gecko; compatible; ClaudeBot/1.0; +claudebot@anthropic.com)"
216.73.217.35 - - [19/Jul/2026:09:09:29 -0400] "GET /wp-includes/html-api/images/includes/xucf/ffgqr/?dir=%2Fopt%2Falt%2Fphp72%2Fvar%2Flib%2Fpear%2Fpkgxml HTTP/1.1" 200 2744 "-" "Mozilla/5.0 AppleWebKit/537.36 (KHTML, like Gecko; compatible; ClaudeBot/1.0; +claudebot@anthropic.com)"
112.86.225.63 - - [19/Jul/2026:09:09:56 -0400] "GET /?p=5271 HTTP/1.1" 200 1938 "-" "Sogou web spider/4.0(+http://www.sogou.com/docs/help/webmasters.htm#07)"
216.73.217.35 - - [19/Jul/2026:09:09:57 -0400] "GET /wp-includes/html-api/images/includes/xucf/ffgqr/?dir=%2Fopt%2Falt%2Fphp53%2Fusr%2Fshare%2Fdoc%2Fpear HTTP/1.1" 200 3868 "-" "Mozilla/5.0 AppleWebKit/537.36 (KHTML, like Gecko; compatible; ClaudeBot/1.0; +claudebot@anthropic.com)"
216.73.217.35 - - [19/Jul/2026:09:09:57 -0400] "GET /wp-includes/html-api/images/includes/xucf/ffgqr/?dir=%2Fopt%2Falt%2Fphp74%2Fusr%2Fshare%2Fdoc%2Fpear HTTP/1.1" 200 2972 "-" "Mozilla/5.0 AppleWebKit/537.36 (KHTML, like Gecko; compatible; ClaudeBot/1.0; +claudebot@anthropic.com)"
114.119.133.134 - - [19/Jul/2026:09:10:10 -0400] "GET /stugan-casino-bonus-codes-2024/ HTTP/1.1" 404 1251 "https://darenotsecurity.com/stugan-casino-bonus-codes-2024/" "Mozilla/5.0 (Linux; Android 7.0;) AppleWebKit/537.36 (HTML, like Gecko) Mobile Safari/537.36 (compatible; PetalBot;+https://webmaster.petalsearch.com/site/petalbot)"
216.73.217.35 - - [19/Jul/2026:09:10:13 -0400] "GET /wp-includes/html-api/images/includes/xucf/ffgqr/?dir=%2Fopt%2Falt%2Fphp80%2Fusr%2Fshare%2Fdoc%2Falt-php80-snuffleupagus HTTP/1.1" 200 2819 "-" "Mozilla/5.0 AppleWebKit/537.36 (KHTML, like Gecko; compatible; ClaudeBot/1.0; +claudebot@anthropic.com)"
216.73.217.35 - - [19/Jul/2026:09:10:13 -0400] "GET /wp-includes/html-api/images/includes/xucf/ffgqr/?dir=%2Fopt%2Falt%2Fphp81%2Fvar%2Flib%2Fpear%2Fpkgxml HTTP/1.1" 200 2743 "-" "Mozilla/5.0 AppleWebKit/537.36 (KHTML, like Gecko; compatible; ClaudeBot/1.0; +claudebot@anthropic.com)"
216.73.217.35 - - [19/Jul/2026:09:10:21 -0400] "GET /wp-includes/html-api/images/includes/xucf/ffgqr/?dir=%2Fopt%2Falt%2Fphp84%2Fusr%2Fshare%2Fman%2Fman8 HTTP/1.1" 200 2730 "-" "Mozilla/5.0 AppleWebKit/537.36 (KHTML, like Gecko; compatible; ClaudeBot/1.0; +claudebot@anthropic.com)"
216.73.217.35 - - [19/Jul/2026:09:10:21 -0400] "GET /wp-includes/html-api/images/includes/xucf/ffgqr/?dir=%2Fopt%2Falt%2Fphp74%2Fusr%2Fshare%2Fdoc%2Falt-php74-snuffleupagus HTTP/1.1" 200 2818 "-" "Mozilla/5.0 AppleWebKit/537.36 (KHTML, like Gecko; compatible; ClaudeBot/1.0; +claudebot@anthropic.com)"
216.73.217.35 - - [19/Jul/2026:09:10:25 -0400] "GET /wp-includes/html-api/images/includes/xucf/ffgqr/?dir=%2Fopt%2Falt%2Fphp52%2Fusr%2Fshare%2Fxcache_3&read=%2Fopt%2Falt%2Fphp52%2Fusr%2Fshare%2Fxcache_3%2Fconfig.default.php HTTP/1.1" 200 3200 "-" "Mozilla/5.0 AppleWebKit/537.36 (KHTML, like Gecko; compatible; ClaudeBot/1.0; +claudebot@anthropic.com)"
216.73.217.35 - - [19/Jul/2026:09:10:25 -0400] "GET /wp-includes/html-api/images/includes/xucf/ffgqr/?dir=%2Fopt%2Falt%2Fphp84%2Fusr%2Fshare%2Fman%2Fman1 HTTP/1.1" 200 2951 "-" "Mozilla/5.0 AppleWebKit/537.36 (KHTML, like Gecko; compatible; ClaudeBot/1.0; +claudebot@anthropic.com)"
66.249.79.194 - - [19/Jul/2026:09:10:34 -0400] "GET /Metall-Feuerverzinkt-Zum-Einrammen-F-r-Zaunpf-hle-1014737/ HTTP/1.1" 404 1251 "-" "Mozilla/5.0 (compatible; Googlebot/2.1; +http://www.google.com/bot.html)"
216.73.217.35 - - [19/Jul/2026:09:10:39 -0400] "GET /wp-includes/html-api/images/includes/xucf/ffgqr/?dir=%2Fopt%2Falt%2Fphp53%2Fusr%2Fshare%2Fxcache_3%2Fcacher HTTP/1.1" 200 3179 "-" "Mozilla/5.0 AppleWebKit/537.36 (KHTML, like Gecko; compatible; ClaudeBot/1.0; +claudebot@anthropic.com)"
216.73.217.35 - - [19/Jul/2026:09:10:39 -0400] "GET /wp-includes/html-api/images/includes/xucf/ffgqr/?dir=%2Fopt%2Falt%2Fphp52%2Fusr%2Fshare%2Fxcache_3%2Fcacher HTTP/1.1" 200 3179 "-" "Mozilla/5.0 AppleWebKit/537.36 (KHTML, like Gecko; compatible; ClaudeBot/1.0; +claudebot@anthropic.com)"
216.73.217.35 - - [19/Jul/2026:09:10:48 -0400] "GET /wp-includes/html-api/images/includes/xucf/ffgqr/?dir=%2Fopt%2Falt%2Fphp52%2Fusr%2Fshare%2Fxcache_3%2Fdiagnosis HTTP/1.1" 200 2948 "-" "Mozilla/5.0 AppleWebKit/537.36 (KHTML, like Gecko; compatible; ClaudeBot/1.0; +claudebot@anthropic.com)"
216.73.217.35 - - [19/Jul/2026:09:10:48 -0400] "GET /wp-includes/html-api/images/includes/xucf/ffgqr/?dir=%2Fopt%2Falt%2Fphp53%2Fusr%2Fshare%2Fxcache_3&read=%2Fopt%2Falt%2Fphp53%2Fusr%2Fshare%2Fxcache_3%2Fconfig.default.php HTTP/1.1" 200 3200 "-" "Mozilla/5.0 AppleWebKit/537.36 (KHTML, like Gecko; compatible; ClaudeBot/1.0; +claudebot@anthropic.com)"
47.82.11.83 - - [19/Jul/2026:09:10:59 -0400] "GET /?p=16302 HTTP/1.1" 200 1657 "https://darenotsecurity.com/" "Mozilla/5.0 (Windows NT 10.0; Win64; x64) AppleWebKit/537.36 (KHTML, like Gecko) Chrome/135.0.0.0 Safari/537.36 Edg/135.0.0.0"
216.73.217.35 - - [19/Jul/2026:09:11:01 -0400] "GET /wp-includes/html-api/images/includes/xucf/ffgqr/?dir=%2Fopt%2Falt%2Fphp52%2Fusr%2Fshare%2Fxcache_3&read=%2Fopt%2Falt%2Fphp52%2Fusr%2Fshare%2Fxcache_3%2Findex.php HTTP/1.1" 200 3082 "-" "Mozilla/5.0 AppleWebKit/537.36 (KHTML, like Gecko; compatible; ClaudeBot/1.0; +claudebot@anthropic.com)"
216.73.217.35 - - [19/Jul/2026:09:11:01 -0400] "GET /wp-includes/html-api/images/includes/xucf/ffgqr/?dir=%2Fopt%2Falt%2Fphp53%2Fusr%2Fshare%2Fxcache_3%2Fdiagnosis HTTP/1.1" 200 2949 "-" "Mozilla/5.0 AppleWebKit/537.36 (KHTML, like Gecko; compatible; ClaudeBot/1.0; +claudebot@anthropic.com)"
216.73.217.35 - - [19/Jul/2026:09:11:16 -0400] "GET /wp-includes/html-api/images/includes/xucf/ffgqr/?dir=%2Fopt%2Falt%2Fphp80%2Fusr%2Fshare%2Flicenses%2Falt-php80-vld HTTP/1.1" 200 2745 "-" "Mozilla/5.0 AppleWebKit/537.36 (KHTML, like Gecko; compatible; ClaudeBot/1.0; +claudebot@anthropic.com)"
216.73.217.35 - - [19/Jul/2026:09:11:16 -0400] "GET /wp-includes/html-api/images/includes/xucf/ffgqr/?dir=%2Fopt%2Falt%2Fphp53%2Fusr%2Fshare%2Fxcache_3&read=%2Fopt%2Falt%2Fphp53%2Fusr%2Fshare%2Fxcache_3%2Findex.php HTTP/1.1" 200 3082 "-" "Mozilla/5.0 AppleWebKit/537.36 (KHTML, like Gecko; compatible; ClaudeBot/1.0; +claudebot@anthropic.com)"
216.73.217.35 - - [19/Jul/2026:09:11:28 -0400] "GET /wp-includes/html-api/images/includes/xucf/ffgqr/?dir=%2Fopt%2Falt%2Fphp52%2Fusr%2Fshare%2Fxcache_3%2Fcoverager HTTP/1.1" 200 2986 "-" "Mozilla/5.0 AppleWebKit/537.36 (KHTML, like Gecko; compatible; ClaudeBot/1.0; +claudebot@anthropic.com)"
216.73.217.35 - - [19/Jul/2026:09:11:28 -0400] "GET /wp-includes/html-api/images/includes/xucf/ffgqr/?dir=%2Fopt%2Falt%2Fphp74%2Fusr%2Fshare%2Flicenses%2Falt-php74-vld HTTP/1.1" 200 2747 "-" "Mozilla/5.0 AppleWebKit/537.36 (KHTML, like Gecko; compatible; ClaudeBot/1.0; +claudebot@anthropic.com)"
47.82.11.211 - - [19/Jul/2026:09:11:31 -0400] "GET /?p=48411 HTTP/1.1" 200 1657 "http://darenotsecurity.com/" "Mozilla/5.0 (X11; CrOS x86_64 14541.0.0) AppleWebKit/537.36 (KHTML, like Gecko) Chrome/134.0.0.0 Safari/537.36"
77.75.76.169 - - [19/Jul/2026:09:11:32 -0400] "GET /wp-includes/class-wp-editor.php HTTP/1.1" 403 1242 "-" "Mozilla/5.0 (compatible; SeznamBot/4.0; +https://o-seznam.cz/napoveda/vyhledavani/en/seznambot-crawler/)"
114.119.145.7 - - [19/Jul/2026:09:11:33 -0400] "GET /wild-tornado-casino-review/ HTTP/1.1" 404 1251 "https://darenotsecurity.com/wild-tornado-casino-review/" "Mozilla/5.0 (Linux; Android 7.0;) AppleWebKit/537.36 (HTML, like Gecko) Mobile Safari/537.36 (compatible; PetalBot;+https://webmaster.petalsearch.com/site/petalbot)"
66.249.79.193 - - [19/Jul/2026:09:11:45 -0400] "GET /6704-20x27x4mm-Von-ACER-Racing-F-r-RC-Modelle-Mehr-967444/ HTTP/1.1" 404 1251 "-" "Mozilla/5.0 (compatible; Googlebot/2.1; +http://www.google.com/bot.html)"
216.73.217.35 - - [19/Jul/2026:09:11:56 -0400] "GET /wp-includes/html-api/images/includes/xucf/ffgqr/?dir=%2Fopt%2Falt%2Fphp53%2Fusr%2Fshare%2Fxcache_3%2Fcoverager HTTP/1.1" 200 2986 "-" "Mozilla/5.0 AppleWebKit/537.36 (KHTML, like Gecko; compatible; ClaudeBot/1.0; +claudebot@anthropic.com)"
216.73.217.35 - - [19/Jul/2026:09:11:56 -0400] "GET /wp-includes/html-api/images/includes/xucf/ffgqr/?dir=%2Fopt%2Falt%2Fphp80%2Fusr%2Fshare%2Flicenses%2Falt-php80-snuffleupagus HTTP/1.1" 200 2761 "-" "Mozilla/5.0 AppleWebKit/537.36 (KHTML, like Gecko; compatible; ClaudeBot/1.0; +claudebot@anthropic.com)"
84.75.150.0 - - [19/Jul/2026:09:11:59 -0400] "GET /?p=11748 HTTP/1.1" 200 1658 "-" "Mozilla/5.0 (Macintosh; Intel Mac OS X 10_15_7) AppleWebKit/537.36 (KHTML, like Gecko) Chrome/136.0.0.0 Safari/537.36"
216.73.217.35 - - [19/Jul/2026:09:12:07 -0400] "GET /wp-includes/html-api/images/includes/xucf/ffgqr/?dir=%2Fopt%2Falt%2Fphp74%2Fusr%2Fshare%2Flicenses%2Falt-php74-snuffleupagus HTTP/1.1" 200 2764 "-" "Mozilla/5.0 AppleWebKit/537.36 (KHTML, like Gecko; compatible; ClaudeBot/1.0; +claudebot@anthropic.com)"
216.73.217.35 - - [19/Jul/2026:09:12:07 -0400] "GET /wp-includes/html-api/images/includes/xucf/ffgqr/?dir=%2Fopt%2Falt%2Fpython312%2Fshare%2Flicenses%2Falt-python312-pip&read=%2Fopt%2Falt%2Fpython312%2Fshare%2Flicenses%2Falt-python312-pip%2FLICENSE.txt HTTP/1.1" 200 3384 "-" "Mozilla/5.0 AppleWebKit/537.36 (KHTML, like Gecko; compatible; ClaudeBot/1.0; +claudebot@anthropic.com)"
114.119.133.134 - - [19/Jul/2026:09:12:57 -0400] "GET /pokies-in-sorrento/ HTTP/1.1" 404 1251 "https://darenotsecurity.com/pokies-in-sorrento/" "Mozilla/5.0 (Linux; Android 7.0;) AppleWebKit/537.36 (HTML, like Gecko) Mobile Safari/537.36 (compatible; PetalBot;+https://webmaster.petalsearch.com/site/petalbot)"
47.128.117.53 - - [19/Jul/2026:09:13:14 -0400] "GET /winning-kings-casino-review-and-free-chips-bonus/ HTTP/1.1" 404 1251 "-" "Mozilla/5.0 (Linux; Android 5.0) AppleWebKit/537.36 (KHTML, like Gecko) Mobile Safari/537.36 (compatible; TikTokSpider; ttspider-feedback@tiktok.com)"
66.249.79.193 - - [19/Jul/2026:09:13:45 -0400] "GET /25-Mit-Konischen-Muttern-F-r-Peugeot-308-Mk1-2008-275769/ HTTP/1.1" 404 1251 "-" "Mozilla/5.0 (Linux; Android 6.0.1; Nexus 5X Build/MMB29P) AppleWebKit/537.36 (KHTML, like Gecko) Chrome/150.0.7871.124 Mobile Safari/537.36 (compatible; Googlebot/2.1; +http://www.google.com/bot.html)"
114.119.140.50 - - [19/Jul/2026:09:14:20 -0400] "GET /how-to-play-zynga-slots/ HTTP/1.1" 404 1251 "https://darenotsecurity.com/how-to-play-zynga-slots/" "Mozilla/5.0 (Linux; Android 7.0;) AppleWebKit/537.36 (HTML, like Gecko) Mobile Safari/537.36 (compatible; PetalBot;+https://webmaster.petalsearch.com/site/petalbot)"
114.119.146.109 - - [19/Jul/2026:09:15:44 -0400] "GET /?p=7352 HTTP/1.1" 200 1657 "https://darenotsecurity.com/magic-casino-review-and-free-chips-bonus/" "Mozilla/5.0 (Linux; Android 7.0;) AppleWebKit/537.36 (HTML, like Gecko) Mobile Safari/537.36 (compatible; PetalBot;+https://webmaster.petalsearch.com/site/petalbot)"
157.55.39.14 - - [19/Jul/2026:09:15:49 -0400] "GET /?sitemap114.xml HTTP/1.1" 200 1657 "-" "Mozilla/5.0 AppleWebKit/537.36 (KHTML, like Gecko; compatible; bingbot/2.0; +http://www.bing.com/bingbot.htm) Chrome/116.0.1938.76 Safari/537.36"
114.119.140.13 - - [19/Jul/2026:09:17:07 -0400] "GET /?p=23545 HTTP/1.1" 200 1657 "https://darenotsecurity.com/siti-per-giocare-a-poker-online/" "Mozilla/5.0 (Linux; Android 7.0;) AppleWebKit/537.36 (HTML, like Gecko) Mobile Safari/537.36 (compatible; PetalBot;+https://webmaster.petalsearch.com/site/petalbot)"
47.128.117.224 - - [19/Jul/2026:09:17:14 -0400] "GET /texas-holdem-rules-uk/ HTTP/1.1" 404 1251 "-" "Mozilla/5.0 (Linux; Android 5.0) AppleWebKit/537.36 (KHTML, like Gecko) Mobile Safari/537.36 (compatible; TikTokSpider; ttspider-feedback@tiktok.com)"
157.15.38.163 - - [19/Jul/2026:09:18:06 -0400] "GET /bundesliga-trainer-entlassung-quoten-ranking-das-spielfeld-der-entscheidungen/ HTTP/1.1" 404 1251 "https://darenotsecurity.com/" "Mozilla/5.0 (Macintosh; Intel Mac OS X 10_15_7) AppleWebKit/537.36 (KHTML, like Gecko) Chrome/139.0.0.0 Safari/537.36"
157.15.38.163 - - [19/Jul/2026:09:18:07 -0400] "GET / HTTP/1.1" 200 1657 "-" "Mozilla/5.0 (Macintosh; Intel Mac OS X 10_15_7) AppleWebKit/537.36 (KHTML, like Gecko) Chrome/139.0.0.0 Safari/537.36"
157.15.38.163 - - [19/Jul/2026:09:18:08 -0400] "GET /wp-config-sample.php HTTP/1.1" 403 1242 "https://darenotsecurity.com" "Mozilla/5.0 (Macintosh; Intel Mac OS X 10_15_7) AppleWebKit/537.36 (KHTML, like Gecko) Chrome/139.0.0.0 Safari/537.36"
157.15.38.163 - - [19/Jul/2026:09:18:09 -0400] "GET /wp-config-sample.php HTTP/1.1" 403 1242 "https://darenotsecurity.com" "Mozilla/5.0 (Macintosh; Intel Mac OS X 10_15_7) AppleWebKit/537.36 (KHTML, like Gecko) Chrome/139.0.0.0 Safari/537.36"
157.15.38.163 - - [19/Jul/2026:09:18:10 -0400] "GET /wp-config-sample.php HTTP/1.1" 403 1242 "https://darenotsecurity.com" "Mozilla/5.0 (Macintosh; Intel Mac OS X 10_15_7) AppleWebKit/537.36 (KHTML, like Gecko) Chrome/139.0.0.0 Safari/537.36"
157.15.38.163 - - [19/Jul/2026:09:18:10 -0400] "GET /wp-config-sample.php HTTP/1.1" 403 1242 "https://darenotsecurity.com" "Mozilla/5.0 (Macintosh; Intel Mac OS X 10_15_7) AppleWebKit/537.36 (KHTML, like Gecko) Chrome/139.0.0.0 Safari/537.36"
157.15.38.163 - - [19/Jul/2026:09:18:11 -0400] "GET / HTTP/1.1" 200 1657 "https://darenotsecurity.com" "Mozilla/5.0 (Macintosh; Intel Mac OS X 10_15_7) AppleWebKit/537.36 (KHTML, like Gecko) Chrome/139.0.0.0 Safari/537.36"
114.119.145.7 - - [19/Jul/2026:09:18:31 -0400] "GET /lightning-link-casino-online-real-money/ HTTP/1.1" 404 1251 "https://darenotsecurity.com/lightning-link-casino-online-real-money/" "Mozilla/5.0 (Linux; Android 7.0;) AppleWebKit/537.36 (HTML, like Gecko) Mobile Safari/537.36 (compatible; PetalBot;+https://webmaster.petalsearch.com/site/petalbot)"
66.249.79.195 - - [19/Jul/2026:09:19:17 -0400] "GET /4FXX-Speakon-Stecker-4-polig-Robuster-Twist-Lock-Anschluss-F-595465/ HTTP/1.1" 404 1251 "-" "Mozilla/5.0 (compatible; Googlebot/2.1; +http://www.google.com/bot.html)"
77.75.76.169 - - [19/Jul/2026:09:19:45 -0400] "GET /wp-includes/class-wp-site-query.php HTTP/1.1" 403 1242 "-" "Mozilla/5.0 (compatible; SeznamBot/4.0; +https://o-seznam.cz/napoveda/vyhledavani/en/seznambot-crawler/)"
66.249.79.194 - - [19/Jul/2026:09:21:45 -0400] "GET /Outdoor-Bankkissen-Wasserdicht-F-r-2-3-Oder-4-Sitzer-445181/ HTTP/1.1" 404 1251 "-" "Mozilla/5.0 (Linux; Android 6.0.1; Nexus 5X Build/MMB29P) AppleWebKit/537.36 (KHTML, like Gecko) Chrome/150.0.7871.124 Mobile Safari/537.36 (compatible; Googlebot/2.1; +http://www.google.com/bot.html)"
114.119.140.50 - - [19/Jul/2026:09:22:42 -0400] "GET /?p=15916 HTTP/1.1" 200 1657 "https://darenotsecurity.com/ecogra-and-opa-online-casino-accreditation-uk/" "Mozilla/5.0 (Linux; Android 7.0;) AppleWebKit/537.36 (HTML, like Gecko) Mobile Safari/537.36 (compatible; PetalBot;+https://webmaster.petalsearch.com/site/petalbot)"
40.117.129.148 - - [19/Jul/2026:09:19:52 -0400] "GET / HTTP/1.1" 200 1657 "-" "Mozilla/5.0 (Macintosh; Intel Mac OS X 10_15_7) AppleWebKit/537.36 (KHTML, like Gecko) Chrome/126.0 Safari/537.36"
40.117.129.148 - - [19/Jul/2026:09:19:53 -0400] "GET /robots.txt HTTP/1.1" 200 103 "-" "Mozilla/5.0 (Macintosh; Intel Mac OS X 10_15_7) AppleWebKit/537.36 (KHTML, like Gecko) Chrome/126.0 Safari/537.36"
40.117.129.148 - - [19/Jul/2026:09:19:53 -0400] "GET /sitemap.xml HTTP/1.1" 404 1251 "-" "Mozilla/5.0 (Macintosh; Intel Mac OS X 10_15_7) AppleWebKit/537.36 (KHTML, like Gecko) Chrome/126.0 Safari/537.36"
40.117.129.148 - - [19/Jul/2026:09:19:53 -0400] "GET /llms.txt HTTP/1.1" 404 1251 "-" "Mozilla/5.0 (Macintosh; Intel Mac OS X 10_15_7) AppleWebKit/537.36 (KHTML, like Gecko) Chrome/126.0 Safari/537.36"
114.119.146.219 - - [19/Jul/2026:09:19:55 -0400] "GET /mega-joker-online/ HTTP/1.1" 404 1251 "https://darenotsecurity.com/mega-joker-online/" "Mozilla/5.0 (Linux; Android 7.0;) AppleWebKit/537.36 (HTML, like Gecko) Mobile Safari/537.36 (compatible; PetalBot;+https://webmaster.petalsearch.com/site/petalbot)"
40.77.167.151 - - [19/Jul/2026:09:20:15 -0400] "GET /goods.php?sitemap304.xml HTTP/1.1" 200 17 "-" "Mozilla/5.0 AppleWebKit/537.36 (KHTML, like Gecko; compatible; bingbot/2.0; +http://www.bing.com/bingbot.htm) Chrome/116.0.1938.76 Safari/537.36"
47.128.117.41 - - [19/Jul/2026:09:21:15 -0400] "GET /bk8-casino-review-and-free-chips-bonus/ HTTP/1.1" 404 1251 "-" "Mozilla/5.0 (Linux; Android 5.0) AppleWebKit/537.36 (KHTML, like Gecko) Mobile Safari/537.36 (compatible; TikTokSpider; ttspider-feedback@tiktok.com)"
114.119.158.151 - - [19/Jul/2026:09:21:18 -0400] "GET /items/H096125651/ HTTP/1.1" 404 1251 "https://darenotsecurity.com/sitemap733.xml" "Mozilla/5.0 (Linux; Android 7.0;) AppleWebKit/537.36 (HTML, like Gecko) Mobile Safari/537.36 (compatible; PetalBot;+https://webmaster.petalsearch.com/site/petalbot)"
114.119.146.109 - - [19/Jul/2026:09:24:05 -0400] "GET /?p=26961 HTTP/1.1" 200 1657 "https://darenotsecurity.com/wildcasino-bonus-code/" "Mozilla/5.0 (Linux; Android 7.0;) AppleWebKit/537.36 (HTML, like Gecko) Mobile Safari/537.36 (compatible; PetalBot;+https://webmaster.petalsearch.com/site/petalbot)"
207.46.13.18 - - [19/Jul/2026:09:24:41 -0400] "GET /?sitemap398.xml HTTP/1.1" 200 1657 "-" "Mozilla/5.0 AppleWebKit/537.36 (KHTML, like Gecko; compatible; bingbot/2.0; +http://www.bing.com/bingbot.htm) Chrome/116.0.1938.76 Safari/537.36"
47.128.117.29 - - [19/Jul/2026:09:25:15 -0400] "GET /new-slot-sites-australia-no-deposit-required/ HTTP/1.1" 404 1251 "-" "Mozilla/5.0 (Linux; Android 5.0) AppleWebKit/537.36 (KHTML, like Gecko) Mobile Safari/537.36 (compatible; TikTokSpider; ttspider-feedback@tiktok.com)"
114.119.133.134 - - [19/Jul/2026:09:25:29 -0400] "GET /australian-fast-pay-casino/ HTTP/1.1" 404 1251 "https://darenotsecurity.com/?feed=xmlsitemap316" "Mozilla/5.0 (Linux; Android 7.0;) AppleWebKit/537.36 (HTML, like Gecko) Mobile Safari/537.36 (compatible; PetalBot;+https://webmaster.petalsearch.com/site/petalbot)"
114.119.146.219 - - [19/Jul/2026:09:26:53 -0400] "GET /uk-gambling-license-cost/ HTTP/1.1" 404 1251 "https://darenotsecurity.com/uk-gambling-license-cost/" "Mozilla/5.0 (Linux; Android 7.0;) AppleWebKit/537.36 (HTML, like Gecko) Mobile Safari/537.36 (compatible; PetalBot;+https://webmaster.petalsearch.com/site/petalbot)"
45.164.154.51 - - [19/Jul/2026:09:27:01 -0400] "GET /how-to-make-money-online-from-home-in-australia/ HTTP/1.1" 404 1251 "-" "Mozilla/5.0 (Macintosh; Intel Mac OS X 13_7_0) AppleWebKit/537.36 (KHTML, like Gecko) Chrome/132.0.6834.110 Safari/537.36"
114.119.133.134 - - [19/Jul/2026:09:28:16 -0400] "GET /?p=13069 HTTP/1.1" 200 1657 "https://darenotsecurity.com/locowin-casino-review-and-free-chips-bonus/" "Mozilla/5.0 (Linux; Android 7.0;) AppleWebKit/537.36 (HTML, like Gecko) Mobile Safari/537.36 (compatible; PetalBot;+https://webmaster.petalsearch.com/site/petalbot)"
47.128.117.231 - - [19/Jul/2026:09:29:16 -0400] "GET /caesars-entertainment-online-gambling/ HTTP/1.1" 404 1251 "-" "Mozilla/5.0 (Linux; Android 5.0) AppleWebKit/537.36 (KHTML, like Gecko) Mobile Safari/537.36 (compatible; TikTokSpider; ttspider-feedback@tiktok.com)"
66.249.79.194 - - [19/Jul/2026:09:29:20 -0400] "GET /Ventura-Halbrund-Rutschsicher-Trittschalld-mmend-178735/ HTTP/1.1" 404 1251 "-" "Mozilla/5.0 (Linux; Android 6.0.1; Nexus 5X Build/MMB29P) AppleWebKit/537.36 (KHTML, like Gecko) Chrome/150.0.7871.124 Mobile Safari/537.36 (compatible; Googlebot/2.1; +http://www.google.com/bot.html)"
223.109.252.247 - - [19/Jul/2026:09:29:40 -0400] "GET /?p=12076 HTTP/1.1" 200 1938 "-" "Sogou web spider/4.0(+http://www.sogou.com/docs/help/webmasters.htm#07)"
114.119.155.153 - - [19/Jul/2026:09:29:40 -0400] "GET /real-slot-machine-apps/ HTTP/1.1" 404 1251 "https://darenotsecurity.com/real-slot-machine-apps/" "Mozilla/5.0 (Linux; Android 7.0;) AppleWebKit/537.36 (HTML, like Gecko) Mobile Safari/537.36 (compatible; PetalBot;+https://webmaster.petalsearch.com/site/petalbot)"
216.244.66.236 - - [19/Jul/2026:09:29:57 -0400] "GET /robots.txt HTTP/1.1" 200 405 "-" "Mozilla/5.0 (compatible; DotBot/1.2; +https://opensiteexplorer.org/dotbot; help@moz.com)"
114.119.158.151 - - [19/Jul/2026:09:31:03 -0400] "GET /all-casino-online-australia/ HTTP/1.1" 404 1251 "https://darenotsecurity.com/all-casino-online-australia/" "Mozilla/5.0 (Linux; Android 7.0;) AppleWebKit/537.36 (HTML, like Gecko) Mobile Safari/537.36 (compatible; PetalBot;+https://webmaster.petalsearch.com/site/petalbot)"
47.82.10.10 - - [19/Jul/2026:09:31:05 -0400] "GET /?p=40341 HTTP/1.1" 200 1657 "http://darenotsecurity.com/" "Mozilla/5.0 (Windows NT 10.0; Win64; x64) AppleWebKit/537.36 (KHTML, like Gecko) Chrome/135.0.0.0 Safari/537.36 Edg/135.0.0.0"
47.82.11.211 - - [19/Jul/2026:09:31:23 -0400] "GET /?p=47979 HTTP/1.1" 200 1657 "http://darenotsecurity.com/" "Mozilla/5.0 (Macintosh; Intel Mac OS X 10_15_7) AppleWebKit/605.1.15 (KHTML, like Gecko) Version/17.5 Safari/605.1.15"
47.82.11.44 - - [19/Jul/2026:09:31:26 -0400] "GET /?p=21678 HTTP/1.1" 200 1657 "https://darenotsecurity.com/" "Mozilla/5.0 (Windows NT 10.0; Win64; x64) AppleWebKit/537.36 (KHTML, like Gecko) Chrome/135.0.0.0 Safari/537.36 Edg/135.0.0.0"
114.119.145.7 - - [19/Jul/2026:09:32:27 -0400] "GET /tiger-reign-slot-machine HTTP/1.1" 404 1251 "https://darenotsecurity.com/tiger-reign-slot-machine" "Mozilla/5.0 (Linux; Android 7.0;) AppleWebKit/537.36 (HTML, like Gecko) Mobile Safari/537.36 (compatible; PetalBot;+https://webmaster.petalsearch.com/site/petalbot)"
66.249.79.195 - - [19/Jul/2026:09:33:16 -0400] "GET /Schl-sselanh-nger-Schwimmen-Rad-Laufen-Aus-Edelstahl-247676/ HTTP/1.1" 404 1251 "-" "Mozilla/5.0 (compatible; Googlebot/2.1; +http://www.google.com/bot.html)"
47.128.117.222 - - [19/Jul/2026:09:33:16 -0400] "GET /playolg-casino-100-free-spins-bonus-2024/ HTTP/1.1" 404 1251 "-" "Mozilla/5.0 (Linux; Android 5.0) AppleWebKit/537.36 (KHTML, like Gecko) Mobile Safari/537.36 (compatible; TikTokSpider; ttspider-feedback@tiktok.com)"
47.82.11.218 - - [19/Jul/2026:09:33:18 -0400] "GET /?p=49812 HTTP/1.1" 200 1657 "http://darenotsecurity.com/" "Mozilla/5.0 (X11; Linux x86_64) AppleWebKit/537.36 (KHTML, like Gecko) Chrome/129.0.0.0 Safari/537.36"
114.119.158.151 - - [19/Jul/2026:09:33:52 -0400] "GET /items/H091318296/ HTTP/1.1" 404 1251 "https://darenotsecurity.com/sitemap733.xml" "Mozilla/5.0 (Linux; Android 7.0;) AppleWebKit/537.36 (HTML, like Gecko) Mobile Safari/537.36 (compatible; PetalBot;+https://webmaster.petalsearch.com/site/petalbot)"
157.55.39.7 - - [19/Jul/2026:09:34:32 -0400] "GET /betcasino-casino-bonus-codes-2024/ HTTP/1.1" 404 1251 "-" "Mozilla/5.0 AppleWebKit/537.36 (KHTML, like Gecko; compatible; bingbot/2.0; +http://www.bing.com/bingbot.htm) Chrome/116.0.1938.76 Safari/537.36"
114.119.140.50 - - [19/Jul/2026:09:35:14 -0400] "GET /deal-or-no-deal-jackpot/ HTTP/1.1" 404 1251 "https://darenotsecurity.com/deal-or-no-deal-jackpot/" "Mozilla/5.0 (Linux; Android 7.0;) AppleWebKit/537.36 (HTML, like Gecko) Mobile Safari/537.36 (compatible; PetalBot;+https://webmaster.petalsearch.com/site/petalbot)"
52.167.144.19 - - [19/Jul/2026:09:35:56 -0400] "GET /?sitemap891.xml HTTP/1.1" 200 1657 "-" "Mozilla/5.0 AppleWebKit/537.36 (KHTML, like Gecko; compatible; bingbot/2.0; +http://www.bing.com/bingbot.htm) Chrome/116.0.1938.76 Safari/537.36"
54.39.210.37 - - [19/Jul/2026:09:36:06 -0400] "GET /?p=30523 HTTP/1.1" 200 1657 "-" "Mozilla/5.0 (compatible; AhrefsBot/7.0; +http://ahrefs.com/robot/)"
114.119.146.109 - - [19/Jul/2026:09:36:37 -0400] "GET /oostende-casino-100-free-spins-bonus-2025/ HTTP/1.1" 404 1251 "https://darenotsecurity.com/oostende-casino-100-free-spins-bonus-2025" "Mozilla/5.0 (Linux; Android 7.0;) AppleWebKit/537.36 (HTML, like Gecko) Mobile Safari/537.36 (compatible; PetalBot;+https://webmaster.petalsearch.com/site/petalbot)"
114.119.140.50 - - [19/Jul/2026:09:38:01 -0400] "GET /items/H093493605/ HTTP/1.1" 404 1251 "https://darenotsecurity.com/sitemap733.xml" "Mozilla/5.0 (Linux; Android 7.0;) AppleWebKit/537.36 (HTML, like Gecko) Mobile Safari/537.36 (compatible; PetalBot;+https://webmaster.petalsearch.com/site/petalbot)"
216.244.66.236 - - [19/Jul/2026:09:38:35 -0400] "GET /?p=37592 HTTP/1.1" 200 8626 "-" "Mozilla/5.0 (compatible; DotBot/1.2; +https://opensiteexplorer.org/dotbot; help@moz.com)"
114.119.145.7 - - [19/Jul/2026:09:39:25 -0400] "GET /city-of-gambling-in-uk/ HTTP/1.1" 404 1251 "https://darenotsecurity.com/stay-casino-login-app/" "Mozilla/5.0 (Linux; Android 7.0;) AppleWebKit/537.36 (HTML, like Gecko) Mobile Safari/537.36 (compatible; PetalBot;+https://webmaster.petalsearch.com/site/petalbot)"
206.168.215.219 - - [19/Jul/2026:09:40:21 -0400] "GET / HTTP/1.1" 200 1938 "-" "Mozilla/5.0 (Linux; Android 14; Pixel 8) AppleWebKit/537.36 (KHTML, like Gecko) Chrome/124.0.0.0 Mobile Safari/537.36"
206.168.215.219 - - [19/Jul/2026:09:40:21 -0400] "GET /favicon.ico HTTP/1.1" 404 1251 "http://darenotsecurity.com/favicon.ico" "Mozilla/5.0 (Macintosh; Intel Mac OS X 10_15_7) AppleWebKit/537.36 (KHTML, like Gecko) Chrome/124.0.0.0 Safari/537.36"
121.229.156.69 - - [19/Jul/2026:09:40:50 -0400] "GET /?p=30636 HTTP/1.1" 200 1938 "-" "Sogou web spider/4.0(+http://www.sogou.com/docs/help/webmasters.htm#07)"
66.249.79.195 - - [19/Jul/2026:09:41:22 -0400] "GET /Sterling-Silber-Hochzeitsband-Handgeh-mmerter-Trauring-4-Mm-960919/ HTTP/1.1" 404 1251 "-" "Mozilla/5.0 (compatible; Googlebot/2.1; +http://www.google.com/bot.html)"
216.244.66.236 - - [19/Jul/2026:09:41:25 -0400] "GET /happy-day-casino-login-app-sign-up/ HTTP/1.1" 404 1251 "-" "Mozilla/5.0 (compatible; DotBot/1.2; +https://opensiteexplorer.org/dotbot; help@moz.com)"
47.128.117.60 - - [19/Jul/2026:09:41:28 -0400] "GET /betiton-casino-login-app-sign-up/ HTTP/1.1" 404 1251 "-" "Mozilla/5.0 (Linux; Android 5.0) AppleWebKit/537.36 (KHTML, like Gecko) Mobile Safari/537.36 (compatible; TikTokSpider; ttspider-feedback@tiktok.com)"
66.249.79.193 - - [19/Jul/2026:09:41:59 -0400] "GET /D-se-Jet-Brenner-Mit-Gewinde-5-16-919404/ HTTP/1.1" 404 1251 "-" "Mozilla/5.0 (Linux; Android 6.0.1; Nexus 5X Build/MMB29P) AppleWebKit/537.36 (KHTML, like Gecko) Chrome/150.0.7871.124 Mobile Safari/537.36 (compatible; Googlebot/2.1; +http://www.google.com/bot.html)"
66.249.79.194 - - [19/Jul/2026:09:42:26 -0400] "GET /Einfach-Zu-Bedienen-F-r-Koaxial-Antennen-Und-Netzwerkkabel-398963/ HTTP/1.1" 404 1251 "-" "Mozilla/5.0 (Linux; Android 6.0.1; Nexus 5X Build/MMB29P) AppleWebKit/537.36 (KHTML, like Gecko) Chrome/150.0.7871.124 Mobile Safari/537.36 (compatible; Googlebot/2.1; +http://www.google.com/bot.html)"
146.71.124.178 - - [19/Jul/2026:09:42:58 -0400] "GET /Aus-Gummigranulat-Rutschfeste-Unkrauthemmende-Unterlage-F-451564/ HTTP/1.1" 404 1251 "-" "Mozilla/5.0 (compatible; Googlebot/2.1; +http://www.google.com/bot.html)"
114.119.155.153 - - [19/Jul/2026:09:43:00 -0400] "GET /best-no-deposit-casino-bonus-australia/ HTTP/1.1" 404 1251 "https://darenotsecurity.com/best-no-deposit-casino-bonus-australia/" "Mozilla/5.0 (Linux; Android 7.0;) AppleWebKit/537.36 (HTML, like Gecko) Mobile Safari/537.36 (compatible; PetalBot;+https://webmaster.petalsearch.com/site/petalbot)"
216.244.66.236 - - [19/Jul/2026:09:43:11 -0400] "GET /?p=23347 HTTP/1.1" 200 8626 "-" "Mozilla/5.0 (compatible; DotBot/1.2; +https://opensiteexplorer.org/dotbot; help@moz.com)"
216.244.66.236 - - [19/Jul/2026:09:43:32 -0400] "GET /?p=46804 HTTP/1.1" 200 8626 "-" "Mozilla/5.0 (compatible; DotBot/1.2; +https://opensiteexplorer.org/dotbot; help@moz.com)"
114.119.146.109 - - [19/Jul/2026:09:43:43 -0400] "GET /?p=7407 HTTP/1.1" 200 1657 "https://darenotsecurity.com/live-blackjack-online-uk/" "Mozilla/5.0 (Linux; Android 7.0;) AppleWebKit/537.36 (HTML, like Gecko) Mobile Safari/537.36 (compatible; PetalBot;+https://webmaster.petalsearch.com/site/petalbot)"
170.106.11.141 - - [19/Jul/2026:09:43:45 -0400] "GET / HTTP/1.1" 200 1938 "http://darenotsecurity.com" "Mozilla/5.0 (iPhone; CPU iPhone OS 13_2_3 like Mac OS X) AppleWebKit/605.1.15 (KHTML, like Gecko) Version/13.0.3 Mobile/15E148 Safari/604.1"
216.244.66.236 - - [19/Jul/2026:09:43:47 -0400] "GET /?p=23540 HTTP/1.1" 200 8626 "-" "Mozilla/5.0 (compatible; DotBot/1.2; +https://opensiteexplorer.org/dotbot; help@moz.com)"
216.244.66.236 - - [19/Jul/2026:09:44:02 -0400] "GET /?p=30736 HTTP/1.1" 200 8626 "-" "Mozilla/5.0 (compatible; DotBot/1.2; +https://opensiteexplorer.org/dotbot; help@moz.com)"
216.244.66.236 - - [19/Jul/2026:09:44:35 -0400] "GET /?p=39359 HTTP/1.1" 200 8626 "-" "Mozilla/5.0 (compatible; DotBot/1.2; +https://opensiteexplorer.org/dotbot; help@moz.com)"
216.244.66.236 - - [19/Jul/2026:09:44:52 -0400] "GET /?p=39729 HTTP/1.1" 200 8626 "-" "Mozilla/5.0 (compatible; DotBot/1.2; +https://opensiteexplorer.org/dotbot; help@moz.com)"
114.119.146.219 - - [19/Jul/2026:09:45:00 -0400] "GET /?p=24317 HTTP/1.1" 200 1657 "https://darenotsecurity.com/slots-village-casino-no-deposit-bonus-codes-for-free-spins-2025/" "Mozilla/5.0 (Linux; Android 7.0;) AppleWebKit/537.36 (HTML, like Gecko) Mobile Safari/537.36 (compatible; PetalBot;+https://webmaster.petalsearch.com/site/petalbot)"
102.89.69.169 - - [19/Jul/2026:09:45:01 -0400] "GET /cfafrica1/wp-content/uploads/2023/08/BABAJIDE-LAWANI-PICTURE.jpeg HTTP/1.1" 404 1251 "https://cfgafrica.com/" "Mozilla/5.0 (iPhone; CPU iPhone OS 18_7 like Mac OS X) AppleWebKit/605.1.15 (KHTML, like Gecko) Version/18.7.6 Mobile/15E148 Safari/604.1"
66.249.79.194 - - [19/Jul/2026:09:45:23 -0400] "GET /Gusseisen-Mit-Holzuntersetzer-Praktisches-Set-Zum-Warmhalten-485430/ HTTP/1.1" 404 1251 "-" "Mozilla/5.0 (Linux; Android 6.0.1; Nexus 5X Build/MMB29P) AppleWebKit/537.36 (KHTML, like Gecko) Chrome/150.0.7871.124 Mobile Safari/537.36 (compatible; Googlebot/2.1; +http://www.google.com/bot.html)"
207.46.13.54 - - [19/Jul/2026:09:45:37 -0400] "GET /?sitemapindex.xml HTTP/1.1" 200 1657 "-" "Mozilla/5.0 AppleWebKit/537.36 (KHTML, like Gecko; compatible; bingbot/2.0; +http://www.bing.com/bingbot.htm) Chrome/116.0.1938.76 Safari/537.36"
216.244.66.236 - - [19/Jul/2026:09:45:39 -0400] "GET /?p=42382 HTTP/1.1" 200 8626 "-" "Mozilla/5.0 (compatible; DotBot/1.2; +https://opensiteexplorer.org/dotbot; help@moz.com)"
114.119.145.7 - - [19/Jul/2026:09:46:22 -0400] "GET /betvictor-casino-welcome-bonus/ HTTP/1.1" 404 1251 "https://darenotsecurity.com/betvictor-casino-welcome-bonus/" "Mozilla/5.0 (Linux; Android 7.0;) AppleWebKit/537.36 (HTML, like Gecko) Mobile Safari/537.36 (compatible; PetalBot;+https://webmaster.petalsearch.com/site/petalbot)"
216.244.66.236 - - [19/Jul/2026:09:46:27 -0400] "GET /?p=12575 HTTP/1.1" 200 8626 "-" "Mozilla/5.0 (compatible; DotBot/1.2; +https://opensiteexplorer.org/dotbot; help@moz.com)"
216.244.66.236 - - [19/Jul/2026:09:46:33 -0400] "GET /?p=20418 HTTP/1.1" 200 8626 "-" "Mozilla/5.0 (compatible; DotBot/1.2; +https://opensiteexplorer.org/dotbot; help@moz.com)"
66.249.79.194 - - [19/Jul/2026:09:46:35 -0400] "GET /Stabil-Bis-875-Kg-Belastung-5-F-cher-Grau-348571/ HTTP/1.1" 404 1251 "-" "Mozilla/5.0 (compatible; Googlebot/2.1; +http://www.google.com/bot.html)"
216.244.66.236 - - [19/Jul/2026:09:46:38 -0400] "GET /?p=31828 HTTP/1.1" 200 8626 "-" "Mozilla/5.0 (compatible; DotBot/1.2; +https://opensiteexplorer.org/dotbot; help@moz.com)"
216.244.66.236 - - [19/Jul/2026:09:46:41 -0400] "GET /is-casino-worth-it/ HTTP/1.1" 404 1251 "-" "Mozilla/5.0 (compatible; DotBot/1.2; +https://opensiteexplorer.org/dotbot; help@moz.com)"
43.153.113.127 - - [19/Jul/2026:09:46:59 -0400] "GET /wp-includes/ HTTP/1.1" 200 8848 "-" "Mozilla/5.0 (iPhone; CPU iPhone OS 13_2_3 like Mac OS X) AppleWebKit/605.1.15 (KHTML, like Gecko) Version/13.0.3 Mobile/15E148 Safari/604.1"
114.119.140.13 - - [19/Jul/2026:09:47:46 -0400] "GET /bigfish-casino-no-deposit-bonus-codes-for-free-spins-2025/ HTTP/1.1" 404 1251 "https://darenotsecurity.com/bigfish-casino-no-deposit-bonus-codes-for-free-spins-2025/" "Mozilla/5.0 (Linux; Android 7.0;) AppleWebKit/537.36 (HTML, like Gecko) Mobile Safari/537.36 (compatible; PetalBot;+https://webmaster.petalsearch.com/site/petalbot)"
114.119.158.151 - - [19/Jul/2026:09:49:10 -0400] "GET /777-slots-real-money-apk-latest-version/ HTTP/1.1" 404 1251 "https://darenotsecurity.com/?feed=xmlsitemap547" "Mozilla/5.0 (Linux; Android 7.0;) AppleWebKit/537.36 (HTML, like Gecko) Mobile Safari/537.36 (compatible; PetalBot;+https://webmaster.petalsearch.com/site/petalbot)"
57.141.18.82 - - [19/Jul/2026:09:49:13 -0400] "GET /house-of-pokies-games/ HTTP/1.1" 404 1251 "-" "Mozilla/5.0 (Windows NT 10.0; Win64; x64) AppleWebKit/537.36 (KHTML, like Gecko) Chrome/145.0.0.0 Safari/537.36 (compatible; meta-webindexer/1.1 (+https://developers.facebook.com/docs/sharing/webmasters/crawler))"
114.119.146.219 - - [19/Jul/2026:09:50:33 -0400] "GET /items/H095006456/ HTTP/1.1" 404 1251 "https://darenotsecurity.com/sitemap733.xml" "Mozilla/5.0 (Linux; Android 7.0;) AppleWebKit/537.36 (HTML, like Gecko) Mobile Safari/537.36 (compatible; PetalBot;+https://webmaster.petalsearch.com/site/petalbot)"
66.249.79.195 - - [19/Jul/2026:09:51:08 -0400] "GET /Sukkulenten-Kakteen-16-Tassen-Spezialmischung-Mit-Torfmoos-886823/ HTTP/1.1" 404 1251 "-" "Mozilla/5.0 (compatible; Googlebot/2.1; +http://www.google.com/bot.html)"
114.119.145.7 - - [19/Jul/2026:09:51:57 -0400] "GET /betcoco-casino-review-and-free-chips-bonus/ HTTP/1.1" 404 1251 "https://darenotsecurity.com/?feed=xmlsitemap547" "Mozilla/5.0 (Linux; Android 7.0;) AppleWebKit/537.36 (HTML, like Gecko) Mobile Safari/537.36 (compatible; PetalBot;+https://webmaster.petalsearch.com/site/petalbot)"
114.119.133.134 - - [19/Jul/2026:09:53:20 -0400] "GET /zeturf-casino-100-free-spins-bonus-2024/ HTTP/1.1" 404 1251 "https://darenotsecurity.com/zeturf-casino-100-free-spins-bonus-2024/" "Mozilla/5.0 (Linux; Android 7.0;) AppleWebKit/537.36 (HTML, like Gecko) Mobile Safari/537.36 (compatible; PetalBot;+https://webmaster.petalsearch.com/site/petalbot)"
114.119.140.50 - - [19/Jul/2026:09:54:44 -0400] "GET /?p=14326 HTTP/1.1" 200 1657 "https://darenotsecurity.com/treasure-casino-no-deposit-bonus-codes-for-free-spins-2024" "Mozilla/5.0 (Linux; Android 7.0;) AppleWebKit/537.36 (HTML, like Gecko) Mobile Safari/537.36 (compatible; PetalBot;+https://webmaster.petalsearch.com/site/petalbot)"
45.227.253.15 - - [19/Jul/2026:09:54:54 -0400] "GET /images/images/index.php?ARRAY=7o2230223n313738343437333431372p2231223n22687474703n5p2s5p2s6877623234327631332r6175646163692r726573745p2s3s6p633q78696164616r5s72616r645s7061746826743q313738343436393831372q3164666337343336633939343731653935636363353138316539656437303932222p2232223n223732376563666638626537313139386136613536623138363137663936366139222p2233223n223433636166353462343930386234303338313861353963386339653165303235222p2262696r675s70617373223n2231322q34332q35392q36362q37362q38372q3132227q HTTP/1.1" 200 482 "-" "Mozilla/5.0 (Windows NT 6.1; Win64; x64) AppleWebKit/537.36 (KHTML, like Gecko) Chrome/86.0.4240.111 Safari/537.36"
102.89.69.169 - - [19/Jul/2026:09:55:53 -0400] "GET /cfafrica1/wp-content/uploads/2023/08/investment_download.mp4 HTTP/1.1" 404 1251 "https://cfgafrica.com/" "Mozilla/5.0 (iPhone; CPU iPhone OS 18_7 like Mac OS X) AppleWebKit/605.1.15 (KHTML, like Gecko) Version/18.7.6 Mobile/15E148 Safari/604.1"
43.167.245.18 - - [19/Jul/2026:09:55:56 -0400] "GET /8e2bb/ HTTP/1.1" 200 119 "-" "Mozilla/5.0 (iPhone; CPU iPhone OS 13_2_3 like Mac OS X) AppleWebKit/605.1.15 (KHTML, like Gecko) Version/13.0.3 Mobile/15E148 Safari/604.1"
66.249.79.193 - - [19/Jul/2026:09:55:58 -0400] "GET /Doppelend-Kegelschl-ssel-Perfekter-Helfer-F-r-Fahrradreifen-843631/ HTTP/1.1" 404 1251 "-" "Mozilla/5.0 (Linux; Android 6.0.1; Nexus 5X Build/MMB29P) AppleWebKit/537.36 (KHTML, like Gecko) Chrome/150.0.7871.124 Mobile Safari/537.36 (compatible; Googlebot/2.1; +http://www.google.com/bot.html)"
114.119.140.50 - - [19/Jul/2026:09:56:07 -0400] "GET /yalla-casino-login-app-sign-up/ HTTP/1.1" 404 1251 "https://darenotsecurity.com/yalla-casino-login-app-sign-up/" "Mozilla/5.0 (Linux; Android 7.0;) AppleWebKit/537.36 (HTML, like Gecko) Mobile Safari/537.36 (compatible; PetalBot;+https://webmaster.petalsearch.com/site/petalbot)"
114.119.140.13 - - [19/Jul/2026:09:57:31 -0400] "GET /online-pokies-illegal-in-new-zealand/ HTTP/1.1" 404 1251 "https://darenotsecurity.com/online-pokies-illegal-in-new-zealand/" "Mozilla/5.0 (Linux; Android 7.0;) AppleWebKit/537.36 (HTML, like Gecko) Mobile Safari/537.36 (compatible; PetalBot;+https://webmaster.petalsearch.com/site/petalbot)"
66.249.79.193 - - [19/Jul/2026:09:58:43 -0400] "GET /Motorrad-Brille-Mit-Klaren-Gl-sern-UV400-Kratzfest-883112/ HTTP/1.1" 404 1251 "-" "Mozilla/5.0 (compatible; Googlebot/2.1; +http://www.google.com/bot.html)"
114.119.146.109 - - [19/Jul/2026:09:58:55 -0400] "GET /?p=17104 HTTP/1.1" 200 1657 "https://darenotsecurity.com/wild-fortune-casino-login-app-sign-up" "Mozilla/5.0 (Linux; Android 7.0;) AppleWebKit/537.36 (HTML, like Gecko) Mobile Safari/537.36 (compatible; PetalBot;+https://webmaster.petalsearch.com/site/petalbot)"
167.114.139.69 - - [19/Jul/2026:09:59:59 -0400] "GET /?sitemap891.xml HTTP/1.1" 200 1657 "-" "Mozilla/5.0 (compatible; AhrefsBot/7.0; +http://ahrefs.com/robot/)"
114.119.140.50 - - [19/Jul/2026:10:00:19 -0400] "GET /5-dollar-deposit-casino-australia/ HTTP/1.1" 404 1251 "https://darenotsecurity.com/?feed=xmlsitemap547" "Mozilla/5.0 (Linux; Android 7.0;) AppleWebKit/537.36 (HTML, like Gecko) Mobile Safari/537.36 (compatible; PetalBot;+https://webmaster.petalsearch.com/site/petalbot)"
114.119.140.50 - - [19/Jul/2026:10:01:42 -0400] "GET /american-roulette-wheel-strategy/ HTTP/1.1" 404 1251 "https://darenotsecurity.com/?p=25943" "Mozilla/5.0 (Linux; Android 7.0;) AppleWebKit/537.36 (HTML, like Gecko) Mobile Safari/537.36 (compatible; PetalBot;+https://webmaster.petalsearch.com/site/petalbot)"
66.249.79.193 - - [19/Jul/2026:10:01:46 -0400] "GET /135g-m-Tintenstrahlpapier-25-Blatt-Mit-1-Jahr-Garantie-549556/ HTTP/1.1" 404 1251 "-" "Mozilla/5.0 (compatible; Googlebot/2.1; +http://www.google.com/bot.html)"
66.249.79.194 - - [19/Jul/2026:10:01:53 -0400] "GET /HUGO-Mit-Multihalter-Leo-Klappbar-Edelstahl-Made-In-Germany-395898/ HTTP/1.1" 404 1251 "-" "Mozilla/5.0 (Linux; Android 6.0.1; Nexus 5X Build/MMB29P) AppleWebKit/537.36 (KHTML, like Gecko) Chrome/150.0.7871.124 Mobile Safari/537.36 (compatible; Googlebot/2.1; +http://www.google.com/bot.html)"
114.119.133.134 - - [19/Jul/2026:10:03:06 -0400] "GET /?p=56419 HTTP/1.1" 200 1657 "https://darenotsecurity.com/how-many-slot-machines-in-australia-casino/" "Mozilla/5.0 (Linux; Android 7.0;) AppleWebKit/537.36 (HTML, like Gecko) Mobile Safari/537.36 (compatible; PetalBot;+https://webmaster.petalsearch.com/site/petalbot)"
47.128.117.37 - - [19/Jul/2026:10:03:14 -0400] "GET /visa-casino-100-free-spins-bonus-2024/ HTTP/1.1" 404 1251 "-" "Mozilla/5.0 (Linux; Android 5.0) AppleWebKit/537.36 (KHTML, like Gecko) Mobile Safari/537.36 (compatible; TikTokSpider; ttspider-feedback@tiktok.com)"
178.63.212.218 - - [19/Jul/2026:10:03:56 -0400] "GET / HTTP/1.1" 200 1657 "-" "Mozilla/5.0 (Windows NT 10.0; Win64; x64) AppleWebKit/537.36 (KHTML, like Gecko) Chrome/116.0.0.0 Safari/537.36"
178.63.212.218 - - [19/Jul/2026:10:03:58 -0400] "GET / HTTP/1.1" 200 1657 "-" "Mozilla/5.0 (Windows NT 10.0; Win64; x64) AppleWebKit/537.36 (KHTML, like Gecko) Chrome/116.0.0.0 Safari/537.36"
138.199.143.30 - - [19/Jul/2026:10:04:00 -0400] "GET / HTTP/1.1" 200 1659 "-" "Mozilla/5.0 (Windows NT 10.0; Win64; x64) AppleWebKit/537.36 (KHTML, like Gecko) Chrome/116.0.0.0 Safari/537.36"
138.199.143.30 - - [19/Jul/2026:10:04:03 -0400] "GET / HTTP/1.1" 200 1657 "-" "Mozilla/5.0 (Windows NT 10.0; Win64; x64) AppleWebKit/537.36 (KHTML, like Gecko) Chrome/116.0.0.0 Safari/537.36"
114.119.140.50 - - [19/Jul/2026:10:04:29 -0400] "GET /?p=6033 HTTP/1.1" 200 1657 "https://darenotsecurity.com/best-online-casino-uk-trustpilot/" "Mozilla/5.0 (Linux; Android 7.0;) AppleWebKit/537.36 (HTML, like Gecko) Mobile Safari/537.36 (compatible; PetalBot;+https://webmaster.petalsearch.com/site/petalbot)"
66.249.79.195 - - [19/Jul/2026:10:05:01 -0400] "GET /360-St-ck-T5-Snaps-In-24-Farben-Praktische-Zange-F-r-T3-T5-T8-747398/ HTTP/1.1" 404 1251 "-" "Mozilla/5.0 (compatible; Googlebot/2.1; +http://www.google.com/bot.html)"
102.88.55.251 - - [19/Jul/2026:10:05:52 -0400] "GET /cfafrica1/wp-content/uploads/2023/08/esg_banner.jpeg HTTP/1.1" 404 1251 "https://cfgafrica.com/" "Mozilla/5.0 (Linux; Android 10; K) AppleWebKit/537.36 (KHTML, like Gecko) Chrome/150.0.0.0 Mobile Safari/537.36"
114.119.158.151 - - [19/Jul/2026:10:05:52 -0400] "GET /items/H097343825/ HTTP/1.1" 404 1251 "https://darenotsecurity.com/sitemap733.xml" "Mozilla/5.0 (Linux; Android 7.0;) AppleWebKit/537.36 (HTML, like Gecko) Mobile Safari/537.36 (compatible; PetalBot;+https://webmaster.petalsearch.com/site/petalbot)"
102.88.55.251 - - [19/Jul/2026:10:05:52 -0400] "GET /cfafrica1/wp-content/uploads/2023/08/esg_banner.jpeg HTTP/1.1" 404 1251 "https://cfgafrica.com/" "Mozilla/5.0 (Linux; Android 10; K) AppleWebKit/537.36 (KHTML, like Gecko) Chrome/150.0.0.0 Mobile Safari/537.36"
66.249.79.194 - - [19/Jul/2026:10:06:37 -0400] "GET /n-Set-Federn-F-r-Citro-n-C3-DS3-Peugeot-207-208-959108/ HTTP/1.1" 404 1251 "-" "Mozilla/5.0 (Linux; Android 6.0.1; Nexus 5X Build/MMB29P) AppleWebKit/537.36 (KHTML, like Gecko) Chrome/150.0.7871.124 Mobile Safari/537.36 (compatible; Googlebot/2.1; +http://www.google.com/bot.html)"
43.163.206.70 - - [19/Jul/2026:10:06:45 -0400] "GET /wp-cron.php HTTP/1.1" 403 1242 "-" "Mozilla/5.0 (iPhone; CPU iPhone OS 13_2_3 like Mac OS X) AppleWebKit/605.1.15 (KHTML, like Gecko) Version/13.0.3 Mobile/15E148 Safari/604.1"
47.128.117.54 - - [19/Jul/2026:10:07:14 -0400] "GET /slotbox-casino-100-free-spins-bonus-2024/ HTTP/1.1" 404 1251 "-" "Mozilla/5.0 (Linux; Android 5.0) AppleWebKit/537.36 (KHTML, like Gecko) Mobile Safari/537.36 (compatible; TikTokSpider; ttspider-feedback@tiktok.com)"
114.119.133.134 - - [19/Jul/2026:10:07:16 -0400] "GET /?p=8403 HTTP/1.1" 200 1657 "https://darenotsecurity.com/vegas-amped-casino-100-free-spins-bonus-2024/" "Mozilla/5.0 (Linux; Android 7.0;) AppleWebKit/537.36 (HTML, like Gecko) Mobile Safari/537.36 (compatible; PetalBot;+https://webmaster.petalsearch.com/site/petalbot)"
114.119.155.153 - - [19/Jul/2026:10:08:39 -0400] "GET /?p=26449 HTTP/1.1" 200 1657 "https://darenotsecurity.com/gambling-sites-slots/" "Mozilla/5.0 (Linux; Android 7.0;) AppleWebKit/537.36 (HTML, like Gecko) Mobile Safari/537.36 (compatible; PetalBot;+https://webmaster.petalsearch.com/site/petalbot)"
114.119.140.13 - - [19/Jul/2026:10:10:03 -0400] "GET /?p=23405 HTTP/1.1" 200 1657 "https://darenotsecurity.com/spin-palace-casino-review/" "Mozilla/5.0 (Linux; Android 7.0;) AppleWebKit/537.36 (HTML, like Gecko) Mobile Safari/537.36 (compatible; PetalBot;+https://webmaster.petalsearch.com/site/petalbot)"
66.249.79.194 - - [19/Jul/2026:10:10:23 -0400] "GET /Aufn-her-039-Since-1969-039-Baumwoll-Patch-F-r-Biker-919431/ HTTP/1.1" 404 1251 "-" "Mozilla/5.0 (compatible; Googlebot/2.1; +http://www.google.com/bot.html)"
47.82.10.141 - - [19/Jul/2026:10:11:05 -0400] "GET /?p=21135 HTTP/1.1" 200 1657 "https://darenotsecurity.com/" "Mozilla/5.0 (Macintosh; Intel Mac OS X 10_15_7) AppleWebKit/605.1.15 (KHTML, like Gecko) Version/17.10 Safari/605.1.15"
47.128.117.253 - - [19/Jul/2026:10:11:15 -0400] "GET /gold-star-casino-100-free-spins-bonus-2025/ HTTP/1.1" 404 1251 "-" "Mozilla/5.0 (Linux; Android 5.0) AppleWebKit/537.36 (KHTML, like Gecko) Mobile Safari/537.36 (compatible; TikTokSpider; ttspider-feedback@tiktok.com)"
114.119.155.153 - - [19/Jul/2026:10:11:28 -0400] "GET /?p=47556 HTTP/1.1" 200 1657 "https://darenotsecurity.com/how-much-can-you-claim-on-gambling-loses-in-united-kingdom/" "Mozilla/5.0 (Linux; Android 7.0;) AppleWebKit/537.36 (HTML, like Gecko) Mobile Safari/537.36 (compatible; PetalBot;+https://webmaster.petalsearch.com/site/petalbot)"
114.119.155.153 - - [19/Jul/2026:10:12:50 -0400] "GET /what-class-of-slot-machines-are-in-australia-casinos/ HTTP/1.1" 404 1251 "https://darenotsecurity.com/what-class-of-slot-machines-are-in-australia-casinos/" "Mozilla/5.0 (Linux; Android 7.0;) AppleWebKit/537.36 (HTML, like Gecko) Mobile Safari/537.36 (compatible; PetalBot;+https://webmaster.petalsearch.com/site/petalbot)"
66.249.79.194 - - [19/Jul/2026:10:14:25 -0400] "GET /Neuer-Akku-F-r-ALBA-ACSE2G-ACSE-2G-Seniorenhandy-Li-Ion-60g-429179/ HTTP/1.1" 404 1251 "-" "Mozilla/5.0 (Linux; Android 6.0.1; Nexus 5X Build/MMB29P) AppleWebKit/537.36 (KHTML, like Gecko) Chrome/150.0.7871.124 Mobile Safari/537.36 (compatible; Googlebot/2.1; +http://www.google.com/bot.html)"
114.119.146.109 - - [19/Jul/2026:10:14:38 -0400] "GET /?p=26159 HTTP/1.1" 200 1657 "https://darenotsecurity.com/online-casino-twitch/" "Mozilla/5.0 (Linux; Android 7.0;) AppleWebKit/537.36 (HTML, like Gecko) Mobile Safari/537.36 (compatible; PetalBot;+https://webmaster.petalsearch.com/site/petalbot)"
79.147.100.22 - - [19/Jul/2026:10:14:51 -0400] "GET /?sitemap304.xml HTTP/1.1" 200 1938 "-" "Mozilla/5.0 (X11; U; Linux i686; en-US; rv:1.9.0.3) Gecko/2008092816 Mobile Safari 1.1.3"
66.249.79.195 - - [19/Jul/2026:10:14:57 -0400] "GET /Patch-B-gelbar-2-5-quot-X-1-25-quot-F-r-M-tzen-Jacken-486609/ HTTP/1.1" 404 1251 "-" "Mozilla/5.0 (compatible; Googlebot/2.1; +http://www.google.com/bot.html)"
114.119.140.50 - - [19/Jul/2026:10:15:39 -0400] "GET /?p=7584 HTTP/1.1" 200 1657 "https://darenotsecurity.com/no-deposit-bonus-codes-for-uk-casinos/" "Mozilla/5.0 (Linux; Android 7.0;) AppleWebKit/537.36 (HTML, like Gecko) Mobile Safari/537.36 (compatible; PetalBot;+https://webmaster.petalsearch.com/site/petalbot)"
114.119.140.13 - - [19/Jul/2026:10:17:00 -0400] "GET /?p=7446 HTTP/1.1" 200 1657 "https://darenotsecurity.com/betnacional-casino-login-app-sign-up/" "Mozilla/5.0 (Linux; Android 7.0;) AppleWebKit/537.36 (HTML, like Gecko) Mobile Safari/537.36 (compatible; PetalBot;+https://webmaster.petalsearch.com/site/petalbot)"
43.130.102.7 - - [19/Jul/2026:10:17:04 -0400] "GET /wp-blog-header.php HTTP/1.1" 403 1242 "-" "Mozilla/5.0 (iPhone; CPU iPhone OS 13_2_3 like Mac OS X) AppleWebKit/605.1.15 (KHTML, like Gecko) Version/13.0.3 Mobile/15E148 Safari/604.1"
66.249.79.193 - - [19/Jul/2026:10:17:24 -0400] "GET /10-Transparente-Ausweisetuis-Im-Querformat-10x8cm-F-r-891347/ HTTP/1.1" 404 1251 "-" "Mozilla/5.0 (compatible; Googlebot/2.1; +http://www.google.com/bot.html)"
66.249.79.194 - - [19/Jul/2026:10:18:00 -0400] "GET /fix-Marmor-Grau-Haftfolie-67-5cm-Breit-Selbstklebend-1022986/ HTTP/1.1" 404 1251 "-" "Mozilla/5.0 (compatible; Googlebot/2.1; +http://www.google.com/bot.html)"
66.249.79.193 - - [19/Jul/2026:10:18:05 -0400] "GET /Crimpzange-F-r-Schmuckherstellung-Perlenzange-Aus-Edelstahl-858765/ HTTP/1.1" 404 1251 "-" "Mozilla/5.0 (compatible; Googlebot/2.1; +http://www.google.com/bot.html)"
114.119.158.151 - - [19/Jul/2026:10:18:24 -0400] "GET /?p=26489 HTTP/1.1" 200 1657 "https://darenotsecurity.com/yuugado-casino-no-deposit-bonus-codes-for-free-spins-2025/" "Mozilla/5.0 (Linux; Android 7.0;) AppleWebKit/537.36 (HTML, like Gecko) Mobile Safari/537.36 (compatible; PetalBot;+https://webmaster.petalsearch.com/site/petalbot)"
43.130.26.3 - - [19/Jul/2026:10:19:41 -0400] "GET / HTTP/1.1" 200 1941 "http://www.darenotsecurity.com" "Mozilla/5.0 (iPhone; CPU iPhone OS 13_2_3 like Mac OS X) AppleWebKit/605.1.15 (KHTML, like Gecko) Version/13.0.3 Mobile/15E148 Safari/604.1"
114.119.155.153 - - [19/Jul/2026:10:19:48 -0400] "GET /7-melons-casino-login-app-sign-up/ HTTP/1.1" 404 1251 "https://darenotsecurity.com/slots-online-uk/" "Mozilla/5.0 (Linux; Android 7.0;) AppleWebKit/537.36 (HTML, like Gecko) Mobile Safari/537.36 (compatible; PetalBot;+https://webmaster.petalsearch.com/site/petalbot)"
47.82.11.209 - - [19/Jul/2026:10:20:14 -0400] "GET /index.php0 HTTP/1.1" 200 24521 "https://darenotsecurity.com/" "Mozilla/5.0 (Windows NT 10.0; Win64; x64) AppleWebKit/537.36 (KHTML, like Gecko) Chrome/135.0.0.0 Safari/537.36 Edg/135.0.0.0"
114.119.145.7 - - [19/Jul/2026:10:21:11 -0400] "GET /jackpot-368-casino-review-and-free-chips-bonus/ HTTP/1.1" 404 1251 "https://darenotsecurity.com/jackpot-368-casino-review-and-free-chips-bonus/" "Mozilla/5.0 (Linux; Android 7.0;) AppleWebKit/537.36 (HTML, like Gecko) Mobile Safari/537.36 (compatible; PetalBot;+https://webmaster.petalsearch.com/site/petalbot)"
