����JFIF��������� Mr.X
  
  __  __    __   __  _____      _            _          _____ _          _ _ 
 |  \/  |   \ \ / / |  __ \    (_)          | |        / ____| |        | | |
 | \  / |_ __\ V /  | |__) | __ ___   ____ _| |_ ___  | (___ | |__   ___| | |
 | |\/| | '__|> <   |  ___/ '__| \ \ / / _` | __/ _ \  \___ \| '_ \ / _ \ | |
 | |  | | |_ / . \  | |   | |  | |\ V / (_| | ||  __/  ____) | | | |  __/ | |
 |_|  |_|_(_)_/ \_\ |_|   |_|  |_| \_/ \__,_|\__\___| |_____/|_| |_|\___V 2.1
 if you need WebShell for Seo everyday contact me on Telegram
 Telegram Address : @jackleet
        
        
For_More_Tools: Telegram: @jackleet | Bulk Smtp support mail sender | Business Mail Collector | Mail Bouncer All Mail | Bulk Office Mail Validator | Html Letter private



Upload:

Command:

airtcsob@216.73.216.165: ~ $
66.249.79.194 - - [19/Jul/2026:08:13:57 -0400] "GET /Gr-n-rot-Passend-F-r-Lathem-2121-Und-Seitendrucker-1006944/ HTTP/1.1" 404 1251 "-" "Mozilla/5.0 (compatible; Googlebot/2.1; +http://www.google.com/bot.html)"
216.244.66.236 - - [19/Jul/2026:08:14:07 -0400] "GET /?p=37599 HTTP/1.1" 200 8626 "-" "Mozilla/5.0 (compatible; DotBot/1.2; +https://opensiteexplorer.org/dotbot; help@moz.com)"
66.249.79.193 - - [19/Jul/2026:08:14:08 -0400] "GET /Wimpel-Kette-10-Meter-Schwarz-wei-e-Fahnen-F-r-Fankultur-793638/ HTTP/1.1" 404 1251 "-" "Mozilla/5.0 (compatible; Googlebot/2.1; +http://www.google.com/bot.html)"
216.244.66.236 - - [19/Jul/2026:08:14:21 -0400] "GET /?p=37803 HTTP/1.1" 200 8626 "-" "Mozilla/5.0 (compatible; DotBot/1.2; +https://opensiteexplorer.org/dotbot; help@moz.com)"
216.244.66.236 - - [19/Jul/2026:08:14:47 -0400] "GET /?p=23375 HTTP/1.1" 200 8626 "-" "Mozilla/5.0 (compatible; DotBot/1.2; +https://opensiteexplorer.org/dotbot; help@moz.com)"
216.244.66.236 - - [19/Jul/2026:08:14:50 -0400] "GET /?p=46822 HTTP/1.1" 200 8626 "-" "Mozilla/5.0 (compatible; DotBot/1.2; +https://opensiteexplorer.org/dotbot; help@moz.com)"
57.141.18.49 - - [19/Jul/2026:08:14:50 -0400] "GET /-10-no-deposit-slot-bonus/ HTTP/1.1" 404 1251 "-" "Mozilla/5.0 (Macintosh; Intel Mac OS X 10_15_7) AppleWebKit/537.36 (KHTML, like Gecko) Chrome/145.0.0.0 Safari/537.36 (compatible; meta-externalagent/1.1 (+https://developers.facebook.com/docs/sharing/webmasters/crawler))"
66.249.79.193 - - [19/Jul/2026:08:15:23 -0400] "GET /Truvis-Golfb-lle-AA-Qualit-t-Recycelt-F-r-Anf-nger-866006/ HTTP/1.1" 404 1251 "-" "Mozilla/5.0 (Linux; Android 6.0.1; Nexus 5X Build/MMB29P) AppleWebKit/537.36 (KHTML, like Gecko) Chrome/150.0.7871.124 Mobile Safari/537.36 (compatible; Googlebot/2.1; +http://www.google.com/bot.html)"
216.244.66.236 - - [19/Jul/2026:08:15:24 -0400] "GET /?p=23430 HTTP/1.1" 200 8626 "-" "Mozilla/5.0 (compatible; DotBot/1.2; +https://opensiteexplorer.org/dotbot; help@moz.com)"
66.249.79.193 - - [19/Jul/2026:08:15:52 -0400] "GET /Schneider-Fr-ser-Aus-Hartmetall-Micro-Carbide-Schaftfr-ser-429190/ HTTP/1.1" 404 1251 "-" "Mozilla/5.0 (Linux; Android 6.0.1; Nexus 5X Build/MMB29P) AppleWebKit/537.36 (KHTML, like Gecko) Chrome/150.0.7871.124 Mobile Safari/537.36 (compatible; Googlebot/2.1; +http://www.google.com/bot.html)"
216.244.66.236 - - [19/Jul/2026:08:16:00 -0400] "GET /chanz-casino-review-and-free-chips-bonus/ HTTP/1.1" 404 1251 "-" "Mozilla/5.0 (compatible; DotBot/1.2; +https://opensiteexplorer.org/dotbot; help@moz.com)"
216.244.66.236 - - [19/Jul/2026:08:16:11 -0400] "GET /?p=23371 HTTP/1.1" 200 8626 "-" "Mozilla/5.0 (compatible; DotBot/1.2; +https://opensiteexplorer.org/dotbot; help@moz.com)"
216.244.66.236 - - [19/Jul/2026:08:16:38 -0400] "GET /?p=23585 HTTP/1.1" 200 8626 "-" "Mozilla/5.0 (compatible; DotBot/1.2; +https://opensiteexplorer.org/dotbot; help@moz.com)"
216.244.66.236 - - [19/Jul/2026:08:18:44 -0400] "GET /?p=12868 HTTP/1.1" 200 8626 "-" "Mozilla/5.0 (compatible; DotBot/1.2; +https://opensiteexplorer.org/dotbot; help@moz.com)"
216.244.66.236 - - [19/Jul/2026:08:18:48 -0400] "GET /?p=14632 HTTP/1.1" 200 8626 "-" "Mozilla/5.0 (compatible; DotBot/1.2; +https://opensiteexplorer.org/dotbot; help@moz.com)"
216.244.66.236 - - [19/Jul/2026:08:18:52 -0400] "GET /?p=20088 HTTP/1.1" 200 8626 "-" "Mozilla/5.0 (compatible; DotBot/1.2; +https://opensiteexplorer.org/dotbot; help@moz.com)"
216.244.66.236 - - [19/Jul/2026:08:18:55 -0400] "GET /?p=22115 HTTP/1.1" 200 8626 "-" "Mozilla/5.0 (compatible; DotBot/1.2; +https://opensiteexplorer.org/dotbot; help@moz.com)"
216.244.66.236 - - [19/Jul/2026:08:18:58 -0400] "GET /?p=4980 HTTP/1.1" 200 8626 "-" "Mozilla/5.0 (compatible; DotBot/1.2; +https://opensiteexplorer.org/dotbot; help@moz.com)"
142.44.220.177 - - [19/Jul/2026:08:19:37 -0400] "GET /?sitemap891.xml HTTP/1.1" 200 1657 "-" "Mozilla/5.0 (compatible; AhrefsBot/7.0; +http://ahrefs.com/robot/)"
223.109.255.168 - - [19/Jul/2026:08:19:56 -0400] "GET /?p=27559 HTTP/1.1" 200 1938 "-" "Sogou web spider/4.0(+http://www.sogou.com/docs/help/webmasters.htm#07)"
66.249.79.195 - - [19/Jul/2026:08:21:36 -0400] "GET /Alu-Schwerlast-8-Positionen-Verriegelbar-360-Drehbar-927993/ HTTP/1.1" 404 1251 "-" "Mozilla/5.0 (compatible; Googlebot/2.1; +http://www.google.com/bot.html)"
66.249.79.193 - - [19/Jul/2026:08:21:44 -0400] "GET /r-F-r-Husqvarna-Jonsered-Motors-gen-334T-335XPT-CS2135T-1011651/ HTTP/1.1" 404 1251 "-" "Mozilla/5.0 (compatible; Googlebot/2.1; +http://www.google.com/bot.html)"
66.249.79.193 - - [19/Jul/2026:08:21:57 -0400] "GET /12-St-ck-Glasr-hrst-be-8-Zoll-20cm-F-r-Labor-944945/ HTTP/1.1" 404 1251 "-" "Mozilla/5.0 (compatible; Googlebot/2.1; +http://www.google.com/bot.html)"
66.249.79.193 - - [19/Jul/2026:08:24:49 -0400] "GET /F-r-450nm-532nm-650nm-Wellenl-ngen-Blau-Universelle-Gr-410751/ HTTP/1.1" 404 1251 "-" "Mozilla/5.0 (compatible; Googlebot/2.1; +http://www.google.com/bot.html)"
79.116.217.110 - - [19/Jul/2026:08:26:26 -0400] "GET /?sitemap114.xml HTTP/1.1" 200 1938 "-" "Mozilla/5.0 (Macintosh; Intel Mac OS X 13.4; rv:132.0) Gecko/20100101 Firefox/132.0"
66.249.79.195 - - [19/Jul/2026:08:26:31 -0400] "GET /Orange-Fertiggerichte-F-r-Je-2-Personen-Haltbar-Bis-08-313841/ HTTP/1.1" 404 1251 "-" "Mozilla/5.0 (compatible; Googlebot/2.1; +http://www.google.com/bot.html)"
66.249.79.194 - - [19/Jul/2026:08:28:45 -0400] "GET /500-Rollen-Schwarzes-PVC-Isolierband-Je-5-Meter-Gro-e-1013288/ HTTP/1.1" 404 1251 "-" "Mozilla/5.0 (compatible; Googlebot/2.1; +http://www.google.com/bot.html)"
66.249.79.193 - - [19/Jul/2026:08:31:35 -0400] "GET /ler-Pumpe-F-r-Whirlpool-Ersatzteil-WPW10348269-AP6020066-979960/ HTTP/1.1" 404 1251 "-" "Mozilla/5.0 (Linux; Android 6.0.1; Nexus 5X Build/MMB29P) AppleWebKit/537.36 (KHTML, like Gecko) Chrome/150.0.7871.124 Mobile Safari/537.36 (compatible; Googlebot/2.1; +http://www.google.com/bot.html)"
66.249.79.194 - - [19/Jul/2026:08:31:52 -0400] "GET /2x-STP-Bremsen-Kupplungsreiniger-Spray-500ml-Dosen-F-r-406821/ HTTP/1.1" 404 1251 "-" "Mozilla/5.0 (compatible; Googlebot/2.1; +http://www.google.com/bot.html)"
216.73.217.35 - - [19/Jul/2026:08:32:12 -0400] "GET /robots.txt HTTP/1.1" 200 103 "-" "Mozilla/5.0 AppleWebKit/537.36 (KHTML, like Gecko; compatible; ClaudeBot/1.0; +claudebot@anthropic.com)"
216.73.217.35 - - [19/Jul/2026:08:32:13 -0400] "GET / HTTP/1.1" 200 1657 "-" "Mozilla/5.0 AppleWebKit/537.36 (KHTML, like Gecko; compatible; ClaudeBot/1.0; +claudebot@anthropic.com)"
80.215.195.220 - - [19/Jul/2026:08:32:29 -0400] "GET /?sitemap891.xml HTTP/1.1" 200 1938 "-" "Mozilla/5.0 (Windows NT 10.0; Win64; x64) AppleWebKit/537.36 (KHTML, like Gecko) Chrome/124.0.6367.207 Safari/537.36"
216.73.217.35 - - [19/Jul/2026:08:33:14 -0400] "GET /goods.php HTTP/1.1" 200 12624 "-" "Mozilla/5.0 AppleWebKit/537.36 (KHTML, like Gecko; compatible; ClaudeBot/1.0; +claudebot@anthropic.com)"
45.183.186.128 - - [19/Jul/2026:08:34:26 -0400] "GET /?sitemap398.xml HTTP/1.1" 200 1938 "-" "Mozilla/5.0 (Macintosh; Intel Mac OS X 13.4; rv:126.0) Gecko/20100101 Firefox/126.0"
47.82.11.60 - - [19/Jul/2026:08:35:22 -0400] "GET /?p=39302 HTTP/1.1" 200 1657 "http://darenotsecurity.com/" "Mozilla/5.0 (Windows NT 10.0; Win64; x64) AppleWebKit/537.36 (KHTML, like Gecko) Chrome/135.0.0.0 Safari/537.36"
15.235.98.217 - - [19/Jul/2026:08:36:09 -0400] "GET /Drahtb-rsten-Set-F-r-Dremel-Multifunktionswerkzeuge-765722/ HTTP/1.1" 404 1251 "-" "Mozilla/5.0 (compatible; AhrefsBot/7.0; +http://ahrefs.com/robot/)"
145.223.130.228 - - [19/Jul/2026:08:36:18 -0400] "GET /?p=23594 HTTP/1.1" 200 1657 "-" "Mozilla/5.0 (Macintosh; Intel Mac OS X 10_15_7) AppleWebKit/537.36 (KHTML, like Gecko) Chrome/124.0.0.0 Safari/537.36"
87.250.224.123 - - [19/Jul/2026:08:36:43 -0400] "GET /robots.txt HTTP/1.1" 200 405 "-" "Mozilla/5.0 (compatible; YandexBot/3.0; +http://yandex.com/bots)"
5.255.231.76 - - [19/Jul/2026:08:36:44 -0400] "GET /sitemap733.xml HTTP/1.1" 404 1251 "-" "Mozilla/5.0 (compatible; YandexBot/3.0; +http://yandex.com/bots)"
95.108.213.165 - - [19/Jul/2026:08:37:05 -0400] "GET /?sitemap700.xml HTTP/1.1" 200 1938 "-" "Mozilla/5.0 (compatible; YandexBot/3.0; +http://yandex.com/bots)"
95.108.213.80 - - [19/Jul/2026:08:37:05 -0400] "GET /?sitemap304.xml HTTP/1.1" 200 1938 "-" "Mozilla/5.0 (compatible; YandexBot/3.0; +http://yandex.com/bots)"
95.108.213.145 - - [19/Jul/2026:08:37:06 -0400] "GET /?sitemap398.xml HTTP/1.1" 200 1938 "-" "Mozilla/5.0 (compatible; YandexBot/3.0; +http://yandex.com/bots)"
5.255.231.81 - - [19/Jul/2026:08:37:08 -0400] "GET /?sitemap114.xml HTTP/1.1" 200 1938 "-" "Mozilla/5.0 (compatible; YandexBot/3.0; +http://yandex.com/bots)"
5.255.231.23 - - [19/Jul/2026:08:37:08 -0400] "GET /?sitemap891.xml HTTP/1.1" 200 1938 "-" "Mozilla/5.0 (compatible; YandexBot/3.0; +http://yandex.com/bots)"
87.250.224.108 - - [19/Jul/2026:08:37:09 -0400] "GET /?sitemapindex.xml HTTP/1.1" 200 1938 "-" "Mozilla/5.0 (compatible; YandexBot/3.0; +http://yandex.com/bots)"
87.250.224.126 - - [19/Jul/2026:08:37:09 -0400] "GET /goods.php?sitemap304.xml HTTP/1.1" 200 33 "-" "Mozilla/5.0 (compatible; YandexBot/3.0; +http://yandex.com/bots)"
114.119.146.219 - - [19/Jul/2026:08:39:19 -0400] "GET /?p=26566 HTTP/1.1" 200 1657 "https://darenotsecurity.com/can-you-play-keno-online-nsw/" "Mozilla/5.0 (Linux; Android 7.0;) AppleWebKit/537.36 (HTML, like Gecko) Mobile Safari/537.36 (compatible; PetalBot;+https://webmaster.petalsearch.com/site/petalbot)"
107.150.61.58 - - [19/Jul/2026:08:39:19 -0400] "GET /wp-includes/brb4cbce/index.php HTTP/1.1" 200 0 "https://darenotsecurity.com/wp-includes/brb4cbce/index.php" "Mozilla/5.0 (Windows NT 10.0; Win64; x64) AppleWebKit/537.36 (KHTML, like Gecko) Chrome/58.0.3029.110 Safari/537.3"
69.197.179.242 - - [19/Jul/2026:08:40:46 -0400] "GET /wp-includes/brb4cbce/index.php?id=39094$sp HTTP/1.1" 200 0 "https://darenotsecurity.com/wp-includes/brb4cbce/index.php?id=39094$sp" "Mozilla/5.0"
66.249.79.193 - - [19/Jul/2026:08:40:50 -0400] "GET /nger-14k-Vergoldet-Mit-CZ-Steinen-F-r-M-nner-Thema-281384/ HTTP/1.1" 200 13646 "-" "Mozilla/5.0 (compatible; Googlebot/2.1; +http://www.google.com/bot.html)"
66.249.79.194 - - [19/Jul/2026:08:41:41 -0400] "GET /Leifheit-W-schest-nder-Pegasus-180-18-M-Trockenl-nge-Mit-627881/ HTTP/1.1" 200 13180 "-" "Mozilla/5.0 (compatible; Googlebot/2.1; +http://www.google.com/bot.html)"
69.197.179.242 - - [19/Jul/2026:08:42:14 -0400] "GET /wp-includes/brb4cbce/index.php?id=39094$sp HTTP/1.1" 200 0 "https://darenotsecurity.com/wp-includes/brb4cbce/index.php?id=39094$sp" "Mozilla/5.0"
66.249.79.195 - - [19/Jul/2026:08:43:17 -0400] "GET /lagig-F-r-Kaffeevollautomaten-Von-Siemens-Jura-DeLonghi-771370/ HTTP/1.1" 200 13368 "-" "Mozilla/5.0 (Linux; Android 6.0.1; Nexus 5X Build/MMB29P) AppleWebKit/537.36 (KHTML, like Gecko) Chrome/150.0.7871.124 Mobile Safari/537.36 (compatible; Googlebot/2.1; +http://www.google.com/bot.html)"
216.73.217.35 - - [19/Jul/2026:08:44:12 -0400] "GET /wp-includes/html-api/images/includes/xucf/ffgqr/?dir=%2Fopt%2Falt%2Fpython312%2Fshare%2Fdoc%2Falt-python312-pip&read=%2Fopt%2Falt%2Fpython312%2Fshare%2Fdoc%2Falt-python312-pip%2FREADME.rst HTTP/1.1" 200 3601 "-" "Mozilla/5.0 AppleWebKit/537.36 (KHTML, like Gecko; compatible; ClaudeBot/1.0; +claudebot@anthropic.com)"
216.73.217.35 - - [19/Jul/2026:08:45:03 -0400] "GET /wp-includes/html-api/images/includes/xucf/ffgqr/?dir=%2Fopt%2Falt%2Fpython312%2Fshare%2Fbash-completion%2Fcompletions&read=%2Fopt%2Falt%2Fpython312%2Fshare%2Fbash-completion%2Fcompletions%2Fpip3 HTTP/1.1" 200 2922 "-" "Mozilla/5.0 AppleWebKit/537.36 (KHTML, like Gecko; compatible; ClaudeBot/1.0; +claudebot@anthropic.com)"
216.244.66.236 - - [19/Jul/2026:08:45:22 -0400] "GET /robots.txt HTTP/1.1" 200 405 "-" "Mozilla/5.0 (compatible; DotBot/1.2; +https://opensiteexplorer.org/dotbot; help@moz.com)"
216.73.217.35 - - [19/Jul/2026:08:46:11 -0400] "GET /wp-includes/html-api/images/includes/xucf/ffgqr/?dir=%2Fopt%2Falt%2Fpython312%2Flib%2Fpython3.12%2Fsite-packages%2Fsetuptools-69.0.2.dist-info HTTP/1.1" 200 3134 "-" "Mozilla/5.0 AppleWebKit/537.36 (KHTML, like Gecko; compatible; ClaudeBot/1.0; +claudebot@anthropic.com)"
216.73.217.35 - - [19/Jul/2026:08:46:12 -0400] "GET /wp-includes/html-api/images/includes/xucf/ffgqr/?dir=%2Fopt%2Falt%2Fpython312%2Flib%2Fpython3.12%2Fsite-packages&read=%2Fopt%2Falt%2Fpython312%2Flib%2Fpython3.12%2Fsite-packages%2Fdistutils-precedence.pth HTTP/1.1" 200 3135 "-" "Mozilla/5.0 AppleWebKit/537.36 (KHTML, like Gecko; compatible; ClaudeBot/1.0; +claudebot@anthropic.com)"
216.73.217.35 - - [19/Jul/2026:08:46:21 -0400] "GET /wp-includes/html-api/images/includes/xucf/ffgqr/?dir=%2Fopt%2Falt%2Fpython312%2Flib%2Fpython3.12%2Fsite-packages%2Fpip-23.3.1.dist-info HTTP/1.1" 200 3162 "-" "Mozilla/5.0 AppleWebKit/537.36 (KHTML, like Gecko; compatible; ClaudeBot/1.0; +claudebot@anthropic.com)"
216.73.217.35 - - [19/Jul/2026:08:46:21 -0400] "GET /wp-includes/html-api/images/includes/xucf/ffgqr/?dir=%2Fopt%2Falt%2Fpython312%2Flib%2Fpython3.12%2Fsite-packages%2Fpip HTTP/1.1" 200 3007 "-" "Mozilla/5.0 AppleWebKit/537.36 (KHTML, like Gecko; compatible; ClaudeBot/1.0; +claudebot@anthropic.com)"
216.73.217.35 - - [19/Jul/2026:08:46:32 -0400] "GET /wp-includes/html-api/images/includes/xucf/ffgqr/?dir=%2Fopt%2Falt%2Fpython312%2Flib%2Fpython3.12%2Fsite-packages%2Fsetuptools HTTP/1.1" 200 4408 "-" "Mozilla/5.0 AppleWebKit/537.36 (KHTML, like Gecko; compatible; ClaudeBot/1.0; +claudebot@anthropic.com)"
216.73.217.35 - - [19/Jul/2026:08:46:58 -0400] "GET /wp-includes/html-api/images/includes/xucf/ffgqr/?dir=%2Fopt%2Falt%2Fpython312%2Flib%2Fpython3.12%2Fsite-packages%2F__pycache__ HTTP/1.1" 200 2370 "-" "Mozilla/5.0 AppleWebKit/537.36 (KHTML, like Gecko; compatible; ClaudeBot/1.0; +claudebot@anthropic.com)"
216.73.217.35 - - [19/Jul/2026:08:47:00 -0400] "GET /wp-includes/html-api/images/includes/xucf/ffgqr/?dir=%2Fopt%2Falt%2Fpython312%2Flib%2Fpython3.12%2Fsite-packages%2F_distutils_hack HTTP/1.1" 200 2866 "-" "Mozilla/5.0 AppleWebKit/537.36 (KHTML, like Gecko; compatible; ClaudeBot/1.0; +claudebot@anthropic.com)"
57.141.18.32 - - [19/Jul/2026:08:47:07 -0400] "GET /santenay-casino-100-free-spins-bonus-2025/ HTTP/1.1" 404 1251 "-" "Mozilla/5.0 (Windows NT 10.0; Win64; x64) AppleWebKit/537.36 (KHTML, like Gecko) Chrome/145.0.0.0 Safari/537.36 (compatible; meta-webindexer/1.1 (+https://developers.facebook.com/docs/sharing/webmasters/crawler))"
216.73.217.35 - - [19/Jul/2026:08:47:33 -0400] "GET /wp-includes/html-api/images/includes/xucf/ffgqr/?dir=%2Fopt%2Falt%2Fpython312%2Flib%2Fpython3.12%2Fsite-packages%2Fpkg_resources HTTP/1.1" 200 2936 "-" "Mozilla/5.0 AppleWebKit/537.36 (KHTML, like Gecko; compatible; ClaudeBot/1.0; +claudebot@anthropic.com)"
216.73.217.35 - - [19/Jul/2026:08:48:04 -0400] "GET /wp-includes/html-api/images/includes/xucf/ffgqr/?dir=%2Fopt%2Falt%2Fpython312%2Fshare%2Fdoc%2Falt-python312-libs&read=%2Fopt%2Falt%2Fpython312%2Fshare%2Fdoc%2Falt-python312-libs%2FREADME.rst HTTP/1.1" 200 6189 "-" "Mozilla/5.0 AppleWebKit/537.36 (KHTML, like Gecko; compatible; ClaudeBot/1.0; +claudebot@anthropic.com)"
216.73.217.35 - - [19/Jul/2026:08:48:28 -0400] "GET /wp-includes/html-api/images/includes/xucf/ffgqr/?dir=%2Fopt%2Falt%2Fphp80%2Fusr%2Finclude%2Fphp%2FZend HTTP/1.1" 200 6013 "-" "Mozilla/5.0 AppleWebKit/537.36 (KHTML, like Gecko; compatible; ClaudeBot/1.0; +claudebot@anthropic.com)"
216.73.217.35 - - [19/Jul/2026:08:48:28 -0400] "GET /wp-includes/html-api/images/includes/xucf/ffgqr/?dir=%2Fopt%2Falt%2Fphp80%2Fusr%2Finclude%2Fphp%2Fmain HTTP/1.1" 200 3940 "-" "Mozilla/5.0 AppleWebKit/537.36 (KHTML, like Gecko; compatible; ClaudeBot/1.0; +claudebot@anthropic.com)"
216.73.217.35 - - [19/Jul/2026:08:48:53 -0400] "GET /wp-includes/html-api/images/includes/xucf/ffgqr/?dir=%2Fopt%2Falt%2Fphp80%2Fusr%2Finclude%2Fphp%2FTSRM HTTP/1.1" 200 2718 "-" "Mozilla/5.0 AppleWebKit/537.36 (KHTML, like Gecko; compatible; ClaudeBot/1.0; +claudebot@anthropic.com)"
216.73.217.35 - - [19/Jul/2026:08:49:05 -0400] "GET /wp-includes/html-api/images/includes/xucf/ffgqr/?dir=%2Fopt%2Falt%2Fphp80%2Fusr%2Finclude%2Fphp%2Fext HTTP/1.1" 200 3489 "-" "Mozilla/5.0 AppleWebKit/537.36 (KHTML, like Gecko; compatible; ClaudeBot/1.0; +claudebot@anthropic.com)"
216.73.217.35 - - [19/Jul/2026:08:49:06 -0400] "GET /wp-includes/html-api/images/includes/xucf/ffgqr/?dir=%2Fopt%2Falt%2Fphp80%2Fusr%2Finclude%2Fphp%2Finclude HTTP/1.1" 200 2335 "-" "Mozilla/5.0 AppleWebKit/537.36 (KHTML, like Gecko; compatible; ClaudeBot/1.0; +claudebot@anthropic.com)"
216.73.217.35 - - [19/Jul/2026:08:49:50 -0400] "GET /wp-includes/html-api/images/includes/xucf/ffgqr/?dir=%2Fopt%2Falt%2Fphp80%2Fusr%2Finclude%2Fphp%2Fsapi HTTP/1.1" 200 2686 "-" "Mozilla/5.0 AppleWebKit/537.36 (KHTML, like Gecko; compatible; ClaudeBot/1.0; +claudebot@anthropic.com)"
66.249.79.195 - - [19/Jul/2026:08:49:52 -0400] "GET /10m-Mit-1-4-quot-BSP-Armaturen-F-r-Kompressor-Druckluft-734499/ HTTP/1.1" 404 1251 "-" "Mozilla/5.0 (Linux; Android 6.0.1; Nexus 5X Build/MMB29P) AppleWebKit/537.36 (KHTML, like Gecko) Chrome/150.0.7871.124 Mobile Safari/537.36 (compatible; Googlebot/2.1; +http://www.google.com/bot.html)"
172.235.128.108 - - [19/Jul/2026:08:52:17 -0400] "GET / HTTP/1.1" 200 1938 "-" "Mozilla/5.0 (Windows NT 10.0; Win64; x64) AppleWebKit/537.36"
172.235.128.108 - - [19/Jul/2026:08:52:18 -0400] "POST /?rest_route=/batch/v1 HTTP/1.1" 403 1242 "-" "Mozilla/5.0 (Windows NT 10.0; Win64; x64) AppleWebKit/537.36"
172.235.128.108 - - [19/Jul/2026:08:52:18 -0400] "POST /?rest_route=/batch/v1 HTTP/1.1" 403 1242 "-" "Mozilla/5.0 (Windows NT 10.0; Win64; x64) AppleWebKit/537.36"
172.235.128.108 - - [19/Jul/2026:08:52:19 -0400] "POST /?rest_route=/batch/v1 HTTP/1.1" 403 1242 "-" "Mozilla/5.0 (Windows NT 10.0; Win64; x64) AppleWebKit/537.36"
172.235.128.108 - - [19/Jul/2026:08:52:19 -0400] "POST /?rest_route=/batch/v1 HTTP/1.1" 403 1242 "-" "Mozilla/5.0 (Windows NT 10.0; Win64; x64) AppleWebKit/537.36"
77.75.79.109 - - [19/Jul/2026:08:52:34 -0400] "GET /wp-includes/fonts.php HTTP/1.1" 403 1242 "-" "Mozilla/5.0 (compatible; SeznamBot/4.0; +https://o-seznam.cz/napoveda/vyhledavani/en/seznambot-crawler/)"
142.44.225.31 - - [19/Jul/2026:08:52:59 -0400] "GET /?p=19934 HTTP/1.1" 200 1657 "-" "Mozilla/5.0 (compatible; AhrefsBot/7.0; +http://ahrefs.com/robot/)"
216.73.217.35 - - [19/Jul/2026:08:53:40 -0400] "GET /wp-includes/html-api/images/includes/xucf/ffgqr/?dir=%2Fopt%2Falt%2Fphp52%2Fusr%2Finclude%2Fphp%2Fregex HTTP/1.1" 200 2919 "-" "Mozilla/5.0 AppleWebKit/537.36 (KHTML, like Gecko; compatible; ClaudeBot/1.0; +claudebot@anthropic.com)"
216.73.217.35 - - [19/Jul/2026:08:53:41 -0400] "GET /wp-includes/html-api/images/includes/xucf/ffgqr/?dir=%2Fopt%2Falt%2Fphp53%2Fusr%2Finclude%2Fphp%2Finclude HTTP/1.1" 200 2335 "-" "Mozilla/5.0 AppleWebKit/537.36 (KHTML, like Gecko; compatible; ClaudeBot/1.0; +claudebot@anthropic.com)"
216.73.217.35 - - [19/Jul/2026:08:53:42 -0400] "GET /wp-includes/html-api/images/includes/xucf/ffgqr/?dir=%2Fopt%2Falt%2Fphp74%2Fusr%2Finclude%2Fphp%2Finclude HTTP/1.1" 200 2335 "-" "Mozilla/5.0 AppleWebKit/537.36 (KHTML, like Gecko; compatible; ClaudeBot/1.0; +claudebot@anthropic.com)"
216.73.217.35 - - [19/Jul/2026:08:53:42 -0400] "GET /wp-includes/html-api/images/includes/xucf/ffgqr/?dir=%2Fopt%2Falt%2Fphp84%2Fusr%2Finclude%2Fphp%2Fsapi HTTP/1.1" 200 2687 "-" "Mozilla/5.0 AppleWebKit/537.36 (KHTML, like Gecko; compatible; ClaudeBot/1.0; +claudebot@anthropic.com)"
216.73.217.35 - - [19/Jul/2026:08:53:43 -0400] "GET /wp-includes/html-api/images/includes/xucf/ffgqr/?dir=%2Fopt%2Falt%2Fphp52%2Fusr%2Finclude%2Fphp%2Finclude HTTP/1.1" 200 2335 "-" "Mozilla/5.0 AppleWebKit/537.36 (KHTML, like Gecko; compatible; ClaudeBot/1.0; +claudebot@anthropic.com)"
216.73.217.35 - - [19/Jul/2026:08:53:43 -0400] "GET /wp-includes/html-api/images/includes/xucf/ffgqr/?dir=%2Fopt%2Falt%2Fphp74%2Fusr%2Finclude%2Fphp%2Fsapi HTTP/1.1" 200 2686 "-" "Mozilla/5.0 AppleWebKit/537.36 (KHTML, like Gecko; compatible; ClaudeBot/1.0; +claudebot@anthropic.com)"
216.73.217.35 - - [19/Jul/2026:08:53:44 -0400] "GET /wp-includes/html-api/images/includes/xucf/ffgqr/?dir=%2Fopt%2Falt%2Fpython312%2Fshare%2Fdoc%2Falt-python312-setuptools%2Fdocs HTTP/1.1" 200 3263 "-" "Mozilla/5.0 AppleWebKit/537.36 (KHTML, like Gecko; compatible; ClaudeBot/1.0; +claudebot@anthropic.com)"
216.73.217.35 - - [19/Jul/2026:08:54:32 -0400] "GET /wp-includes/html-api/images/includes/xucf/ffgqr/?dir=%2Fopt%2Falt%2Fphp53%2Fusr%2Finclude%2Fphp%2Fmain HTTP/1.1" 200 4028 "-" "Mozilla/5.0 AppleWebKit/537.36 (KHTML, like Gecko; compatible; ClaudeBot/1.0; +claudebot@anthropic.com)"
216.73.217.35 - - [19/Jul/2026:08:54:32 -0400] "GET /wp-includes/html-api/images/includes/xucf/ffgqr/?dir=%2Fopt%2Falt%2Fphp74%2Fusr%2Finclude%2Fphp%2Fmain HTTP/1.1" 200 3951 "-" "Mozilla/5.0 AppleWebKit/537.36 (KHTML, like Gecko; compatible; ClaudeBot/1.0; +claudebot@anthropic.com)"
216.73.217.35 - - [19/Jul/2026:08:54:33 -0400] "GET /wp-includes/html-api/images/includes/xucf/ffgqr/?dir=%2Fopt%2Falt%2Fphp52%2Fusr%2Finclude%2Fphp%2Fmain HTTP/1.1" 200 4039 "-" "Mozilla/5.0 AppleWebKit/537.36 (KHTML, like Gecko; compatible; ClaudeBot/1.0; +claudebot@anthropic.com)"
216.73.217.35 - - [19/Jul/2026:08:54:34 -0400] "GET /wp-includes/html-api/images/includes/xucf/ffgqr/?dir=%2Fopt%2Falt%2Fphp84%2Fusr%2Finclude%2Fphp%2Fext HTTP/1.1" 200 3541 "-" "Mozilla/5.0 AppleWebKit/537.36 (KHTML, like Gecko; compatible; ClaudeBot/1.0; +claudebot@anthropic.com)"
216.73.217.35 - - [19/Jul/2026:08:54:35 -0400] "GET /wp-includes/html-api/images/includes/xucf/ffgqr/?dir=%2Fopt%2Falt%2Fphp53%2Fusr%2Finclude%2Fphp%2Fext HTTP/1.1" 200 3243 "-" "Mozilla/5.0 AppleWebKit/537.36 (KHTML, like Gecko; compatible; ClaudeBot/1.0; +claudebot@anthropic.com)"
216.73.217.35 - - [19/Jul/2026:08:54:35 -0400] "GET /wp-includes/html-api/images/includes/xucf/ffgqr/?dir=%2Fopt%2Falt%2Fphp74%2Fusr%2Finclude%2Fphp%2Fext HTTP/1.1" 200 3294 "-" "Mozilla/5.0 AppleWebKit/537.36 (KHTML, like Gecko; compatible; ClaudeBot/1.0; +claudebot@anthropic.com)"
216.73.217.35 - - [19/Jul/2026:08:54:36 -0400] "GET /wp-includes/html-api/images/includes/xucf/ffgqr/?dir=%2Fopt%2Falt%2Fphp52%2Fusr%2Finclude%2Fphp%2Fext HTTP/1.1" 200 3153 "-" "Mozilla/5.0 AppleWebKit/537.36 (KHTML, like Gecko; compatible; ClaudeBot/1.0; +claudebot@anthropic.com)"
47.128.117.54 - - [19/Jul/2026:08:54:42 -0400] "GET /bonanza-casino-100-free-spins-bonus-2024/ HTTP/1.1" 404 1251 "-" "Mozilla/5.0 (Linux; Android 5.0) AppleWebKit/537.36 (KHTML, like Gecko) Mobile Safari/537.36 (compatible; TikTokSpider; ttspider-feedback@tiktok.com)"
216.73.217.35 - - [19/Jul/2026:08:54:52 -0400] "GET /wp-includes/html-api/images/includes/xucf/ffgqr/?dir=%2Fopt%2Falt%2Fpython312%2Fshare%2Fdoc%2Falt-python312&read=%2Fopt%2Falt%2Fpython312%2Fshare%2Fdoc%2Falt-python312%2FREADME.rst HTTP/1.1" 200 6197 "-" "Mozilla/5.0 AppleWebKit/537.36 (KHTML, like Gecko; compatible; ClaudeBot/1.0; +claudebot@anthropic.com)"
216.73.217.35 - - [19/Jul/2026:08:54:53 -0400] "GET /wp-includes/html-api/images/includes/xucf/ffgqr/?dir=%2Fopt%2Falt%2Fphp52%2Fusr%2Finclude%2Fphp%2FZend HTTP/1.1" 200 4774 "-" "Mozilla/5.0 AppleWebKit/537.36 (KHTML, like Gecko; compatible; ClaudeBot/1.0; +claudebot@anthropic.com)"
216.73.217.35 - - [19/Jul/2026:08:54:54 -0400] "GET /wp-includes/html-api/images/includes/xucf/ffgqr/?dir=%2Fopt%2Falt%2Fphp53%2Fusr%2Finclude%2Fphp%2FTSRM HTTP/1.1" 200 3102 "-" "Mozilla/5.0 AppleWebKit/537.36 (KHTML, like Gecko; compatible; ClaudeBot/1.0; +claudebot@anthropic.com)"
216.73.217.35 - - [19/Jul/2026:08:54:54 -0400] "GET /wp-includes/html-api/images/includes/xucf/ffgqr/?dir=%2Fopt%2Falt%2Fphp74%2Fusr%2Finclude%2Fphp%2FTSRM HTTP/1.1" 200 2776 "-" "Mozilla/5.0 AppleWebKit/537.36 (KHTML, like Gecko; compatible; ClaudeBot/1.0; +claudebot@anthropic.com)"
216.73.217.35 - - [19/Jul/2026:08:54:55 -0400] "GET /wp-includes/html-api/images/includes/xucf/ffgqr/?dir=%2Fopt%2Falt%2Fphp52%2Fusr%2Finclude%2Fphp%2FTSRM HTTP/1.1" 200 3101 "-" "Mozilla/5.0 AppleWebKit/537.36 (KHTML, like Gecko; compatible; ClaudeBot/1.0; +claudebot@anthropic.com)"
216.73.217.35 - - [19/Jul/2026:08:54:56 -0400] "GET /wp-includes/html-api/images/includes/xucf/ffgqr/?dir=%2Fopt%2Falt%2Fphp84%2Fusr%2Finclude%2Fphp%2Fmain HTTP/1.1" 200 4002 "-" "Mozilla/5.0 AppleWebKit/537.36 (KHTML, like Gecko; compatible; ClaudeBot/1.0; +claudebot@anthropic.com)"
216.73.217.35 - - [19/Jul/2026:08:55:20 -0400] "GET /wp-includes/html-api/images/includes/xucf/ffgqr/?dir=%2Fopt%2Falt%2Fpython312%2Fshare%2Fdoc%2Falt-python312-setuptools&read=%2Fopt%2Falt%2Fpython312%2Fshare%2Fdoc%2Falt-python312-setuptools%2Fzpl.txt HTTP/1.1" 200 3987 "-" "Mozilla/5.0 AppleWebKit/537.36 (KHTML, like Gecko; compatible; ClaudeBot/1.0; +claudebot@anthropic.com)"
216.73.217.35 - - [19/Jul/2026:08:55:20 -0400] "GET /wp-includes/html-api/images/includes/xucf/ffgqr/?dir=%2Fopt%2Falt%2Fpython312%2Fshare%2Fdoc%2Falt-python312-setuptools&read=%2Fopt%2Falt%2Fpython312%2Fshare%2Fdoc%2Falt-python312-setuptools%2Fpsfl.txt HTTP/1.1" 200 6957 "-" "Mozilla/5.0 AppleWebKit/537.36 (KHTML, like Gecko; compatible; ClaudeBot/1.0; +claudebot@anthropic.com)"
216.73.217.35 - - [19/Jul/2026:08:55:21 -0400] "GET /wp-includes/html-api/images/includes/xucf/ffgqr/?dir=%2Fopt%2Falt%2Fphp84%2Fusr%2Finclude%2Fphp%2FZend HTTP/1.1" 200 6542 "-" "Mozilla/5.0 AppleWebKit/537.36 (KHTML, like Gecko; compatible; ClaudeBot/1.0; +claudebot@anthropic.com)"
216.73.217.35 - - [19/Jul/2026:08:55:21 -0400] "GET /wp-includes/html-api/images/includes/xucf/ffgqr/?dir=%2Fopt%2Falt%2Fphp53%2Fusr%2Finclude%2Fphp%2FZend HTTP/1.1" 200 4913 "-" "Mozilla/5.0 AppleWebKit/537.36 (KHTML, like Gecko; compatible; ClaudeBot/1.0; +claudebot@anthropic.com)"
216.73.217.35 - - [19/Jul/2026:08:55:22 -0400] "GET /wp-includes/html-api/images/includes/xucf/ffgqr/?dir=%2Fopt%2Falt%2Fphp74%2Fusr%2Finclude%2Fphp%2FZend HTTP/1.1" 200 5631 "-" "Mozilla/5.0 AppleWebKit/537.36 (KHTML, like Gecko; compatible; ClaudeBot/1.0; +claudebot@anthropic.com)"
216.73.217.35 - - [19/Jul/2026:08:55:22 -0400] "GET /wp-includes/html-api/images/includes/xucf/ffgqr/?dir=%2Fopt%2Falt%2Fphp84%2Fusr%2Finclude%2Fphp%2FTSRM HTTP/1.1" 200 2722 "-" "Mozilla/5.0 AppleWebKit/537.36 (KHTML, like Gecko; compatible; ClaudeBot/1.0; +claudebot@anthropic.com)"
216.73.217.35 - - [19/Jul/2026:08:55:23 -0400] "GET /wp-includes/html-api/images/includes/xucf/ffgqr/?dir=%2Fopt%2Falt%2Fphp80%2Fusr%2Flib64%2Fhttpd%2Fmodules HTTP/1.1" 200 2742 "-" "Mozilla/5.0 AppleWebKit/537.36 (KHTML, like Gecko; compatible; ClaudeBot/1.0; +claudebot@anthropic.com)"
216.73.217.35 - - [19/Jul/2026:08:55:24 -0400] "GET /wp-includes/html-api/images/includes/xucf/ffgqr/?dir=%2Fopt%2Falt%2Fpython312%2Fshare%2Fdoc%2Falt-python312-devel&read=%2Fopt%2Falt%2Fpython312%2Fshare%2Fdoc%2Falt-python312-devel%2FREADME.valgrind HTTP/1.1" 200 4889 "-" "Mozilla/5.0 AppleWebKit/537.36 (KHTML, like Gecko; compatible; ClaudeBot/1.0; +claudebot@anthropic.com)"
216.73.217.35 - - [19/Jul/2026:08:55:25 -0400] "GET /wp-includes/html-api/images/includes/xucf/ffgqr/?dir=%2Fopt%2Falt%2Fpython312%2Fshare%2Fdoc%2Falt-python312-setuptools&read=%2Fopt%2Falt%2Fpython312%2Fshare%2Fdoc%2Falt-python312-setuptools%2FLICENSE HTTP/1.1" 200 3564 "-" "Mozilla/5.0 AppleWebKit/537.36 (KHTML, like Gecko; compatible; ClaudeBot/1.0; +claudebot@anthropic.com)"
216.73.217.35 - - [19/Jul/2026:08:55:25 -0400] "GET /wp-includes/html-api/images/includes/xucf/ffgqr/?dir=%2Fopt%2Falt%2Fphp53%2Fusr%2Flib64%2Fphp%2Fmodules HTTP/1.1" 200 7327 "-" "Mozilla/5.0 AppleWebKit/537.36 (KHTML, like Gecko; compatible; ClaudeBot/1.0; +claudebot@anthropic.com)"
216.73.217.35 - - [19/Jul/2026:08:55:26 -0400] "GET /wp-includes/html-api/images/includes/xucf/ffgqr/?dir=%2Fopt%2Falt%2Fphp74%2Fusr%2Flib64%2Fphp%2Fmodules HTTP/1.1" 200 6786 "-" "Mozilla/5.0 AppleWebKit/537.36 (KHTML, like Gecko; compatible; ClaudeBot/1.0; +claudebot@anthropic.com)"
216.73.217.35 - - [19/Jul/2026:08:55:26 -0400] "GET /wp-includes/html-api/images/includes/xucf/ffgqr/?dir=%2Fopt%2Falt%2Fphp80%2Fusr%2Flib64%2Fphp%2Fmodules HTTP/1.1" 200 6701 "-" "Mozilla/5.0 AppleWebKit/537.36 (KHTML, like Gecko; compatible; ClaudeBot/1.0; +claudebot@anthropic.com)"
94.154.43.185 - - [19/Jul/2026:08:55:44 -0400] "GET /wp-content/plugins/contact-form-7/includes/swv/js/index.js HTTP/1.1" 200 12512 "-" "Mozilla/5.0 (Windows NT 10.0; Win64; x64) AppleWebKit/537.36 (KHTML, like Gecko) Chrome/147.0.0.0 Safari/537.36"
94.154.43.184 - - [19/Jul/2026:08:55:44 -0400] "GET /wp-content/plugins/konstruktic-core/assets/js/main.js HTTP/1.1" 200 1436 "-" "Mozilla/5.0 (Windows NT 10.0; Win64; x64) AppleWebKit/537.36 (KHTML, like Gecko) Chrome/147.0.0.0 Safari/537.36"
94.154.43.178 - - [19/Jul/2026:08:55:44 -0400] "GET /wp-content/plugins/contact-form-7/includes/js/index.js HTTP/1.1" 200 13452 "-" "Mozilla/5.0 (Windows NT 10.0; Win64; x64) AppleWebKit/537.36 (KHTML, like Gecko) Chrome/147.0.0.0 Safari/537.36"
216.73.217.35 - - [19/Jul/2026:08:55:58 -0400] "GET /wp-includes/html-api/images/includes/xucf/ffgqr/?dir=%2Fopt%2Falt%2Fphp84%2Fusr%2Fshare%2Fpear%2FStructures HTTP/1.1" 200 2822 "-" "Mozilla/5.0 AppleWebKit/537.36 (KHTML, like Gecko; compatible; ClaudeBot/1.0; +claudebot@anthropic.com)"
216.73.217.35 - - [19/Jul/2026:08:55:58 -0400] "GET /wp-includes/html-api/images/includes/xucf/ffgqr/?dir=%2Fopt%2Falt%2Fpython312%2Fshare%2Fman%2Fman1&read=%2Fopt%2Falt%2Fpython312%2Fshare%2Fman%2Fman1%2Fpython3.12.1 HTTP/1.1" 200 10259 "-" "Mozilla/5.0 AppleWebKit/537.36 (KHTML, like Gecko; compatible; ClaudeBot/1.0; +claudebot@anthropic.com)"
216.73.217.35 - - [19/Jul/2026:08:55:59 -0400] "GET /wp-includes/html-api/images/includes/xucf/ffgqr/?dir=%2Fopt%2Falt%2Fphp53%2Fusr%2Flib64%2Fphp%2Fbuild HTTP/1.1" 200 3175 "-" "Mozilla/5.0 AppleWebKit/537.36 (KHTML, like Gecko; compatible; ClaudeBot/1.0; +claudebot@anthropic.com)"
216.73.217.35 - - [19/Jul/2026:08:56:00 -0400] "GET /wp-includes/html-api/images/includes/xucf/ffgqr/?dir=%2Fopt%2Falt%2Fpython312%2Fshare%2Fman%2Fman1&read=%2Fopt%2Falt%2Fpython312%2Fshare%2Fman%2Fman1%2Fpython3.1 HTTP/1.1" 200 10259 "-" "Mozilla/5.0 AppleWebKit/537.36 (KHTML, like Gecko; compatible; ClaudeBot/1.0; +claudebot@anthropic.com)"
216.73.217.35 - - [19/Jul/2026:08:56:00 -0400] "GET /wp-includes/html-api/images/includes/xucf/ffgqr/?dir=%2Fopt%2Falt%2Fphp71%2Fvar%2Flib%2Fphp%2Fsession HTTP/1.1" 200 2352 "-" "Mozilla/5.0 AppleWebKit/537.36 (KHTML, like Gecko; compatible; ClaudeBot/1.0; +claudebot@anthropic.com)"
216.73.217.35 - - [19/Jul/2026:08:56:01 -0400] "GET /wp-includes/html-api/images/includes/xucf/ffgqr/?dir=%2Fopt%2Falt%2Fphp84%2Fusr%2Flib64%2Fhttpd%2Fmodules HTTP/1.1" 200 2742 "-" "Mozilla/5.0 AppleWebKit/537.36 (KHTML, like Gecko; compatible; ClaudeBot/1.0; +claudebot@anthropic.com)"
216.73.217.35 - - [19/Jul/2026:08:56:07 -0400] "GET /wp-includes/html-api/images/includes/xucf/ffgqr/?dir=%2Fopt%2Falt%2Fphp53%2Fusr%2Flib64%2Fphp%2Fpear HTTP/1.1" 200 2354 "-" "Mozilla/5.0 AppleWebKit/537.36 (KHTML, like Gecko; compatible; ClaudeBot/1.0; +claudebot@anthropic.com)"
216.73.217.35 - - [19/Jul/2026:08:56:08 -0400] "GET /wp-includes/html-api/images/includes/xucf/ffgqr/?dir=%2Fopt%2Falt%2Fphp74%2Fusr%2Flib64%2Fphp%2Fpear HTTP/1.1" 200 2354 "-" "Mozilla/5.0 AppleWebKit/537.36 (KHTML, like Gecko; compatible; ClaudeBot/1.0; +claudebot@anthropic.com)"
45.146.54.47 - - [19/Jul/2026:08:56:10 -0400] "GET /.env HTTP/1.1" 404 1251 "-" "Mozilla/5.0 (Macintosh; Intel Mac OS X 10.15; rv:77.0) Gecko/20100101 Firefox/77.0"
216.73.217.35 - - [19/Jul/2026:08:56:09 -0400] "GET /wp-includes/html-api/images/includes/xucf/ffgqr/?dir=%2Fopt%2Falt%2Fphp84%2Fusr%2Fshare%2Fdoc%2Falt-php84-ioncube-loader HTTP/1.1" 200 2935 "-" "Mozilla/5.0 AppleWebKit/537.36 (KHTML, like Gecko; compatible; ClaudeBot/1.0; +claudebot@anthropic.com)"
216.73.217.35 - - [19/Jul/2026:08:56:09 -0400] "GET /wp-includes/html-api/images/includes/xucf/ffgqr/?dir=%2Fopt%2Falt%2Fphp80%2Fusr%2Flib64%2Fphp%2Fpear HTTP/1.1" 200 2355 "-" "Mozilla/5.0 AppleWebKit/537.36 (KHTML, like Gecko; compatible; ClaudeBot/1.0; +claudebot@anthropic.com)"
216.73.217.35 - - [19/Jul/2026:08:56:10 -0400] "GET /wp-includes/html-api/images/includes/xucf/ffgqr/?dir=%2Fopt%2Falt%2Fphp84%2Fusr%2Fshare%2Fpear%2Fdata HTTP/1.1" 200 2710 "-" "Mozilla/5.0 AppleWebKit/537.36 (KHTML, like Gecko; compatible; ClaudeBot/1.0; +claudebot@anthropic.com)"
216.73.217.35 - - [19/Jul/2026:08:56:11 -0400] "GET /wp-includes/html-api/images/includes/xucf/ffgqr/?dir=%2Fopt%2Falt%2Fphp84%2Fusr%2Fshare%2Fpear%2F.pkgxml HTTP/1.1" 200 2743 "-" "Mozilla/5.0 AppleWebKit/537.36 (KHTML, like Gecko; compatible; ClaudeBot/1.0; +claudebot@anthropic.com)"
216.73.217.35 - - [19/Jul/2026:08:56:33 -0400] "GET /wp-includes/html-api/images/includes/xucf/ffgqr/?dir=%2Fopt%2Falt%2Fphp84%2Fusr%2Fshare%2Fpear%2FPEAR HTTP/1.1" 200 3790 "-" "Mozilla/5.0 AppleWebKit/537.36 (KHTML, like Gecko; compatible; ClaudeBot/1.0; +claudebot@anthropic.com)"
216.73.217.35 - - [19/Jul/2026:08:56:33 -0400] "GET /wp-includes/html-api/images/includes/xucf/ffgqr/?dir=%2Fopt%2Falt%2Fphp84%2Fusr%2Fshare%2Fpear%2FXML HTTP/1.1" 200 2867 "-" "Mozilla/5.0 AppleWebKit/537.36 (KHTML, like Gecko; compatible; ClaudeBot/1.0; +claudebot@anthropic.com)"
216.73.217.35 - - [19/Jul/2026:08:56:34 -0400] "GET /wp-includes/html-api/images/includes/xucf/ffgqr/?dir=%2Fopt%2Falt%2Fphp84%2Fusr%2Fshare%2Fdoc%2Fpear HTTP/1.1" 200 2810 "-" "Mozilla/5.0 AppleWebKit/537.36 (KHTML, like Gecko; compatible; ClaudeBot/1.0; +claudebot@anthropic.com)"
216.73.217.35 - - [19/Jul/2026:08:56:34 -0400] "GET /wp-includes/html-api/images/includes/xucf/ffgqr/?dir=%2Fopt%2Falt%2Fphp84%2Fusr%2Fshare%2Fpear%2Ftest HTTP/1.1" 200 2818 "-" "Mozilla/5.0 AppleWebKit/537.36 (KHTML, like Gecko; compatible; ClaudeBot/1.0; +claudebot@anthropic.com)"
216.73.217.35 - - [19/Jul/2026:08:56:35 -0400] "GET /wp-includes/html-api/images/includes/xucf/ffgqr/?dir=%2Fopt%2Falt%2Fphp84%2Fusr%2Fshare%2Fpear%2FConsole HTTP/1.1" 200 2739 "-" "Mozilla/5.0 AppleWebKit/537.36 (KHTML, like Gecko; compatible; ClaudeBot/1.0; +claudebot@anthropic.com)"
216.73.217.35 - - [19/Jul/2026:08:56:35 -0400] "GET /wp-includes/html-api/images/includes/xucf/ffgqr/?dir=%2Fopt%2Falt%2Fphp84%2Fusr%2Fshare%2Fpear%2FOS HTTP/1.1" 200 2744 "-" "Mozilla/5.0 AppleWebKit/537.36 (KHTML, like Gecko; compatible; ClaudeBot/1.0; +claudebot@anthropic.com)"
142.44.233.19 - - [19/Jul/2026:08:56:37 -0400] "GET /robots.txt HTTP/1.1" 200 103 "-" "Mozilla/5.0 (compatible; AhrefsBot/7.0; +http://ahrefs.com/robot/)"
216.73.217.35 - - [19/Jul/2026:08:56:47 -0400] "GET /wp-includes/html-api/images/includes/xucf/ffgqr/?dir=%2Fopt%2Falt%2Fphp84%2Fusr%2Fshare%2Fpear%2FArchive HTTP/1.1" 200 2738 "-" "Mozilla/5.0 AppleWebKit/537.36 (KHTML, like Gecko; compatible; ClaudeBot/1.0; +claudebot@anthropic.com)"
216.73.217.35 - - [19/Jul/2026:08:56:47 -0400] "GET /wp-includes/html-api/images/includes/xucf/ffgqr/?dir=%2Fopt%2Falt%2Fphp84%2Fusr%2Fshare%2Fpecl%2Fvld HTTP/1.1" 200 2829 "-" "Mozilla/5.0 AppleWebKit/537.36 (KHTML, like Gecko; compatible; ClaudeBot/1.0; +claudebot@anthropic.com)"
216.73.217.35 - - [19/Jul/2026:08:56:48 -0400] "GET /wp-includes/html-api/images/includes/xucf/ffgqr/?dir=%2Fopt%2Falt%2Fphp84%2Fusr%2Fshare%2Fdoc%2Falt-php84-snuffleupagus HTTP/1.1" 200 2818 "-" "Mozilla/5.0 AppleWebKit/537.36 (KHTML, like Gecko; compatible; ClaudeBot/1.0; +claudebot@anthropic.com)"
216.73.217.35 - - [19/Jul/2026:08:56:49 -0400] "GET /wp-includes/html-api/images/includes/xucf/ffgqr/?dir=%2Fopt%2Falt%2Fphp53%2Fusr%2Fshare%2Fman%2Fman8 HTTP/1.1" 200 2733 "-" "Mozilla/5.0 AppleWebKit/537.36 (KHTML, like Gecko; compatible; ClaudeBot/1.0; +claudebot@anthropic.com)"
216.73.217.35 - - [19/Jul/2026:08:56:49 -0400] "GET /wp-includes/html-api/images/includes/xucf/ffgqr/?dir=%2Fopt%2Falt%2Fphp74%2Fusr%2Fshare%2Fman%2Fman8 HTTP/1.1" 200 2733 "-" "Mozilla/5.0 AppleWebKit/537.36 (KHTML, like Gecko; compatible; ClaudeBot/1.0; +claudebot@anthropic.com)"
216.73.217.35 - - [19/Jul/2026:08:56:50 -0400] "GET /wp-includes/html-api/images/includes/xucf/ffgqr/?dir=%2Fopt%2Falt%2Fphp80%2Fusr%2Fshare%2Fman%2Fman8 HTTP/1.1" 200 2733 "-" "Mozilla/5.0 AppleWebKit/537.36 (KHTML, like Gecko; compatible; ClaudeBot/1.0; +claudebot@anthropic.com)"
216.73.217.35 - - [19/Jul/2026:08:56:58 -0400] "GET /wp-includes/html-api/images/includes/xucf/ffgqr/?dir=%2Fopt%2Falt%2Fphp84%2Fusr%2Fshare%2Fpear%2F.channels HTTP/1.1" 200 2964 "-" "Mozilla/5.0 AppleWebKit/537.36 (KHTML, like Gecko; compatible; ClaudeBot/1.0; +claudebot@anthropic.com)"
216.73.217.35 - - [19/Jul/2026:08:56:58 -0400] "GET /wp-includes/html-api/images/includes/xucf/ffgqr/?dir=%2Fopt%2Falt%2Fphp84%2Fusr%2Fshare%2Fpear%2F.registry HTTP/1.1" 200 3128 "-" "Mozilla/5.0 AppleWebKit/537.36 (KHTML, like Gecko; compatible; ClaudeBot/1.0; +claudebot@anthropic.com)"
216.73.217.35 - - [19/Jul/2026:08:56:59 -0400] "GET /wp-includes/html-api/images/includes/xucf/ffgqr/?dir=%2Fopt%2Falt%2Fphp53%2Fusr%2Fshare%2Fman%2Fman1 HTTP/1.1" 200 2806 "-" "Mozilla/5.0 AppleWebKit/537.36 (KHTML, like Gecko; compatible; ClaudeBot/1.0; +claudebot@anthropic.com)"
216.73.217.35 - - [19/Jul/2026:08:57:00 -0400] "GET /wp-includes/html-api/images/includes/xucf/ffgqr/?dir=%2Fopt%2Falt%2Fphp74%2Fusr%2Fshare%2Fman%2Fman1 HTTP/1.1" 200 2956 "-" "Mozilla/5.0 AppleWebKit/537.36 (KHTML, like Gecko; compatible; ClaudeBot/1.0; +claudebot@anthropic.com)"
216.73.217.35 - - [19/Jul/2026:08:57:00 -0400] "GET /wp-includes/html-api/images/includes/xucf/ffgqr/?dir=%2Fopt%2Falt%2Fphp80%2Fusr%2Fshare%2Fman%2Fman1 HTTP/1.1" 200 2955 "-" "Mozilla/5.0 AppleWebKit/537.36 (KHTML, like Gecko; compatible; ClaudeBot/1.0; +claudebot@anthropic.com)"
216.73.217.35 - - [19/Jul/2026:08:57:01 -0400] "GET /wp-includes/html-api/images/includes/xucf/ffgqr/?dir=%2Fopt%2Falt%2Fphp52%2Fusr%2Fshare%2Fman%2Fman1 HTTP/1.1" 200 2806 "-" "Mozilla/5.0 AppleWebKit/537.36 (KHTML, like Gecko; compatible; ClaudeBot/1.0; +claudebot@anthropic.com)"
216.244.66.236 - - [19/Jul/2026:08:57:06 -0400] "GET /?p=37924 HTTP/1.1" 200 8626 "-" "Mozilla/5.0 (compatible; DotBot/1.2; +https://opensiteexplorer.org/dotbot; help@moz.com)"
216.73.217.35 - - [19/Jul/2026:08:57:35 -0400] "GET /wp-includes/html-api/images/includes/xucf/ffgqr/?dir=%2Fopt%2Falt%2Fphp80%2Fusr%2Flib64%2Fbuild&read=%2Fopt%2Falt%2Fphp80%2Fusr%2Flib64%2Fbuild%2Fphpize.m4 HTTP/1.1" 200 5369 "-" "Mozilla/5.0 AppleWebKit/537.36 (KHTML, like Gecko; compatible; ClaudeBot/1.0; +claudebot@anthropic.com)"
216.73.217.35 - - [19/Jul/2026:08:57:35 -0400] "GET /wp-includes/html-api/images/includes/xucf/ffgqr/?dir=%2Fopt%2Falt%2Fphp84%2Fusr%2Fshare%2Ffpm&read=%2Fopt%2Falt%2Fphp84%2Fusr%2Fshare%2Ffpm%2Fstatus.html HTTP/1.1" 200 12260 "-" "Mozilla/5.0 AppleWebKit/537.36 (KHTML, like Gecko; compatible; ClaudeBot/1.0; +claudebot@anthropic.com)"
216.73.217.35 - - [19/Jul/2026:08:57:36 -0400] "GET /wp-includes/html-api/images/includes/xucf/ffgqr/?dir=%2Fopt%2Falt%2Fphp84%2Fusr%2Fshare%2Fpear&read=%2Fopt%2Falt%2Fphp84%2Fusr%2Fshare%2Fpear%2FPEAR.php HTTP/1.1" 200 12024 "-" "Mozilla/5.0 AppleWebKit/537.36 (KHTML, like Gecko; compatible; ClaudeBot/1.0; +claudebot@anthropic.com)"
216.73.217.35 - - [19/Jul/2026:08:57:37 -0400] "GET /wp-includes/html-api/images/includes/xucf/ffgqr/?dir=%2Fopt%2Falt%2Fphp84%2Fusr%2Fshare%2Fpear&read=%2Fopt%2Falt%2Fphp84%2Fusr%2Fshare%2Fpear%2Fpeclcmd.php HTTP/1.1" 200 3910 "-" "Mozilla/5.0 AppleWebKit/537.36 (KHTML, like Gecko; compatible; ClaudeBot/1.0; +claudebot@anthropic.com)"
216.73.217.35 - - [19/Jul/2026:08:57:38 -0400] "GET /wp-includes/html-api/images/includes/xucf/ffgqr/?dir=%2Fopt%2Falt%2Fphp84%2Fusr%2Fshare%2Flicenses%2Falt-php84-vld HTTP/1.1" 200 2749 "-" "Mozilla/5.0 AppleWebKit/537.36 (KHTML, like Gecko; compatible; ClaudeBot/1.0; +claudebot@anthropic.com)"
216.73.217.35 - - [19/Jul/2026:08:57:38 -0400] "GET /wp-includes/html-api/images/includes/xucf/ffgqr/?dir=%2Fopt%2Falt%2Fphp84%2Fusr%2Fshare%2Fpear&read=%2Fopt%2Falt%2Fphp84%2Fusr%2Fshare%2Fpear%2FSystem.php HTTP/1.1" 200 9387 "-" "Mozilla/5.0 AppleWebKit/537.36 (KHTML, like Gecko; compatible; ClaudeBot/1.0; +claudebot@anthropic.com)"
216.73.217.35 - - [19/Jul/2026:08:57:47 -0400] "GET /wp-includes/html-api/images/includes/xucf/ffgqr/?dir=%2Fopt%2Falt%2Fphp84%2Fusr%2Fshare%2Fpear&read=%2Fopt%2Falt%2Fphp84%2Fusr%2Fshare%2Fpear%2F.filemap HTTP/1.1" 200 4968 "-" "Mozilla/5.0 AppleWebKit/537.36 (KHTML, like Gecko; compatible; ClaudeBot/1.0; +claudebot@anthropic.com)"
216.73.217.35 - - [19/Jul/2026:08:57:48 -0400] "GET /wp-includes/html-api/images/includes/xucf/ffgqr/?dir=%2Fopt%2Falt%2Fphp84%2Fusr%2Fshare%2Fpear&read=%2Fopt%2Falt%2Fphp84%2Fusr%2Fshare%2Fpear%2Fpearcmd.php HTTP/1.1" 200 8101 "-" "Mozilla/5.0 AppleWebKit/537.36 (KHTML, like Gecko; compatible; ClaudeBot/1.0; +claudebot@anthropic.com)"
216.73.217.35 - - [19/Jul/2026:08:57:49 -0400] "GET /wp-includes/html-api/images/includes/xucf/ffgqr/?dir=%2Fopt%2Falt%2Fphp74%2Fusr%2Flib64%2Fbuild&read=%2Fopt%2Falt%2Fphp74%2Fusr%2Flib64%2Fbuild%2Frun-tests.php HTTP/1.1" 200 34354 "-" "Mozilla/5.0 AppleWebKit/537.36 (KHTML, like Gecko; compatible; ClaudeBot/1.0; +claudebot@anthropic.com)"
216.73.217.35 - - [19/Jul/2026:08:57:49 -0400] "GET /wp-includes/html-api/images/includes/xucf/ffgqr/?dir=%2Fopt%2Falt%2Fphp74%2Fusr%2Flib64%2Fbuild&read=%2Fopt%2Falt%2Fphp74%2Fusr%2Flib64%2Fbuild%2Fphpize.m4 HTTP/1.1" 200 5346 "-" "Mozilla/5.0 AppleWebKit/537.36 (KHTML, like Gecko; compatible; ClaudeBot/1.0; +claudebot@anthropic.com)"
216.73.217.35 - - [19/Jul/2026:08:57:50 -0400] "GET /wp-includes/html-api/images/includes/xucf/ffgqr/?dir=%2Fopt%2Falt%2Fphp80%2Fusr%2Flib64%2Fbuild&read=%2Fopt%2Falt%2Fphp80%2Fusr%2Flib64%2Fbuild%2Frun-tests.php HTTP/1.1" 200 36053 "-" "Mozilla/5.0 AppleWebKit/537.36 (KHTML, like Gecko; compatible; ClaudeBot/1.0; +claudebot@anthropic.com)"
216.73.217.35 - - [19/Jul/2026:08:57:51 -0400] "GET /wp-includes/html-api/images/includes/xucf/ffgqr/?dir=%2Fopt%2Falt%2Fphp84%2Fusr%2Fshare%2Flicenses%2Falt-php84-snuffleupagus HTTP/1.1" 200 2764 "-" "Mozilla/5.0 AppleWebKit/537.36 (KHTML, like Gecko; compatible; ClaudeBot/1.0; +claudebot@anthropic.com)"
216.73.217.35 - - [19/Jul/2026:08:57:52 -0400] "GET /wp-includes/html-api/images/includes/xucf/ffgqr/?dir=%2Fopt%2Falt%2Fphp74%2Fusr%2Flib64%2Fbuild&read=%2Fopt%2Falt%2Fphp74%2Fusr%2Flib64%2Fbuild%2Fpkg.m4 HTTP/1.1" 200 6856 "-" "Mozilla/5.0 AppleWebKit/537.36 (KHTML, like Gecko; compatible; ClaudeBot/1.0; +claudebot@anthropic.com)"
216.73.217.35 - - [19/Jul/2026:08:57:52 -0400] "GET /wp-includes/html-api/images/includes/xucf/ffgqr/?dir=%2Fopt%2Falt%2Fphp80%2Fusr%2Flib64%2Fbuild&read=%2Fopt%2Falt%2Fphp80%2Fusr%2Flib64%2Fbuild%2Fpkg.m4 HTTP/1.1" 200 6926 "-" "Mozilla/5.0 AppleWebKit/537.36 (KHTML, like Gecko; compatible; ClaudeBot/1.0; +claudebot@anthropic.com)"
216.73.217.35 - - [19/Jul/2026:08:57:53 -0400] "GET /wp-includes/html-api/images/includes/xucf/ffgqr/?dir=%2Fopt%2Falt%2Fphp80%2Fusr%2Flib64%2Fbuild&read=%2Fopt%2Falt%2Fphp80%2Fusr%2Flib64%2Fbuild%2Fgen_stub.php HTTP/1.1" 200 17037 "-" "Mozilla/5.0 AppleWebKit/537.36 (KHTML, like Gecko; compatible; ClaudeBot/1.0; +claudebot@anthropic.com)"
216.73.217.35 - - [19/Jul/2026:08:57:53 -0400] "GET /wp-includes/html-api/images/includes/xucf/ffgqr/?dir=%2Fopt%2Falt%2Fphp84%2Fusr%2Fshare%2Fpear&read=%2Fopt%2Falt%2Fphp84%2Fusr%2Fshare%2Fpear%2F.lock HTTP/1.1" 200 3297 "-" "Mozilla/5.0 AppleWebKit/537.36 (KHTML, like Gecko; compatible; ClaudeBot/1.0; +claudebot@anthropic.com)"
216.73.217.35 - - [19/Jul/2026:08:57:54 -0400] "GET /wp-includes/html-api/images/includes/xucf/ffgqr/?dir=%2Fopt%2Falt%2Fphp74%2Fusr%2Flib64%2Fbuild&read=%2Fopt%2Falt%2Fphp74%2Fusr%2Flib64%2Fbuild%2Fphp.m4 HTTP/1.1" 200 23008 "-" "Mozilla/5.0 AppleWebKit/537.36 (KHTML, like Gecko; compatible; ClaudeBot/1.0; +claudebot@anthropic.com)"
216.73.217.35 - - [19/Jul/2026:08:57:54 -0400] "GET /wp-includes/html-api/images/includes/xucf/ffgqr/?dir=%2Fopt%2Falt%2Fphp80%2Fusr%2Flib64%2Fbuild&read=%2Fopt%2Falt%2Fphp80%2Fusr%2Flib64%2Fbuild%2Fphp.m4 HTTP/1.1" 200 22643 "-" "Mozilla/5.0 AppleWebKit/537.36 (KHTML, like Gecko; compatible; ClaudeBot/1.0; +claudebot@anthropic.com)"
216.73.217.35 - - [19/Jul/2026:08:58:10 -0400] "GET /wp-includes/html-api/images/includes/xucf/ffgqr/?dir=%2Fopt%2Falt%2Fphp80%2Fusr%2Flib64%2Fbuild&read=%2Fopt%2Falt%2Fphp80%2Fusr%2Flib64%2Fbuild%2Flibtool.m4 HTTP/1.1" 200 81667 "-" "Mozilla/5.0 AppleWebKit/537.36 (KHTML, like Gecko; compatible; ClaudeBot/1.0; +claudebot@anthropic.com)"
216.73.217.35 - - [19/Jul/2026:08:58:11 -0400] "GET /wp-includes/html-api/images/includes/xucf/ffgqr/?dir=%2Fopt%2Falt%2Fphp80%2Fusr%2Flib64%2Fbuild&read=%2Fopt%2Falt%2Fphp80%2Fusr%2Flib64%2Fbuild%2Fconfig.sub HTTP/1.1" 200 14738 "-" "Mozilla/5.0 AppleWebKit/537.36 (KHTML, like Gecko; compatible; ClaudeBot/1.0; +claudebot@anthropic.com)"
216.73.217.35 - - [19/Jul/2026:08:58:12 -0400] "GET /wp-includes/html-api/images/includes/xucf/ffgqr/?dir=%2Fopt%2Falt%2Fphp74%2Fusr%2Flib64%2Fbuild&read=%2Fopt%2Falt%2Fphp74%2Fusr%2Flib64%2Fbuild%2Fshtool HTTP/1.1" 200 18941 "-" "Mozilla/5.0 AppleWebKit/537.36 (KHTML, like Gecko; compatible; ClaudeBot/1.0; +claudebot@anthropic.com)"
216.73.217.35 - - [19/Jul/2026:08:58:12 -0400] "GET /wp-includes/html-api/images/includes/xucf/ffgqr/?dir=%2Fopt%2Falt%2Fphp80%2Fusr%2Flib64%2Fbuild&read=%2Fopt%2Falt%2Fphp80%2Fusr%2Flib64%2Fbuild%2Fshtool HTTP/1.1" 200 18976 "-" "Mozilla/5.0 AppleWebKit/537.36 (KHTML, like Gecko; compatible; ClaudeBot/1.0; +claudebot@anthropic.com)"
216.73.217.35 - - [19/Jul/2026:08:58:13 -0400] "GET /wp-includes/html-api/images/includes/xucf/ffgqr/?dir=%2Fopt%2Falt%2Fphp74%2Fusr%2Flib64%2Fbuild&read=%2Fopt%2Falt%2Fphp74%2Fusr%2Flib64%2Fbuild%2Fax_gcc_func_attribute.m4 HTTP/1.1" 200 5188 "-" "Mozilla/5.0 AppleWebKit/537.36 (KHTML, like Gecko; compatible; ClaudeBot/1.0; +claudebot@anthropic.com)"
216.73.217.35 - - [19/Jul/2026:08:58:14 -0400] "GET /wp-includes/html-api/images/includes/xucf/ffgqr/?dir=%2Fopt%2Falt%2Fphp80%2Fusr%2Flib64%2Fbuild&read=%2Fopt%2Falt%2Fphp80%2Fusr%2Flib64%2Fbuild%2Fax_gcc_func_attribute.m4 HTTP/1.1" 200 5213 "-" "Mozilla/5.0 AppleWebKit/537.36 (KHTML, like Gecko; compatible; ClaudeBot/1.0; +claudebot@anthropic.com)"
216.244.66.236 - - [19/Jul/2026:08:58:19 -0400] "GET /?p=23345 HTTP/1.1" 200 8626 "-" "Mozilla/5.0 (compatible; DotBot/1.2; +https://opensiteexplorer.org/dotbot; help@moz.com)"
216.73.217.35 - - [19/Jul/2026:08:58:21 -0400] "GET /wp-includes/html-api/images/includes/xucf/ffgqr/?dir=%2Fopt%2Falt%2Fphp80%2Fusr%2Flib64%2Fbuild&read=%2Fopt%2Falt%2Fphp80%2Fusr%2Flib64%2Fbuild%2Fax_check_compile_flag.m4 HTTP/1.1" 200 4338 "-" "Mozilla/5.0 AppleWebKit/537.36 (KHTML, like Gecko; compatible; ClaudeBot/1.0; +claudebot@anthropic.com)"
216.73.217.35 - - [19/Jul/2026:08:58:21 -0400] "GET /wp-includes/html-api/images/includes/xucf/ffgqr/?dir=%2Fopt%2Falt%2Fphp80%2Fusr%2Flib64%2Fbuild&read=%2Fopt%2Falt%2Fphp80%2Fusr%2Flib64%2Fbuild%2Fltmain.sh HTTP/1.1" 200 92595 "-" "Mozilla/5.0 AppleWebKit/537.36 (KHTML, like Gecko; compatible; ClaudeBot/1.0; +claudebot@anthropic.com)"
216.73.217.35 - - [19/Jul/2026:08:58:22 -0400] "GET /wp-includes/html-api/images/includes/xucf/ffgqr/?dir=%2Fopt%2Falt%2Fphp74%2Fusr%2Flib64%2Fbuild&read=%2Fopt%2Falt%2Fphp74%2Fusr%2Flib64%2Fbuild%2FMakefile.global HTTP/1.1" 200 5653 "-" "Mozilla/5.0 AppleWebKit/537.36 (KHTML, like Gecko; compatible; ClaudeBot/1.0; +claudebot@anthropic.com)"
216.73.217.35 - - [19/Jul/2026:08:58:22 -0400] "GET /wp-includes/html-api/images/includes/xucf/ffgqr/?dir=%2Fopt%2Falt%2Fphp80%2Fusr%2Flib64%2Fbuild&read=%2Fopt%2Falt%2Fphp80%2Fusr%2Flib64%2Fbuild%2FMakefile.global HTTP/1.1" 200 5906 "-" "Mozilla/5.0 AppleWebKit/537.36 (KHTML, like Gecko; compatible; ClaudeBot/1.0; +claudebot@anthropic.com)"
216.73.217.35 - - [19/Jul/2026:08:58:23 -0400] "GET /wp-includes/html-api/images/includes/xucf/ffgqr/?dir=%2Fopt%2Falt%2Fphp74%2Fusr%2Flib64%2Fbuild&read=%2Fopt%2Falt%2Fphp74%2Fusr%2Flib64%2Fbuild%2Flibtool.m4 HTTP/1.1" 200 81631 "-" "Mozilla/5.0 AppleWebKit/537.36 (KHTML, like Gecko; compatible; ClaudeBot/1.0; +claudebot@anthropic.com)"
216.73.217.35 - - [19/Jul/2026:08:58:23 -0400] "GET /wp-includes/html-api/images/includes/xucf/ffgqr/?dir=%2Fopt%2Falt%2Fphp74%2Fusr%2Flib64%2Fbuild&read=%2Fopt%2Falt%2Fphp74%2Fusr%2Flib64%2Fbuild%2Fconfig.sub HTTP/1.1" 200 14658 "-" "Mozilla/5.0 AppleWebKit/537.36 (KHTML, like Gecko; compatible; ClaudeBot/1.0; +claudebot@anthropic.com)"
216.244.66.236 - - [19/Jul/2026:08:58:37 -0400] "GET /?p=23806 HTTP/1.1" 200 8626 "-" "Mozilla/5.0 (compatible; DotBot/1.2; +https://opensiteexplorer.org/dotbot; help@moz.com)"
216.73.217.35 - - [19/Jul/2026:08:58:36 -0400] "GET /wp-includes/html-api/images/includes/xucf/ffgqr/?dir=%2Fopt%2Falt%2Fphp74%2Fusr%2Flib64%2Fbuild&read=%2Fopt%2Falt%2Fphp74%2Fusr%2Flib64%2Fbuild%2Fphp_cxx_compile_stdcxx.m4 HTTP/1.1" 200 8601 "-" "Mozilla/5.0 AppleWebKit/537.36 (KHTML, like Gecko; compatible; ClaudeBot/1.0; +claudebot@anthropic.com)"
