147.135.212.200 - - [19/Jul/2026:10:56:56 -0400] "GET /wp-includes/sodium_compat/namespaced/Core/build/jmqy/gvzr/admin.php?filesrc=//home/airtcsob/darenotsecurity.com/wp-content/uploads/2019/06/logo23-150x76.png&path=//home/airtcsob/darenotsecurity.com/wp-content/uploads/2019/06 HTTP/1.1" 200 10096 "-" "Mozilla/5.0 (compatible; MJ12bot/v1.4.8; http://mj12bot.com/)"
147.135.212.200 - - [19/Jul/2026:10:56:57 -0400] "GET /wp-includes/sodium_compat/namespaced/Core/build/jmqy/gvzr/admin.php?filesrc=//home/airtcsob/darenotsecurity.com/wp-content/uploads/2019/06/logo_2.png&path=//home/airtcsob/darenotsecurity.com/wp-content/uploads/2019/06 HTTP/1.1" 200 167184 "-" "Mozilla/5.0 (compatible; MJ12bot/v1.4.8; http://mj12bot.com/)"
147.135.212.200 - - [19/Jul/2026:10:56:59 -0400] "GET /wp-includes/sodium_compat/namespaced/Core/build/jmqy/gvzr/admin.php?filesrc=//home/airtcsob/darenotsecurity.com/wp-content/uploads/2020/08/banner5-100x100.jpg&path=//home/airtcsob/darenotsecurity.com/wp-content/uploads/2020/08 HTTP/1.1" 200 3092 "-" "Mozilla/5.0 (compatible; MJ12bot/v1.4.8; http://mj12bot.com/)"
147.135.212.200 - - [19/Jul/2026:10:57:01 -0400] "GET /wp-includes/sodium_compat/namespaced/Core/build/jmqy/gvzr/admin.php?filesrc=//home/airtcsob/darenotsecurity.com/wp-content/uploads/2020/08/banner5-1024x484.jpg&path=//home/airtcsob/darenotsecurity.com/wp-content/uploads/2020/08 HTTP/1.1" 200 37718 "-" "Mozilla/5.0 (compatible; MJ12bot/v1.4.8; http://mj12bot.com/)"
147.135.212.200 - - [19/Jul/2026:10:57:03 -0400] "GET /wp-includes/sodium_compat/namespaced/Core/build/jmqy/gvzr/admin.php?filesrc=//home/airtcsob/darenotsecurity.com/wp-content/uploads/2020/08/banner5-150x150.jpg&path=//home/airtcsob/darenotsecurity.com/wp-content/uploads/2020/08 HTTP/1.1" 200 4297 "-" "Mozilla/5.0 (compatible; MJ12bot/v1.4.8; http://mj12bot.com/)"
147.135.212.200 - - [19/Jul/2026:10:57:05 -0400] "GET /wp-includes/sodium_compat/namespaced/Core/build/jmqy/gvzr/admin.php?filesrc=//home/airtcsob/darenotsecurity.com/wp-content/uploads/2020/08/banner5-300x142.jpg&path=//home/airtcsob/darenotsecurity.com/wp-content/uploads/2020/08 HTTP/1.1" 200 7069 "-" "Mozilla/5.0 (compatible; MJ12bot/v1.4.8; http://mj12bot.com/)"
147.135.212.200 - - [19/Jul/2026:10:57:06 -0400] "GET /wp-includes/sodium_compat/namespaced/Core/build/jmqy/gvzr/admin.php?filesrc=//home/airtcsob/darenotsecurity.com/wp-content/uploads/2020/08/banner5-600x390.jpg&path=//home/airtcsob/darenotsecurity.com/wp-content/uploads/2020/08 HTTP/1.1" 200 22120 "-" "Mozilla/5.0 (compatible; MJ12bot/v1.4.8; http://mj12bot.com/)"
147.135.212.200 - - [19/Jul/2026:10:57:08 -0400] "GET /wp-includes/sodium_compat/namespaced/Core/build/jmqy/gvzr/admin.php?filesrc=//home/airtcsob/darenotsecurity.com/wp-content/uploads/2020/08/banner5-700x331.jpg&path=//home/airtcsob/darenotsecurity.com/wp-content/uploads/2020/08 HTTP/1.1" 200 22357 "-" "Mozilla/5.0 (compatible; MJ12bot/v1.4.8; http://mj12bot.com/)"
147.135.212.200 - - [19/Jul/2026:10:57:10 -0400] "GET /wp-includes/sodium_compat/namespaced/Core/build/jmqy/gvzr/admin.php?filesrc=//home/airtcsob/darenotsecurity.com/wp-content/uploads/2020/08/banner5-768x363.jpg&path=//home/airtcsob/darenotsecurity.com/wp-content/uploads/2020/08 HTTP/1.1" 200 25066 "-" "Mozilla/5.0 (compatible; MJ12bot/v1.4.8; http://mj12bot.com/)"
162.213.255.39 - - [19/Jul/2026:10:57:12 -0400] "POST /wp-cron.php?doing_wp_cron=1784473032.1613829135894775390625 HTTP/1.1" 200 0 "-" "WordPress/7.0; https://towerdevelopers.com"
114.119.135.121 - - [19/Jul/2026:10:57:11 -0400] "GET /?p=14259 HTTP/1.1" 404 16681 "https://towerdevelopers.com/?p=16217" "Mozilla/5.0 (Linux; Android 7.0;) AppleWebKit/537.36 (HTML, like Gecko) Mobile Safari/537.36 (compatible; PetalBot;+https://webmaster.petalsearch.com/site/petalbot)"
147.135.212.200 - - [19/Jul/2026:10:57:12 -0400] "GET /wp-includes/sodium_compat/namespaced/Core/build/jmqy/gvzr/admin.php?filesrc=//home/airtcsob/darenotsecurity.com/wp-content/uploads/2020/08/banner5.jpg&path=//home/airtcsob/darenotsecurity.com/wp-content/uploads/2020/08 HTTP/1.1" 200 47067 "-" "Mozilla/5.0 (compatible; MJ12bot/v1.4.8; http://mj12bot.com/)"
147.135.212.200 - - [19/Jul/2026:10:57:13 -0400] "GET /wp-includes/sodium_compat/namespaced/Core/build/jmqy/gvzr/admin.php?filesrc=//home/airtcsob/darenotsecurity.com/wp-content/uploads/2020/08/service-banner.jpg&path=//home/airtcsob/darenotsecurity.com/wp-content/uploads/2020/08 HTTP/1.1" 200 284578 "-" "Mozilla/5.0 (compatible; MJ12bot/v1.4.8; http://mj12bot.com/)"
147.135.212.200 - - [19/Jul/2026:10:57:16 -0400] "GET /wp-includes/sodium_compat/namespaced/Core/build/jmqy/gvzr/admin.php?filesrc=//home/airtcsob/darenotsecurity.com/wp-content/uploads/2021/01/E-FENCING-2-copy.jpg&path=//home/airtcsob/darenotsecurity.com/wp-content/uploads/2021/01 HTTP/1.1" 200 207618 "-" "Mozilla/5.0 (compatible; MJ12bot/v1.4.8; http://mj12bot.com/)"
147.135.212.200 - - [19/Jul/2026:10:57:18 -0400] "GET /wp-includes/sodium_compat/namespaced/Core/build/jmqy/gvzr/admin.php?filesrc=//home/airtcsob/darenotsecurity.com/wp-content/uploads/2021/01/Fence-100x100.jpg&path=//home/airtcsob/darenotsecurity.com/wp-content/uploads/2021/01 HTTP/1.1" 200 3993 "-" "Mozilla/5.0 (compatible; MJ12bot/v1.4.8; http://mj12bot.com/)"
147.135.212.200 - - [19/Jul/2026:10:57:20 -0400] "GET /wp-includes/sodium_compat/namespaced/Core/build/jmqy/gvzr/admin.php?filesrc=//home/airtcsob/darenotsecurity.com/wp-content/uploads/2021/01/Fence-100x50.jpg&path=//home/airtcsob/darenotsecurity.com/wp-content/uploads/2021/01 HTTP/1.1" 200 2884 "-" "Mozilla/5.0 (compatible; MJ12bot/v1.4.8; http://mj12bot.com/)"
147.135.212.200 - - [19/Jul/2026:10:57:22 -0400] "GET /wp-includes/sodium_compat/namespaced/Core/build/jmqy/gvzr/admin.php?filesrc=//home/airtcsob/darenotsecurity.com/wp-content/uploads/2021/01/Fence-150x150.jpg&path=//home/airtcsob/darenotsecurity.com/wp-content/uploads/2021/01 HTTP/1.1" 200 6434 "-" "Mozilla/5.0 (compatible; MJ12bot/v1.4.8; http://mj12bot.com/)"
147.135.212.200 - - [19/Jul/2026:10:57:23 -0400] "GET /wp-includes/sodium_compat/namespaced/Core/build/jmqy/gvzr/admin.php?filesrc=//home/airtcsob/darenotsecurity.com/wp-content/uploads/2021/01/Fence-300x200.jpg&path=//home/airtcsob/darenotsecurity.com/wp-content/uploads/2021/01 HTTP/1.1" 200 13732 "-" "Mozilla/5.0 (compatible; MJ12bot/v1.4.8; http://mj12bot.com/)"
147.135.212.200 - - [19/Jul/2026:10:57:25 -0400] "GET /wp-includes/sodium_compat/namespaced/Core/build/jmqy/gvzr/admin.php?filesrc=//home/airtcsob/darenotsecurity.com/wp-content/uploads/2021/01/Fence.jpg&path=//home/airtcsob/darenotsecurity.com/wp-content/uploads/2021/01 HTTP/1.1" 200 42068 "-" "Mozilla/5.0 (compatible; MJ12bot/v1.4.8; http://mj12bot.com/)"
147.135.212.200 - - [19/Jul/2026:10:57:27 -0400] "GET /wp-includes/sodium_compat/namespaced/Core/build/jmqy/gvzr/admin.php?filesrc=//home/airtcsob/darenotsecurity.com/wp-content/uploads/2021/01/Horace_1.jpeg.jpg&path=//home/airtcsob/darenotsecurity.com/wp-content/uploads/2021/01 HTTP/1.1" 200 21361 "-" "Mozilla/5.0 (compatible; MJ12bot/v1.4.8; http://mj12bot.com/)"
147.135.212.200 - - [19/Jul/2026:10:57:29 -0400] "GET /wp-includes/sodium_compat/namespaced/Core/build/jmqy/gvzr/admin.php?filesrc=//home/airtcsob/darenotsecurity.com/wp-content/uploads/2021/01/airport_airline.jpg&path=//home/airtcsob/darenotsecurity.com/wp-content/uploads/2021/01 HTTP/1.1" 200 24881 "-" "Mozilla/5.0 (compatible; MJ12bot/v1.4.8; http://mj12bot.com/)"
147.135.212.200 - - [19/Jul/2026:10:57:30 -0400] "GET /wp-includes/sodium_compat/namespaced/Core/build/jmqy/gvzr/admin.php?filesrc=//home/airtcsob/darenotsecurity.com/wp-content/uploads/2021/01/cash_in_transit.jpg&path=//home/airtcsob/darenotsecurity.com/wp-content/uploads/2021/01 HTTP/1.1" 200 21346 "-" "Mozilla/5.0 (compatible; MJ12bot/v1.4.8; http://mj12bot.com/)"
147.135.212.200 - - [19/Jul/2026:10:57:32 -0400] "GET /wp-includes/sodium_compat/namespaced/Core/build/jmqy/gvzr/admin.php?filesrc=//home/airtcsob/darenotsecurity.com/wp-content/uploads/2021/01/cashintransite.jpg&path=//home/airtcsob/darenotsecurity.com/wp-content/uploads/2021/01 HTTP/1.1" 200 90857 "-" "Mozilla/5.0 (compatible; MJ12bot/v1.4.8; http://mj12bot.com/)"
147.135.212.200 - - [19/Jul/2026:10:57:34 -0400] "GET /wp-includes/sodium_compat/namespaced/Core/build/jmqy/gvzr/admin.php?filesrc=//home/airtcsob/darenotsecurity.com/wp-content/uploads/2021/01/cctv_tech.jpg&path=//home/airtcsob/darenotsecurity.com/wp-content/uploads/2021/01 HTTP/1.1" 200 15186 "-" "Mozilla/5.0 (compatible; MJ12bot/v1.4.8; http://mj12bot.com/)"
147.135.212.200 - - [19/Jul/2026:10:57:36 -0400] "GET /wp-includes/sodium_compat/namespaced/Core/build/jmqy/gvzr/admin.php?filesrc=//home/airtcsob/darenotsecurity.com/wp-content/uploads/2021/01/fire_defence.jpg&path=//home/airtcsob/darenotsecurity.com/wp-content/uploads/2021/01 HTTP/1.1" 200 27869 "-" "Mozilla/5.0 (compatible; MJ12bot/v1.4.8; http://mj12bot.com/)"
147.135.212.200 - - [19/Jul/2026:10:57:38 -0400] "GET /wp-includes/sodium_compat/namespaced/Core/build/jmqy/gvzr/admin.php?filesrc=//home/airtcsob/darenotsecurity.com/wp-content/uploads/2021/01/home_security.jpg&path=//home/airtcsob/darenotsecurity.com/wp-content/uploads/2021/01 HTTP/1.1" 200 29111 "-" "Mozilla/5.0 (compatible; MJ12bot/v1.4.8; http://mj12bot.com/)"
147.135.212.200 - - [19/Jul/2026:10:57:40 -0400] "GET /wp-includes/sodium_compat/namespaced/Core/build/jmqy/gvzr/admin.php?filesrc=//home/airtcsob/darenotsecurity.com/wp-content/uploads/2021/01/main_guard.jpg&path=//home/airtcsob/darenotsecurity.com/wp-content/uploads/2021/01 HTTP/1.1" 200 34622 "-" "Mozilla/5.0 (compatible; MJ12bot/v1.4.8; http://mj12bot.com/)"
147.135.212.200 - - [19/Jul/2026:10:57:41 -0400] "GET /wp-includes/sodium_compat/namespaced/Core/build/jmqy/gvzr/admin.php?filesrc=//home/airtcsob/darenotsecurity.com/wp-content/uploads/2021/01/main_guard2.jpg&path=//home/airtcsob/darenotsecurity.com/wp-content/uploads/2021/01 HTTP/1.1" 200 50256 "-" "Mozilla/5.0 (compatible; MJ12bot/v1.4.8; http://mj12bot.com/)"
147.135.212.200 - - [19/Jul/2026:10:57:43 -0400] "GET /wp-includes/sodium_compat/namespaced/Core/build/jmqy/gvzr/admin.php?filesrc=//home/airtcsob/darenotsecurity.com/wp-content/uploads/2021/01/main_guarding.jpg&path=//home/airtcsob/darenotsecurity.com/wp-content/uploads/2021/01 HTTP/1.1" 200 23759 "-" "Mozilla/5.0 (compatible; MJ12bot/v1.4.8; http://mj12bot.com/)"
147.135.212.200 - - [19/Jul/2026:10:57:45 -0400] "GET /wp-includes/sodium_compat/namespaced/Core/build/jmqy/gvzr/admin.php?filesrc=//home/airtcsob/darenotsecurity.com/wp-content/uploads/2021/01/marine_security.jpg&path=//home/airtcsob/darenotsecurity.com/wp-content/uploads/2021/01 HTTP/1.1" 200 26039 "-" "Mozilla/5.0 (compatible; MJ12bot/v1.4.8; http://mj12bot.com/)"
147.135.212.200 - - [19/Jul/2026:10:57:46 -0400] "GET /wp-includes/sodium_compat/namespaced/Core/build/jmqy/gvzr/admin.php?filesrc=//home/airtcsob/darenotsecurity.com/wp-content/uploads/2021/01/security_escort.jpg&path=//home/airtcsob/darenotsecurity.com/wp-content/uploads/2021/01 HTTP/1.1" 200 65935 "-" "Mozilla/5.0 (compatible; MJ12bot/v1.4.8; http://mj12bot.com/)"
147.135.212.200 - - [19/Jul/2026:10:57:48 -0400] "GET /wp-includes/sodium_compat/namespaced/Core/build/jmqy/gvzr/admin.php?filesrc=//home/airtcsob/darenotsecurity.com/wp-content/uploads/2021/01/team-1000x700.jpg&path=//home/airtcsob/darenotsecurity.com/wp-content/uploads/2021/01 HTTP/1.1" 200 10833 "-" "Mozilla/5.0 (compatible; MJ12bot/v1.4.8; http://mj12bot.com/)"
147.135.212.200 - - [19/Jul/2026:10:57:50 -0400] "GET /wp-includes/sodium_compat/namespaced/Core/build/jmqy/gvzr/admin.php?filesrc=//home/airtcsob/darenotsecurity.com/wp-content/uploads/2021/01/team-100x100.jpg&path=//home/airtcsob/darenotsecurity.com/wp-content/uploads/2021/01 HTTP/1.1" 200 2839 "-" "Mozilla/5.0 (compatible; MJ12bot/v1.4.8; http://mj12bot.com/)"
147.135.212.200 - - [19/Jul/2026:10:57:52 -0400] "GET /wp-includes/sodium_compat/namespaced/Core/build/jmqy/gvzr/admin.php?filesrc=//home/airtcsob/darenotsecurity.com/wp-content/uploads/2021/01/team-150x150.jpg&path=//home/airtcsob/darenotsecurity.com/wp-content/uploads/2021/01 HTTP/1.1" 200 3379 "-" "Mozilla/5.0 (compatible; MJ12bot/v1.4.8; http://mj12bot.com/)"
147.135.212.200 - - [19/Jul/2026:10:57:53 -0400] "GET /wp-includes/sodium_compat/namespaced/Core/build/jmqy/gvzr/admin.php?filesrc=//home/airtcsob/darenotsecurity.com/wp-content/uploads/2021/01/team-300x300.jpg&path=//home/airtcsob/darenotsecurity.com/wp-content/uploads/2021/01 HTTP/1.1" 200 5045 "-" "Mozilla/5.0 (compatible; MJ12bot/v1.4.8; http://mj12bot.com/)"
147.135.212.200 - - [19/Jul/2026:10:57:55 -0400] "GET /wp-includes/sodium_compat/namespaced/Core/build/jmqy/gvzr/admin.php?filesrc=//home/airtcsob/darenotsecurity.com/wp-content/uploads/2021/01/team-600x390.jpg&path=//home/airtcsob/darenotsecurity.com/wp-content/uploads/2021/01 HTTP/1.1" 200 6603 "-" "Mozilla/5.0 (compatible; MJ12bot/v1.4.8; http://mj12bot.com/)"
147.135.212.200 - - [19/Jul/2026:10:57:57 -0400] "GET /wp-includes/sodium_compat/namespaced/Core/build/jmqy/gvzr/admin.php?filesrc=//home/airtcsob/darenotsecurity.com/wp-content/uploads/2021/01/team-700x700.jpg&path=//home/airtcsob/darenotsecurity.com/wp-content/uploads/2021/01 HTTP/1.1" 200 8965 "-" "Mozilla/5.0 (compatible; MJ12bot/v1.4.8; http://mj12bot.com/)"
147.135.212.200 - - [19/Jul/2026:10:57:59 -0400] "GET /wp-includes/sodium_compat/namespaced/Core/build/jmqy/gvzr/admin.php?filesrc=//home/airtcsob/darenotsecurity.com/wp-content/uploads/2021/01/team-768x768.jpg&path=//home/airtcsob/darenotsecurity.com/wp-content/uploads/2021/01 HTTP/1.1" 200 9572 "-" "Mozilla/5.0 (compatible; MJ12bot/v1.4.8; http://mj12bot.com/)"
147.135.212.200 - - [19/Jul/2026:10:58:00 -0400] "GET /wp-includes/sodium_compat/namespaced/Core/build/jmqy/gvzr/admin.php?filesrc=//home/airtcsob/darenotsecurity.com/wp-content/uploads/2021/01/team.jpg&path=//home/airtcsob/darenotsecurity.com/wp-content/uploads/2021/01 HTTP/1.1" 200 33654 "-" "Mozilla/5.0 (compatible; MJ12bot/v1.4.8; http://mj12bot.com/)"
147.135.212.200 - - [19/Jul/2026:10:58:02 -0400] "GET /wp-includes/sodium_compat/namespaced/Core/build/jmqy/gvzr/admin.php?filesrc=//home/airtcsob/darenotsecurity.com/wp-content/uploads/2021/01/team3-100x100.jpg&path=//home/airtcsob/darenotsecurity.com/wp-content/uploads/2021/01 HTTP/1.1" 200 2379 "-" "Mozilla/5.0 (compatible; MJ12bot/v1.4.8; http://mj12bot.com/)"
147.135.212.200 - - [19/Jul/2026:10:58:04 -0400] "GET /wp-includes/sodium_compat/namespaced/Core/build/jmqy/gvzr/admin.php?filesrc=//home/airtcsob/darenotsecurity.com/wp-content/uploads/2021/01/team3-150x150.jpg&path=//home/airtcsob/darenotsecurity.com/wp-content/uploads/2021/01 HTTP/1.1" 200 2835 "-" "Mozilla/5.0 (compatible; MJ12bot/v1.4.8; http://mj12bot.com/)"
147.135.212.200 - - [19/Jul/2026:10:58:05 -0400] "GET /wp-includes/sodium_compat/namespaced/Core/build/jmqy/gvzr/admin.php?filesrc=//home/airtcsob/darenotsecurity.com/wp-content/uploads/2021/01/team3-300x206.jpg&path=//home/airtcsob/darenotsecurity.com/wp-content/uploads/2021/01 HTTP/1.1" 200 3933 "-" "Mozilla/5.0 (compatible; MJ12bot/v1.4.8; http://mj12bot.com/)"
147.135.212.200 - - [19/Jul/2026:10:58:07 -0400] "GET /wp-includes/sodium_compat/namespaced/Core/build/jmqy/gvzr/admin.php?filesrc=//home/airtcsob/darenotsecurity.com/wp-content/uploads/2021/01/team3-600x390.jpg&path=//home/airtcsob/darenotsecurity.com/wp-content/uploads/2021/01 HTTP/1.1" 200 6313 "-" "Mozilla/5.0 (compatible; MJ12bot/v1.4.8; http://mj12bot.com/)"
147.135.212.200 - - [19/Jul/2026:10:58:09 -0400] "GET /wp-includes/sodium_compat/namespaced/Core/build/jmqy/gvzr/admin.php?filesrc=//home/airtcsob/darenotsecurity.com/wp-content/uploads/2021/01/team3.jpg&path=//home/airtcsob/darenotsecurity.com/wp-content/uploads/2021/01 HTTP/1.1" 200 6824 "-" "Mozilla/5.0 (compatible; MJ12bot/v1.4.8; http://mj12bot.com/)"
147.135.212.200 - - [19/Jul/2026:10:58:10 -0400] "GET /wp-includes/sodium_compat/namespaced/Core/build/jmqy/gvzr/admin.php?filesrc=//home/airtcsob/darenotsecurity.com/wp-content/uploads/2021/01/vip_responds.jpg&path=//home/airtcsob/darenotsecurity.com/wp-content/uploads/2021/01 HTTP/1.1" 200 25283 "-" "Mozilla/5.0 (compatible; MJ12bot/v1.4.8; http://mj12bot.com/)"
147.135.212.200 - - [19/Jul/2026:10:58:12 -0400] "GET /wp-includes/sodium_compat/namespaced/Core/build/jmqy/gvzr/admin.php?filesrc=//home/airtcsob/darenotsecurity.com/wp-content/uploads/darenotsecurity.com/log_6410.txt&path=//home/airtcsob/darenotsecurity.com/wp-content/uploads/darenotsecurity.com HTTP/1.1" 200 190867 "-" "Mozilla/5.0 (compatible; MJ12bot/v1.4.8; http://mj12bot.com/)"
147.135.212.200 - - [19/Jul/2026:10:58:14 -0400] "GET /wp-includes/sodium_compat/namespaced/Core/build/jmqy/gvzr/admin.php?filesrc=//home/airtcsob/darenotsecurity.com/wp-content/uploads/opal_rev_sliders_import/slide-home1.zip&path=//home/airtcsob/darenotsecurity.com/wp-content/uploads/opal_rev_sliders_import HTTP/1.1" 200 826899 "-" "Mozilla/5.0 (compatible; MJ12bot/v1.4.8; http://mj12bot.com/)"
147.135.212.200 - - [19/Jul/2026:10:58:19 -0400] "GET /wp-includes/sodium_compat/namespaced/Core/build/jmqy/gvzr/admin.php?filesrc=//home/airtcsob/darenotsecurity.com/wp-content/uploads/opal_rev_sliders_import/slide-home2.zip&path=//home/airtcsob/darenotsecurity.com/wp-content/uploads/opal_rev_sliders_import HTTP/1.1" 200 827283 "-" "Mozilla/5.0 (compatible; MJ12bot/v1.4.8; http://mj12bot.com/)"
147.135.212.200 - - [19/Jul/2026:10:58:23 -0400] "GET /wp-includes/sodium_compat/namespaced/Core/build/jmqy/gvzr/admin.php?filesrc=//home/airtcsob/darenotsecurity.com/wp-content/uploads/opal_rev_sliders_import/slide-home4.zip&path=//home/airtcsob/darenotsecurity.com/wp-content/uploads/opal_rev_sliders_import HTTP/1.1" 200 827356 "-" "Mozilla/5.0 (compatible; MJ12bot/v1.4.8; http://mj12bot.com/)"
147.135.212.200 - - [19/Jul/2026:10:58:26 -0400] "GET /wp-includes/sodium_compat/namespaced/Core/build/jmqy/gvzr/admin.php?filesrc=//home/airtcsob/darenotsecurity.com/wp-content/uploads/opal_rev_sliders_import/slide-home9.zip&path=//home/airtcsob/darenotsecurity.com/wp-content/uploads/opal_rev_sliders_import HTTP/1.1" 200 915728 "-" "Mozilla/5.0 (compatible; MJ12bot/v1.4.8; http://mj12bot.com/)"
147.135.212.200 - - [19/Jul/2026:10:58:29 -0400] "GET /wp-includes/sodium_compat/namespaced/Core/build/jmqy/gvzr/admin.php?path=//home/airtcsob/booking.towerdevelopers.com/wp-content/uploads/2018/10 HTTP/1.1" 200 75650 "-" "Mozilla/5.0 (compatible; MJ12bot/v1.4.8; http://mj12bot.com/)"
147.135.212.200 - - [19/Jul/2026:10:58:31 -0400] "GET /wp-includes/sodium_compat/namespaced/Core/build/jmqy/gvzr/admin.php?path=//home/airtcsob/booking.towerdevelopers.com/wp-content/uploads/2023/07 HTTP/1.1" 200 422105 "-" "Mozilla/5.0 (compatible; MJ12bot/v1.4.8; http://mj12bot.com/)"
147.135.212.200 - - [19/Jul/2026:10:58:33 -0400] "GET /wp-includes/sodium_compat/namespaced/Core/build/jmqy/gvzr/admin.php?path=//home/airtcsob/booking.towerdevelopers.com/wp-includes/SimplePie/library/SimplePie/Decode/HTML&go=cabs HTTP/1.1" 200 1322 "-" "Mozilla/5.0 (compatible; MJ12bot/v1.4.8; http://mj12bot.com/)"
114.119.158.251 - - [19/Jul/2026:10:58:35 -0400] "GET /2023/10/02/slots-gratuits-canadiens/ HTTP/1.1" 404 1251 "https://towerdevelopers.com/?feed=xmlsitemap754" "Mozilla/5.0 (Linux; Android 7.0;) AppleWebKit/537.36 (HTML, like Gecko) Mobile Safari/537.36 (compatible; PetalBot;+https://webmaster.petalsearch.com/site/petalbot)"
147.135.212.200 - - [19/Jul/2026:10:58:35 -0400] "GET /wp-includes/sodium_compat/namespaced/Core/build/jmqy/gvzr/admin.php?path=//home/airtcsob/booking.towerdevelopers.com/wp-includes/SimplePie/library/SimplePie/XML/Declaration&go=cabs HTTP/1.1" 200 1317 "-" "Mozilla/5.0 (compatible; MJ12bot/v1.4.8; http://mj12bot.com/)"
147.135.212.200 - - [19/Jul/2026:10:58:37 -0400] "GET /wp-includes/sodium_compat/namespaced/Core/build/jmqy/gvzr/admin.php?path=//home/airtcsob/booking.towerdevelopers.com/wp-includes/js/tinymce/skins/lightgray/fonts&go=cabs HTTP/1.1" 200 1507 "-" "Mozilla/5.0 (compatible; MJ12bot/v1.4.8; http://mj12bot.com/)"
147.135.212.200 - - [19/Jul/2026:10:58:38 -0400] "GET /wp-includes/sodium_compat/namespaced/Core/build/jmqy/gvzr/admin.php?path=//home/airtcsob/booking.towerdevelopers.com/wp-includes/php-ai-client/src/Providers/ApiBasedImplementation&go=cabs HTTP/1.1" 200 1556 "-" "Mozilla/5.0 (compatible; MJ12bot/v1.4.8; http://mj12bot.com/)"
147.135.212.200 - - [19/Jul/2026:10:58:40 -0400] "GET /wp-includes/sodium_compat/namespaced/Core/build/jmqy/gvzr/admin.php?path=//home/airtcsob/booking.towerdevelopers.com/wp-includes/php-ai-client/src/Providers/Models/ImageGeneration/Contracts&go=cabs HTTP/1.1" 200 1407 "-" "Mozilla/5.0 (compatible; MJ12bot/v1.4.8; http://mj12bot.com/)"
147.135.212.200 - - [19/Jul/2026:10:58:42 -0400] "GET /wp-includes/sodium_compat/namespaced/Core/build/jmqy/gvzr/admin.php?path=//home/airtcsob/booking.towerdevelopers.com/wp-includes/sodium_compat/namespaced/Core/Curve25519/Ge&go=cabs HTTP/1.1" 200 1424 "-" "Mozilla/5.0 (compatible; MJ12bot/v1.4.8; http://mj12bot.com/)"
147.135.212.200 - - [19/Jul/2026:10:58:43 -0400] "GET /wp-includes/sodium_compat/namespaced/Core/build/jmqy/gvzr/admin.php?path=//home/airtcsob/darenotsecurity.com/nc_assets/img/pictograms&go=cabs HTTP/1.1" 200 1222 "-" "Mozilla/5.0 (compatible; MJ12bot/v1.4.8; http://mj12bot.com/)"
147.135.212.200 - - [19/Jul/2026:10:58:45 -0400] "GET /wp-includes/sodium_compat/namespaced/Core/build/jmqy/gvzr/admin.php?path=//home/airtcsob/darenotsecurity.com/wp-content/cache/2023/media/archive HTTP/1.1" 200 1208 "-" "Mozilla/5.0 (compatible; MJ12bot/v1.4.8; http://mj12bot.com/)"
147.135.212.200 - - [19/Jul/2026:10:58:47 -0400] "GET /wp-includes/sodium_compat/namespaced/Core/build/jmqy/gvzr/admin.php?path=//home/airtcsob/darenotsecurity.com/wp-content/cache/2023/media/v3 HTTP/1.1" 200 1210 "-" "Mozilla/5.0 (compatible; MJ12bot/v1.4.8; http://mj12bot.com/)"
147.135.212.200 - - [19/Jul/2026:10:58:48 -0400] "GET /wp-includes/sodium_compat/namespaced/Core/build/jmqy/gvzr/admin.php?path=//home/airtcsob/darenotsecurity.com/wp-content/plugins/akismet/_inc&go=cabs HTTP/1.1" 200 1230 "-" "Mozilla/5.0 (compatible; MJ12bot/v1.4.8; http://mj12bot.com/)"
147.135.212.200 - - [19/Jul/2026:10:58:50 -0400] "GET /wp-includes/sodium_compat/namespaced/Core/build/jmqy/gvzr/admin.php?path=//home/airtcsob/darenotsecurity.com/wp-content/plugins/akismet/_inc/img HTTP/1.1" 200 1262 "-" "Mozilla/5.0 (compatible; MJ12bot/v1.4.8; http://mj12bot.com/)"
147.135.212.200 - - [19/Jul/2026:10:58:52 -0400] "GET /wp-includes/sodium_compat/namespaced/Core/build/jmqy/gvzr/admin.php?path=//home/airtcsob/darenotsecurity.com/wp-content/plugins/breadcrumb-navxt/includes/adminKit/assets&go=cabs HTTP/1.1" 200 1529 "-" "Mozilla/5.0 (compatible; MJ12bot/v1.4.8; http://mj12bot.com/)"
147.135.212.200 - - [19/Jul/2026:10:58:53 -0400] "GET /wp-includes/sodium_compat/namespaced/Core/build/jmqy/gvzr/admin.php?path=//home/airtcsob/darenotsecurity.com/wp-content/plugins/breadcrumb-navxt/includes/adminKit/setting&go=cabs HTTP/1.1" 200 1617 "-" "Mozilla/5.0 (compatible; MJ12bot/v1.4.8; http://mj12bot.com/)"
147.135.212.200 - - [19/Jul/2026:10:58:55 -0400] "GET /wp-includes/sodium_compat/namespaced/Core/build/jmqy/gvzr/admin.php?path=//home/airtcsob/darenotsecurity.com/wp-content/plugins/breadcrumb-navxt/includes/adminKit/setting/php7 HTTP/1.1" 200 1405 "-" "Mozilla/5.0 (compatible; MJ12bot/v1.4.8; http://mj12bot.com/)"
147.135.212.200 - - [19/Jul/2026:10:58:57 -0400] "GET /wp-includes/sodium_compat/namespaced/Core/build/jmqy/gvzr/admin.php?path=//home/airtcsob/darenotsecurity.com/wp-content/plugins/breadcrumb-navxt/includes/blocks/build&go=cabs HTTP/1.1" 200 1255 "-" "Mozilla/5.0 (compatible; MJ12bot/v1.4.8; http://mj12bot.com/)"
147.135.212.200 - - [19/Jul/2026:10:58:58 -0400] "GET /wp-includes/sodium_compat/namespaced/Core/build/jmqy/gvzr/admin.php?path=//home/airtcsob/darenotsecurity.com/wp-content/plugins/breadcrumb-navxt/includes/blocks/build/breadcrumb-trail HTTP/1.1" 200 1409 "-" "Mozilla/5.0 (compatible; MJ12bot/v1.4.8; http://mj12bot.com/)"
147.135.212.200 - - [19/Jul/2026:10:59:00 -0400] "GET /wp-includes/sodium_compat/namespaced/Core/build/jmqy/gvzr/admin.php?path=//home/airtcsob/darenotsecurity.com/wp-content/plugins/classic-editor/js/2024/cache&go=cabs HTTP/1.1" 200 1252 "-" "Mozilla/5.0 (compatible; MJ12bot/v1.4.8; http://mj12bot.com/)"
147.135.212.200 - - [19/Jul/2026:10:59:02 -0400] "GET /wp-includes/sodium_compat/namespaced/Core/build/jmqy/gvzr/admin.php?path=//home/airtcsob/darenotsecurity.com/wp-content/plugins/classic-editor/js/2024/cache/v3 HTTP/1.1" 200 1240 "-" "Mozilla/5.0 (compatible; MJ12bot/v1.4.8; http://mj12bot.com/)"
147.135.212.200 - - [19/Jul/2026:10:59:04 -0400] "GET /wp-includes/sodium_compat/namespaced/Core/build/jmqy/gvzr/admin.php?path=//home/airtcsob/darenotsecurity.com/wp-content/plugins/contact-form-7/admin/includes/css&go=cabs HTTP/1.1" 200 1339 "-" "Mozilla/5.0 (compatible; MJ12bot/v1.4.8; http://mj12bot.com/)"
147.135.212.200 - - [19/Jul/2026:10:59:05 -0400] "GET /wp-includes/sodium_compat/namespaced/Core/build/jmqy/gvzr/admin.php?path=//home/airtcsob/darenotsecurity.com/wp-content/plugins/contact-form-7/admin/includes/js&go=cabs HTTP/1.1" 200 1351 "-" "Mozilla/5.0 (compatible; MJ12bot/v1.4.8; http://mj12bot.com/)"
147.135.212.200 - - [19/Jul/2026:10:59:07 -0400] "GET /wp-includes/sodium_compat/namespaced/Core/build/jmqy/gvzr/admin.php?path=//home/airtcsob/darenotsecurity.com/wp-content/plugins/contact-form-7/includes/js/jquery-ui/themes HTTP/1.1" 200 1562 "-" "Mozilla/5.0 (compatible; MJ12bot/v1.4.8; http://mj12bot.com/)"
114.119.158.118 - - [19/Jul/2026:11:00:08 -0400] "GET /2023/10/02/chance-hill-casino-login-app-sign-up/ HTTP/1.1" 404 1251 "https://towerdevelopers.com/?p=25289" "Mozilla/5.0 (Linux; Android 7.0;) AppleWebKit/537.36 (HTML, like Gecko) Mobile Safari/537.36 (compatible; PetalBot;+https://webmaster.petalsearch.com/site/petalbot)"
162.213.255.39 - - [19/Jul/2026:11:01:27 -0400] "POST /wp-cron.php?doing_wp_cron=1784473287.0750989913940429687500 HTTP/1.1" 200 0 "-" "WordPress/7.0; https://towerdevelopers.com"
114.119.158.251 - - [19/Jul/2026:11:01:25 -0400] "GET /?p=31194 HTTP/1.1" 404 16678 "https://towerdevelopers.com/?p=33811" "Mozilla/5.0 (Linux; Android 7.0;) AppleWebKit/537.36 (HTML, like Gecko) Mobile Safari/537.36 (compatible; PetalBot;+https://webmaster.petalsearch.com/site/petalbot)"
114.119.145.205 - - [19/Jul/2026:11:02:47 -0400] "GET /2023/10/02/casino-rewards-withdrawal HTTP/1.1" 404 1251 "https://towerdevelopers.com/?p=14058" "Mozilla/5.0 (Linux; Android 7.0;) AppleWebKit/537.36 (HTML, like Gecko) Mobile Safari/537.36 (compatible; PetalBot;+https://webmaster.petalsearch.com/site/petalbot)"
114.119.135.37 - - [19/Jul/2026:11:04:11 -0400] "GET /2023/10/02/casino-open-near-me/ HTTP/1.1" 404 1251 "https://towerdevelopers.com/?p=11713" "Mozilla/5.0 (Linux; Android 7.0;) AppleWebKit/537.36 (HTML, like Gecko) Mobile Safari/537.36 (compatible; PetalBot;+https://webmaster.petalsearch.com/site/petalbot)"
114.119.152.46 - - [19/Jul/2026:11:05:34 -0400] "GET /2023/10/02/cash-paying-casino-games/ HTTP/1.1" 404 1251 "https://towerdevelopers.com/?p=24362" "Mozilla/5.0 (Linux; Android 7.0;) AppleWebKit/537.36 (HTML, like Gecko) Mobile Safari/537.36 (compatible; PetalBot;+https://webmaster.petalsearch.com/site/petalbot)"
114.119.152.46 - - [19/Jul/2026:11:06:58 -0400] "GET /2023/10/02/australian-pokies-history/ HTTP/1.1" 404 1251 "https://towerdevelopers.com/?feed=xmlsitemap547" "Mozilla/5.0 (Linux; Android 7.0;) AppleWebKit/537.36 (HTML, like Gecko) Mobile Safari/537.36 (compatible; PetalBot;+https://webmaster.petalsearch.com/site/petalbot)"
162.213.255.39 - - [19/Jul/2026:11:08:24 -0400] "POST /wp-cron.php?doing_wp_cron=1784473704.0163800716400146484375 HTTP/1.1" 200 0 "-" "WordPress/7.0; https://towerdevelopers.com"
114.119.158.118 - - [19/Jul/2026:11:08:22 -0400] "GET /?p=22292 HTTP/1.1" 404 16679 "https://towerdevelopers.com/?p=22371" "Mozilla/5.0 (Linux; Android 7.0;) AppleWebKit/537.36 (HTML, like Gecko) Mobile Safari/537.36 (compatible; PetalBot;+https://webmaster.petalsearch.com/site/petalbot)"
114.119.135.121 - - [19/Jul/2026:11:09:45 -0400] "GET /uk-crypto-casinos/ HTTP/1.1" 404 1251 "https://towerdevelopers.com/?MD" "Mozilla/5.0 (Linux; Android 7.0;) AppleWebKit/537.36 (HTML, like Gecko) Mobile Safari/537.36 (compatible; PetalBot;+https://webmaster.petalsearch.com/site/petalbot)"
47.128.125.125 - - [19/Jul/2026:11:10:07 -0400] "GET /wp-includes/sodium_compat/namespaced/Core/build/jmqy/gvzr/admin.php?filesrc=%2F%2Fsbin%2Fdnssec-dsfromkey&path=%2F%2Fsbin HTTP/1.1" 200 23477 "-" "Mozilla/5.0 (Linux; Android 5.0) AppleWebKit/537.36 (KHTML, like Gecko) Mobile Safari/537.36 (compatible; Bytespider; spider-feedback@bytedance.com)"
114.119.132.52 - - [19/Jul/2026:11:11:08 -0400] "GET /best-credit-card-casino-vip-casino-uk/ HTTP/1.1" 404 1251 "https://towerdevelopers.com/uk-casino-payments/" "Mozilla/5.0 (Linux; Android 7.0;) AppleWebKit/537.36 (HTML, like Gecko) Mobile Safari/537.36 (compatible; PetalBot;+https://webmaster.petalsearch.com/site/petalbot)"
148.251.41.182 - - [19/Jul/2026:11:11:43 -0400] "GET /2023/10/02/rulette-on-line/ HTTP/1.1" 404 1251 "-" "Mozilla/5.0 (compatible; SERankingBacklinksBot/1.0; +https://seranking.com/backlinks-crawler)"
114.119.145.205 - - [19/Jul/2026:11:12:32 -0400] "GET /2023/10/02/nombre-de-client-casino/ HTTP/1.1" 404 1251 "https://towerdevelopers.com/?feed=xmlsitemap754" "Mozilla/5.0 (Linux; Android 7.0;) AppleWebKit/537.36 (HTML, like Gecko) Mobile Safari/537.36 (compatible; PetalBot;+https://webmaster.petalsearch.com/site/petalbot)"
114.119.152.46 - - [19/Jul/2026:11:13:55 -0400] "GET /2023/10/02/machines-%C3%A0-sous-professionnel-des-joueurs/ HTTP/1.1" 404 1251 "https://towerdevelopers.com/?feed=xmlsitemap754" "Mozilla/5.0 (Linux; Android 7.0;) AppleWebKit/537.36 (HTML, like Gecko) Mobile Safari/537.36 (compatible; PetalBot;+https://webmaster.petalsearch.com/site/petalbot)"
156.59.198.136 - - [19/Jul/2026:11:14:01 -0400] "GET /wp-includes/fonts/dashicons.ttf HTTP/1.1" 200 56392 "-" "Mozilla/5.0 (Linux; Android 5.0) AppleWebKit/537.36 (KHTML, like Gecko) Mobile Safari/537.36 (compatible; Bytespider; spider-feedback@bytedance.com)"
114.119.135.121 - - [19/Jul/2026:11:15:19 -0400] "GET /2023/10/02/ltc-casino-bonus-code/ HTTP/1.1" 404 1251 "https://towerdevelopers.com/?p=20716" "Mozilla/5.0 (Linux; Android 7.0;) AppleWebKit/537.36 (HTML, like Gecko) Mobile Safari/537.36 (compatible; PetalBot;+https://webmaster.petalsearch.com/site/petalbot)"
114.119.152.46 - - [19/Jul/2026:11:16:42 -0400] "GET /2023/10/02/astuces-pour-gagner-de-l-argent-dans-de-vrais-casinos/ HTTP/1.1" 404 1251 "https://towerdevelopers.com/?feed=xmlsitemap754" "Mozilla/5.0 (Linux; Android 7.0;) AppleWebKit/537.36 (HTML, like Gecko) Mobile Safari/537.36 (compatible; PetalBot;+https://webmaster.petalsearch.com/site/petalbot)"
114.119.135.121 - - [19/Jul/2026:11:18:06 -0400] "GET /2023/10/02/5-slot-machine-strategy/ HTTP/1.1" 404 1251 "https://towerdevelopers.com/?p=14421" "Mozilla/5.0 (Linux; Android 7.0;) AppleWebKit/537.36 (HTML, like Gecko) Mobile Safari/537.36 (compatible; PetalBot;+https://webmaster.petalsearch.com/site/petalbot)"
114.119.145.205 - - [19/Jul/2026:11:19:30 -0400] "GET /sitemap.rss HTTP/1.1" 404 1251 "https://towerdevelopers.com/sitemap.rss" "Mozilla/5.0 (Linux; Android 7.0;) AppleWebKit/537.36 (HTML, like Gecko) Mobile Safari/537.36 (compatible; PetalBot;+https://webmaster.petalsearch.com/site/petalbot)"
47.128.125.123 - - [19/Jul/2026:11:20:47 -0400] "GET /wp-includes/SimplePie/src/HTTP/Parser.php HTTP/1.1" 200 0 "-" "Mozilla/5.0 (Linux; Android 5.0) AppleWebKit/537.36 (KHTML, like Gecko) Mobile Safari/537.36 (compatible; Bytespider; spider-feedback@bytedance.com)"
114.119.151.209 - - [19/Jul/2026:11:21:21 -0400] "GET /2023/10/02/pokies-near-laverton HTTP/1.1" 404 1251 "https://towerdevelopers.com/?p=27136" "Mozilla/5.0 (Linux; Android 7.0;) AppleWebKit/537.36 (HTML, like Gecko) Mobile Safari/537.36 (compatible; PetalBot;+https://webmaster.petalsearch.com/site/petalbot)"
57.141.18.82 - - [19/Jul/2026:11:22:18 -0400] "GET /wp-includes/sodium_compat/namespaced/Core/build/jmqy/gvzr/admin.php?filesrc=//lib/firmware/cirrus/cs35l41-dsp1-spk-prot-103c8bb3-spkid1-r0.bincfg&path=//lib/firmware/cirrus HTTP/1.1" 200 2152 "-" "Mozilla/5.0 (Windows NT 10.0; Win64; x64) AppleWebKit/537.36 (KHTML, like Gecko) Chrome/144.0.0.0 Safari/537.36 Edg/144.0.0.0 (compatible; meta-externalagent/1.1 (+https://developers.facebook.com/docs/sharing/webmasters/crawler))"
57.141.18.109 - - [19/Jul/2026:11:22:19 -0400] "GET /wp-includes/sodium_compat/namespaced/Core/build/jmqy/gvzr/admin.php?filesrc=//lib/firmware/cirrus/cs35l41-dsp1-spk-prot-103c8da1.wmfw&path=//lib/firmware/cirrus HTTP/1.1" 200 49859 "-" "Mozilla/5.0 (Windows NT 10.0; Win64; x64) AppleWebKit/537.36 (KHTML, like Gecko) Chrome/145.0.0.0 Safari/537.36 (compatible; meta-externalagent/1.1 (+https://developers.facebook.com/docs/sharing/webmasters/crawler))"
57.141.18.31 - - [19/Jul/2026:11:22:18 -0400] "GET /wp-includes/sodium_compat/namespaced/Core/build/jmqy/gvzr/admin.php?filesrc=//lib/firmware/cirrus/cs35l41-dsp1-spk-prot.wmfw&path=//lib/firmware/cirrus HTTP/1.1" 200 49570 "-" "Mozilla/5.0 (Macintosh; Intel Mac OS X 10_15_7) AppleWebKit/537.36 (KHTML, like Gecko) Chrome/145.0.0.0 Safari/537.36 (compatible; meta-externalagent/1.1 (+https://developers.facebook.com/docs/sharing/webmasters/crawler))"
57.141.18.51 - - [19/Jul/2026:11:22:49 -0400] "GET /wp-includes/sodium_compat/namespaced/Core/build/jmqy/gvzr/admin.php?filesrc=//lib/firmware/cirrus/cs35l41-dsp1-spk-prot-10431463-spkid0-r0.bin&path=//lib/firmware/cirrus HTTP/1.1" 200 8158 "-" "Mozilla/5.0 (Macintosh; Intel Mac OS X 10_15_7) AppleWebKit/537.36 (KHTML, like Gecko) Chrome/145.0.0.0 Safari/537.36 (compatible; meta-externalagent/1.1 (+https://developers.facebook.com/docs/sharing/webmasters/crawler))"
57.141.18.0 - - [19/Jul/2026:11:22:49 -0400] "GET /wp-includes/sodium_compat/namespaced/Core/build/jmqy/gvzr/admin.php?filesrc=//lib/firmware/cirrus/cs35l41-dsp1-spk-prot-10431054-spkid1-r0.bin&path=//lib/firmware/cirrus HTTP/1.1" 200 8452 "-" "Mozilla/5.0 (Windows NT 10.0; Win64; x64) AppleWebKit/537.36 (KHTML, like Gecko) Chrome/145.0.0.0 Safari/537.36 (compatible; meta-externalagent/1.1 (+https://developers.facebook.com/docs/sharing/webmasters/crawler))"
57.141.18.40 - - [19/Jul/2026:11:22:50 -0400] "GET /wp-includes/sodium_compat/namespaced/Core/build/jmqy/gvzr/admin.php?filesrc=//lib/firmware/cirrus/cs35l41-dsp1-spk-prot-10431cef-spkid0-l0.bin&path=//lib/firmware/cirrus HTTP/1.1" 200 8162 "-" "Mozilla/5.0 (Windows NT 10.0; Win64; x64) AppleWebKit/537.36 (KHTML, like Gecko) Chrome/145.0.0.0 Safari/537.36 (compatible; meta-externalagent/1.1 (+https://developers.facebook.com/docs/sharing/webmasters/crawler))"
57.141.18.12 - - [19/Jul/2026:11:23:23 -0400] "GET /wp-includes/sodium_compat/namespaced/Core/build/jmqy/gvzr/admin.php?filesrc=//lib/firmware/cirrus/cs35l41-dsp1-spk-prot-17aa38c7-spkid0-r0.bin&path=//lib/firmware/cirrus HTTP/1.1" 200 9168 "-" "Mozilla/5.0 (Windows NT 10.0; Win64; x64) AppleWebKit/537.36 (KHTML, like Gecko) Chrome/145.0.0.0 Safari/537.36 (compatible; meta-externalagent/1.1 (+https://developers.facebook.com/docs/sharing/webmasters/crawler))"
114.119.145.205 - - [19/Jul/2026:11:23:40 -0400] "GET /wp-trackback.php HTTP/1.1" 403 26 "https://towerdevelopers.com/?p=16097" "Mozilla/5.0 (Linux; Android 7.0;) AppleWebKit/537.36 (HTML, like Gecko) Mobile Safari/537.36 (compatible; PetalBot;+https://webmaster.petalsearch.com/site/petalbot)"
74.7.241.174 - - [19/Jul/2026:11:24:01 -0400] "GET /robots.txt HTTP/1.1" 404 1251 "-" "Mozilla/5.0 (Macintosh; Intel Mac OS X 10_15_7) AppleWebKit/537.36 (KHTML, like Gecko) Chrome/131.0.0.0 Safari/537.36; compatible; OAI-SearchBot/1.4; robots.txt; +https://openai.com/searchbot"
57.141.18.116 - - [19/Jul/2026:11:24:17 -0400] "GET /wp-includes/sodium_compat/namespaced/Core/build/jmqy/gvzr/admin.php?filesrc=//lib/firmware/cirrus/cs35l63-a1-dsp1-misc-10280e20-spkid2-05-l3u3.bin&path=//lib/firmware/cirrus HTTP/1.1" 200 17374 "-" "Mozilla/5.0 (Windows NT 10.0; Win64; x64) AppleWebKit/537.36 (KHTML, like Gecko) Chrome/145.0.0.0 Safari/537.36 (compatible; meta-externalagent/1.1 (+https://developers.facebook.com/docs/sharing/webmasters/crawler))"
57.141.18.13 - - [19/Jul/2026:11:24:32 -0400] "GET /wp-includes/sodium_compat/namespaced/Core/build/jmqy/gvzr/admin.php?filesrc=//usr/include/kadm5/admin.h&path=//usr/include/kadm5 HTTP/1.1" 200 22751 "-" "Mozilla/5.0 (Windows NT 10.0; Win64; x64) AppleWebKit/537.36 (KHTML, like Gecko) Chrome/145.0.0.0 Safari/537.36 (compatible; meta-externalagent/1.1 (+https://developers.facebook.com/docs/sharing/webmasters/crawler))"
57.141.18.55 - - [19/Jul/2026:11:24:51 -0400] "GET /wp-includes/sodium_compat/namespaced/Core/build/jmqy/gvzr/admin.php?filesrc=//lib/firmware/cirrus/cs35l56-b0-dsp1-misc-10280ce6-spkid1-amp3.bin&path=//lib/firmware/cirrus HTTP/1.1" 200 17918 "-" "Mozilla/5.0 (Windows NT 10.0; Win64; x64) AppleWebKit/537.36 (KHTML, like Gecko) Chrome/145.0.0.0 Safari/537.36 (compatible; meta-externalagent/1.1 (+https://developers.facebook.com/docs/sharing/webmasters/crawler))"
57.141.18.12 - - [19/Jul/2026:11:25:02 -0400] "GET /wp-includes/sodium_compat/namespaced/Core/build/jmqy/gvzr/admin.php?filesrc=//usr/lib64/xtables/libxt_ecn.so&path=//usr/lib64/xtables HTTP/1.1" 200 16345 "-" "Mozilla/5.0 (Windows NT 10.0; Win64; x64) AppleWebKit/537.36 (KHTML, like Gecko) Chrome/145.0.0.0 Safari/537.36 (compatible; meta-externalagent/1.1 (+https://developers.facebook.com/docs/sharing/webmasters/crawler))"
114.119.135.121 - - [19/Jul/2026:11:25:05 -0400] "GET /wp-includes/class-wp-scripts.php HTTP/1.1" 500 0 "https://towerdevelopers.com/wp-includes/" "Mozilla/5.0 (Linux; Android 7.0;) AppleWebKit/537.36 (HTML, like Gecko) Mobile Safari/537.36 (compatible; PetalBot;+https://webmaster.petalsearch.com/site/petalbot)"
114.119.135.37 - - [19/Jul/2026:11:26:28 -0400] "GET /casino-that-pays-with-flexepin/ HTTP/1.1" 404 1251 "https://towerdevelopers.com/uk-casino-payments/" "Mozilla/5.0 (Linux; Android 7.0;) AppleWebKit/537.36 (HTML, like Gecko) Mobile Safari/537.36 (compatible; PetalBot;+https://webmaster.petalsearch.com/site/petalbot)"
57.141.18.68 - - [19/Jul/2026:11:27:53 -0400] "GET /wp-includes/sodium_compat/namespaced/Core/build/jmqy/gvzr/admin.php?filesrc=//lib/firmware/rtw89/rtw8922a_fw-2.bin&path=//lib/firmware/rtw89 HTTP/1.1" 200 2708521 "-" "Mozilla/5.0 (Windows NT 10.0; Win64; x64) AppleWebKit/537.36 (KHTML, like Gecko) Chrome/145.0.0.0 Safari/537.36 (compatible; meta-externalagent/1.1 (+https://developers.facebook.com/docs/sharing/webmasters/crawler))"
57.141.18.64 - - [19/Jul/2026:11:27:54 -0400] "GET /wp-includes/sodium_compat/namespaced/Core/build/jmqy/gvzr/admin.php?filesrc=//lib/firmware/cirrus/cs35l41-dsp1-spk-prot-103c8b42.wmfw&path=//lib/firmware/cirrus HTTP/1.1" 200 49766 "-" "Mozilla/5.0 (X11; Linux x86_64) AppleWebKit/537.36 (KHTML, like Gecko) Chrome/145.0.0.0 Safari/537.36 (compatible; meta-externalagent/1.1 (+https://developers.facebook.com/docs/sharing/webmasters/crawler))"
162.213.255.39 - - [19/Jul/2026:11:27:54 -0400] "POST /wp-cron.php?doing_wp_cron=1784474874.9602251052856445312500 HTTP/1.1" 200 0 "-" "WordPress/7.0; https://towerdevelopers.com"
114.119.158.118 - - [19/Jul/2026:11:27:52 -0400] "GET /?p=23193 HTTP/1.1" 404 16683 "https://towerdevelopers.com/?p=24161" "Mozilla/5.0 (Linux; Android 8.0.0; SM-G955U Build/R16NW) AppleWebKit/537.36 (KHTML, like Gecko) Chrome/148.0.0.0 Mobile Safari/537.36"
47.128.125.142 - - [19/Jul/2026:11:28:31 -0400] "GET /wp-includes/cache.php HTTP/1.1" 500 0 "-" "Mozilla/5.0 (Linux; Android 5.0) AppleWebKit/537.36 (KHTML, like Gecko) Mobile Safari/537.36 (compatible; Bytespider; spider-feedback@bytedance.com)"
43.135.130.202 - - [19/Jul/2026:11:28:58 -0400] "GET / HTTP/1.1" 200 25499 "http://towerdevelopers.com" "Mozilla/5.0 (iPhone; CPU iPhone OS 13_2_3 like Mac OS X) AppleWebKit/605.1.15 (KHTML, like Gecko) Version/13.0.3 Mobile/15E148 Safari/604.1"
57.141.18.2 - - [19/Jul/2026:11:29:09 -0400] "GET /wp-includes/sodium_compat/namespaced/Core/build/jmqy/gvzr/admin.php?filesrc=//usr/lib64/security/pam_debug.so&path=//usr/lib64/security HTTP/1.1" 200 15988 "-" "Mozilla/5.0 (Windows NT 10.0; Win64; x64) AppleWebKit/537.36 (KHTML, like Gecko) Chrome/145.0.0.0 Safari/537.36 (compatible; meta-externalagent/1.1 (+https://developers.facebook.com/docs/sharing/webmasters/crawler))"
114.119.152.46 - - [19/Jul/2026:11:29:15 -0400] "GET /2023/10/02/online-gambling-games-australia/ HTTP/1.1" 404 1251 "https://towerdevelopers.com/?p=25205" "Mozilla/5.0 (Linux; Android 7.0;) AppleWebKit/537.36 (HTML, like Gecko) Mobile Safari/537.36 (compatible; PetalBot;+https://webmaster.petalsearch.com/site/petalbot)"
57.141.18.52 - - [19/Jul/2026:11:29:29 -0400] "GET /wp-includes/sodium_compat/namespaced/Core/build/jmqy/gvzr/admin.php?filesrc=//lib/firmware/cirrus/cs35l41-dsp1-spk-prot-103c8a30-spkid1-l0.bin&path=//lib/firmware/cirrus HTTP/1.1" 200 7226 "-" "Mozilla/5.0 (Windows NT 10.0; Win64; x64) AppleWebKit/537.36 (KHTML, like Gecko) Chrome/145.0.0.0 Safari/537.36 (compatible; meta-externalagent/1.1 (+https://developers.facebook.com/docs/sharing/webmasters/crawler))"
57.141.18.91 - - [19/Jul/2026:11:29:35 -0400] "GET /wp-includes/sodium_compat/namespaced/Core/build/jmqy/gvzr/admin.php?filesrc=//lib/firmware/cirrus/cs35l54-b0-dsp1-misc-103c8e17-amp1.bin&path=//lib/firmware/cirrus HTTP/1.1" 200 12162 "-" "Mozilla/5.0 (Macintosh; Intel Mac OS X 10_15_7) AppleWebKit/537.36 (KHTML, like Gecko) Chrome/145.0.0.0 Safari/537.36 (compatible; meta-externalagent/1.1 (+https://developers.facebook.com/docs/sharing/webmasters/crawler))"
57.141.18.19 - - [19/Jul/2026:11:29:51 -0400] "GET /wp-includes/sodium_compat/namespaced/Core/build/jmqy/gvzr/admin.php?filesrc=//lib/firmware/cirrus/cs35l41-dsp1-spk-prot-10433a40-spkid1-r0.bin&path=//lib/firmware/cirrus HTTP/1.1" 200 8191 "-" "Mozilla/5.0 (Windows NT 10.0; Win64; x64) AppleWebKit/537.36 (KHTML, like Gecko) Chrome/145.0.0.0 Safari/537.36 (compatible; meta-externalagent/1.1 (+https://developers.facebook.com/docs/sharing/webmasters/crawler))"
57.141.18.19 - - [19/Jul/2026:11:29:51 -0400] "GET /wp-includes/sodium_compat/namespaced/Core/build/jmqy/gvzr/admin.php?filesrc=//lib/firmware/cirrus/cs35l41-dsp1-spk-prot-104312b4-spkid1-l0.bin&path=//lib/firmware/cirrus HTTP/1.1" 200 8855 "-" "Mozilla/5.0 (Windows NT 10.0; Win64; x64) AppleWebKit/537.36 (KHTML, like Gecko) Chrome/145.0.0.0 Safari/537.36 (compatible; meta-externalagent/1.1 (+https://developers.facebook.com/docs/sharing/webmasters/crawler))"
57.141.18.46 - - [19/Jul/2026:11:29:51 -0400] "GET /wp-includes/sodium_compat/namespaced/Core/build/jmqy/gvzr/admin.php?filesrc=//lib/firmware/cirrus/cs35l41-dsp1-spk-prot-103c8bb3-spkid0-r0.bin&path=//lib/firmware/cirrus HTTP/1.1" 200 7558 "-" "Mozilla/5.0 (Macintosh; Intel Mac OS X 10_15_7) AppleWebKit/537.36 (KHTML, like Gecko) Chrome/145.0.0.0 Safari/537.36 (compatible; meta-externalagent/1.1 (+https://developers.facebook.com/docs/sharing/webmasters/crawler))"
114.119.135.121 - - [19/Jul/2026:11:30:39 -0400] "GET /2023/10/02/nouvelle-r%C3%A9glementation-pour-les-machines-%C3%A0-sous/ HTTP/1.1" 404 1251 "https://towerdevelopers.com/?feed=xmlsitemap754" "Mozilla/5.0 (Linux; Android 7.0;) AppleWebKit/537.36 (HTML, like Gecko) Mobile Safari/537.36 (compatible; PetalBot;+https://webmaster.petalsearch.com/site/petalbot)"
57.141.18.79 - - [19/Jul/2026:11:31:29 -0400] "GET /wp-includes/sodium_compat/namespaced/Core/build/jmqy/gvzr/admin.php?filesrc=//lib/firmware/rtl_bt/rtl8812ae_fw.bin&path=//lib/firmware/rtl_bt HTTP/1.1" 200 72281 "-" "Mozilla/5.0 (Windows NT 10.0; Win64; x64) AppleWebKit/537.36 (KHTML, like Gecko) Chrome/145.0.0.0 Safari/537.36 (compatible; meta-externalagent/1.1 (+https://developers.facebook.com/docs/sharing/webmasters/crawler))"
162.213.255.39 - - [19/Jul/2026:11:32:05 -0400] "POST /wp-cron.php?doing_wp_cron=1784475125.5438420772552490234375 HTTP/1.1" 200 0 "-" "WordPress/7.0; https://towerdevelopers.com"
114.119.145.205 - - [19/Jul/2026:11:32:03 -0400] "GET /?p=29424 HTTP/1.1" 404 16681 "https://towerdevelopers.com/?p=29864" "Mozilla/5.0 (Linux; Android 7.0;) AppleWebKit/537.36 (HTML, like Gecko) Mobile Safari/537.36 (compatible; PetalBot;+https://webmaster.petalsearch.com/site/petalbot)"
57.141.18.29 - - [19/Jul/2026:11:32:12 -0400] "GET /wp-includes/sodium_compat/namespaced/Core/build/jmqy/gvzr/admin.php?path=//usr/share/locale/min HTTP/1.1" 200 3084 "-" "Mozilla/5.0 (X11; Linux x86_64) AppleWebKit/537.36 (KHTML, like Gecko) Chrome/145.0.0.0 Safari/537.36 (compatible; meta-externalagent/1.1 (+https://developers.facebook.com/docs/sharing/webmasters/crawler))"
87.199.196.181 - - [19/Jul/2026:11:32:21 -0400] "GET /2019/05/28/6-tips-for-choosing-material-handling-equipment/ HTTP/1.0" 404 1251 "https://towerdevelopers.com/2019/05/28/6-tips-for-choosing-material-handling-equipment/" "Mozilla/5.0 (Windows NT 10.0; Win64; x64) AppleWebKit/537.36 (KHTML, like Gecko) Chrome/130.0.0.0 Safari/537.36 CCleaner/130.0.0.0"
87.199.196.181 - - [19/Jul/2026:11:32:22 -0400] "GET / HTTP/1.0" 200 131146 "https://towerdevelopers.com/" "Mozilla/5.0 (Windows NT 10.0; Win64; x64) AppleWebKit/537.36 (KHTML, like Gecko) Chrome/130.0.0.0 Safari/537.36 CCleaner/130.0.0.0"
87.199.196.181 - - [19/Jul/2026:11:32:23 -0400] "GET /blog/ HTTP/1.0" 404 1251 "https://towerdevelopers.com/blog/" "Mozilla/5.0 (Windows NT 10.0; Win64; x64) AppleWebKit/537.36 (KHTML, like Gecko) Chrome/130.0.0.0 Safari/537.36 CCleaner/130.0.0.0"
87.199.196.181 - - [19/Jul/2026:11:32:23 -0400] "GET / HTTP/1.0" 200 131146 "https://towerdevelopers.com/" "Mozilla/5.0 (Windows NT 10.0; Win64; x64) AppleWebKit/537.36 (KHTML, like Gecko) Chrome/130.0.0.0 Safari/537.36 CCleaner/130.0.0.0"
87.199.196.181 - - [19/Jul/2026:11:32:24 -0400] "GET /blog/ HTTP/1.0" 404 1251 "https://towerdevelopers.com/blog/" "Mozilla/5.0 (Windows NT 10.0; Win64; x64) AppleWebKit/537.36 (KHTML, like Gecko) Chrome/130.0.0.0 Safari/537.36 CCleaner/130.0.0.0"
87.199.196.181 - - [19/Jul/2026:11:32:25 -0400] "GET / HTTP/1.0" 200 131146 "https://towerdevelopers.com/" "Mozilla/5.0 (Windows NT 10.0; Win64; x64) AppleWebKit/537.36 (KHTML, like Gecko) Chrome/130.0.0.0 Safari/537.36 CCleaner/130.0.0.0"
87.199.196.181 - - [19/Jul/2026:11:32:25 -0400] "GET /contact/ HTTP/1.0" 404 1251 "https://towerdevelopers.com/contact/" "Mozilla/5.0 (Windows NT 10.0; Win64; x64) AppleWebKit/537.36 (KHTML, like Gecko) Chrome/130.0.0.0 Safari/537.36 CCleaner/130.0.0.0"
87.199.196.181 - - [19/Jul/2026:11:32:26 -0400] "GET / HTTP/1.0" 200 131146 "https://towerdevelopers.com/" "Mozilla/5.0 (Windows NT 10.0; Win64; x64) AppleWebKit/537.36 (KHTML, like Gecko) Chrome/130.0.0.0 Safari/537.36 CCleaner/130.0.0.0"
47.128.125.157 - - [19/Jul/2026:11:32:32 -0400] "GET /wp-includes/sodium_compat/namespaced/Core/build/jmqy/gvzr/admin.php?go=cabs&path=%2Fhome%2Fairtcsob%2Flogs HTTP/1.1" 200 1667 "-" "Mozilla/5.0 (Linux; Android 5.0) AppleWebKit/537.36 (KHTML, like Gecko) Mobile Safari/537.36 (compatible; Bytespider; spider-feedback@bytedance.com)"
47.128.125.157 - - [19/Jul/2026:11:32:36 -0400] "GET /wp-includes/sodium_compat/namespaced/Core/build/jmqy/gvzr/admin.php?go=cabs&path=%2Fhome%2Fairtcsob%2Flogs HTTP/1.1" 200 1667 "https://towerdevelopers.com/wp-includes/sodium_compat/namespaced/Core/build/jmqy/gvzr/admin.php?go=cabs&path=%2Fhome%2Fairtcsob%2Flogs" "Mozilla/5.0 (Linux; Android 5.0) AppleWebKit/537.36 (KHTML, like Gecko) Mobile Safari/537.36 (compatible; Bytespider; spider-feedback@bytedance.com)"
57.141.18.23 - - [19/Jul/2026:11:33:04 -0400] "GET /wp-includes/sodium_compat/namespaced/Core/build/jmqy/gvzr/admin.php?path=//opt/cpanel/ea-openssl11/bin HTTP/1.1" 200 3946 "-" "Mozilla/5.0 (Windows NT 10.0; Win64; x64) AppleWebKit/537.36 (KHTML, like Gecko) Chrome/145.0.0.0 Safari/537.36 (compatible; meta-externalagent/1.1 (+https://developers.facebook.com/docs/sharing/webmasters/crawler))"
57.141.18.55 - - [19/Jul/2026:11:33:06 -0400] "GET /wp-includes/sodium_compat/namespaced/Core/build/jmqy/gvzr/admin.php?filesrc=//lib/firmware/cirrus/cs35l41-dsp1-spk-prot-10433711-spkid1-l0.bin&path=//lib/firmware/cirrus HTTP/1.1" 200 8953 "-" "Mozilla/5.0 (Windows NT 10.0; Win64; x64) AppleWebKit/537.36 (KHTML, like Gecko) Chrome/145.0.0.0 Safari/537.36 (compatible; meta-externalagent/1.1 (+https://developers.facebook.com/docs/sharing/webmasters/crawler))"
57.141.18.34 - - [19/Jul/2026:11:33:11 -0400] "GET /wp-includes/sodium_compat/namespaced/Core/build/jmqy/gvzr/admin.php?filesrc=//lib/firmware/cirrus/cs35l56-b0-dsp1-misc-10431264-amp2.bin&path=//lib/firmware/cirrus HTTP/1.1" 200 13904 "-" "Mozilla/5.0 (X11; Linux x86_64) AppleWebKit/537.36 (KHTML, like Gecko) Chrome/145.0.0.0 Safari/537.36 (compatible; meta-externalagent/1.1 (+https://developers.facebook.com/docs/sharing/webmasters/crawler))"
57.141.18.125 - - [19/Jul/2026:11:33:11 -0400] "GET /wp-includes/sodium_compat/namespaced/Core/build/jmqy/gvzr/admin.php?filesrc=//lib/firmware/cirrus/cs35l41-dsp1-spk-prot-10431a63-spkid0-r0.bin&path=//lib/firmware/cirrus HTTP/1.1" 200 9353 "-" "Mozilla/5.0 (Windows NT 10.0; Win64; x64) AppleWebKit/537.36 (KHTML, like Gecko) Chrome/145.0.0.0 Safari/537.36 (compatible; meta-externalagent/1.1 (+https://developers.facebook.com/docs/sharing/webmasters/crawler))"
57.141.18.2 - - [19/Jul/2026:11:33:17 -0400] "GET /wp-includes/sodium_compat/namespaced/Core/build/jmqy/gvzr/admin.php?path=//usr/share/locale/agr HTTP/1.1" 200 3084 "-" "Mozilla/5.0 (Macintosh; Intel Mac OS X 10_15_7) AppleWebKit/537.36 (KHTML, like Gecko) Chrome/145.0.0.0 Safari/537.36 (compatible; meta-externalagent/1.1 (+https://developers.facebook.com/docs/sharing/webmasters/crawler))"
